[INFO] fetching crate git_auto_sync 0.1.3...
[INFO] documenting git_auto_sync-0.1.3 against beta-2021-08-01 for beta-1.55-rustdoc-1
[INFO] extracting crate git_auto_sync 0.1.3 into /workspace/builds/worker-50/source
[INFO] validating manifest of crates.io crate git_auto_sync 0.1.3 on toolchain beta-2021-08-01
[INFO] running `Command { std: "/workspace/cargo-home/bin/cargo" "+beta-2021-08-01" "metadata" "--manifest-path" "Cargo.toml" "--no-deps", kill_on_drop: false }`
[INFO] started tweaking crates.io crate git_auto_sync 0.1.3
[INFO] finished tweaking crates.io crate git_auto_sync 0.1.3
[INFO] tweaked toml for crates.io crate git_auto_sync 0.1.3 written to /workspace/builds/worker-50/source/Cargo.toml
[INFO] running `Command { std: "/workspace/cargo-home/bin/cargo" "+beta-2021-08-01" "generate-lockfile" "--manifest-path" "Cargo.toml" "-Zno-index-update", kill_on_drop: false }`
[INFO] running `Command { std: "/workspace/cargo-home/bin/cargo" "+beta-2021-08-01" "fetch" "--manifest-path" "Cargo.toml", kill_on_drop: false }`
[INFO] [stderr]     Blocking waiting for file lock on package cache
[INFO] [stderr]  Downloading crates ...
[INFO] [stderr]   Downloaded terminfo v0.7.3
[INFO] [stderr]   Downloaded clearscreen v1.0.6
[INFO] [stderr]   Downloaded watchexec v1.17.1
[INFO] [stderr]   Downloaded command-group v1.0.4
[INFO] running `Command { std: "docker" "create" "-v" "/var/lib/crater-agent-workspace/builds/worker-50/target:/opt/rustwide/target:rw,Z" "-v" "/var/lib/crater-agent-workspace/builds/worker-50/source:/opt/rustwide/workdir:ro,Z" "-v" "/var/lib/crater-agent-workspace/cargo-home:/opt/rustwide/cargo-home:ro,Z" "-v" "/var/lib/crater-agent-workspace/rustup-home:/opt/rustwide/rustup-home:ro,Z" "-e" "SOURCE_DIR=/opt/rustwide/workdir" "-e" "CARGO_TARGET_DIR=/opt/rustwide/target" "-e" "CARGO_HOME=/opt/rustwide/cargo-home" "-e" "RUSTUP_HOME=/opt/rustwide/rustup-home" "-w" "/opt/rustwide/workdir" "-m" "1610612736" "--user" "0:0" "--network" "none" "ghcr.io/rust-lang/crates-build-env/linux@sha256:34b6a614d2c27851fe6cbf88fbd1137609cefab8b10d0615aaeb6fd47975d74e" "/opt/rustwide/cargo-home/bin/cargo" "+beta-2021-08-01" "metadata" "--no-deps" "--format-version=1", kill_on_drop: false }`
[INFO] [stdout] 532b949e9be1378348313ef814583ed7f05ec2ad76cf4ada413e2c0bfecc5ddb
[INFO] running `Command { std: "docker" "start" "-a" "532b949e9be1378348313ef814583ed7f05ec2ad76cf4ada413e2c0bfecc5ddb", kill_on_drop: false }`
[INFO] running `Command { std: "docker" "inspect" "532b949e9be1378348313ef814583ed7f05ec2ad76cf4ada413e2c0bfecc5ddb", kill_on_drop: false }`
[INFO] running `Command { std: "docker" "rm" "-f" "532b949e9be1378348313ef814583ed7f05ec2ad76cf4ada413e2c0bfecc5ddb", kill_on_drop: false }`
[INFO] [stdout] 532b949e9be1378348313ef814583ed7f05ec2ad76cf4ada413e2c0bfecc5ddb
[INFO] running `Command { std: "docker" "create" "-v" "/var/lib/crater-agent-workspace/builds/worker-50/target:/opt/rustwide/target:rw,Z" "-v" "/var/lib/crater-agent-workspace/builds/worker-50/source:/opt/rustwide/workdir:ro,Z" "-v" "/var/lib/crater-agent-workspace/cargo-home:/opt/rustwide/cargo-home:ro,Z" "-v" "/var/lib/crater-agent-workspace/rustup-home:/opt/rustwide/rustup-home:ro,Z" "-e" "SOURCE_DIR=/opt/rustwide/workdir" "-e" "CARGO_TARGET_DIR=/opt/rustwide/target" "-e" "CARGO_INCREMENTAL=0" "-e" "RUST_BACKTRACE=full" "-e" "RUSTDOCFLAGS=--cap-lints=warn" "-e" "CARGO_HOME=/opt/rustwide/cargo-home" "-e" "RUSTUP_HOME=/opt/rustwide/rustup-home" "-w" "/opt/rustwide/workdir" "-m" "1610612736" "--user" "0:0" "--network" "none" "ghcr.io/rust-lang/crates-build-env/linux@sha256:34b6a614d2c27851fe6cbf88fbd1137609cefab8b10d0615aaeb6fd47975d74e" "/opt/rustwide/cargo-home/bin/cargo" "+beta-2021-08-01" "doc" "--frozen" "--no-deps" "--document-private-items" "--message-format=json", kill_on_drop: false }`
[INFO] [stdout] 7ce199839a9b54021349a07595ef7d31f76022574c36cc3e658921e83160d351
[INFO] running `Command { std: "docker" "start" "-a" "7ce199839a9b54021349a07595ef7d31f76022574c36cc3e658921e83160d351", kill_on_drop: false }`
[INFO] [stderr]    Compiling libc v0.2.98
[INFO] [stderr]    Compiling getrandom v0.1.16
[INFO] [stderr]    Compiling syn v1.0.74
[INFO] [stderr]    Compiling memchr v2.4.0
[INFO] [stderr]    Compiling ppv-lite86 v0.2.10
[INFO] [stderr]    Compiling siphasher v0.3.6
[INFO] [stderr]    Compiling strsim v0.10.0
[INFO] [stderr]    Compiling fnv v1.0.7
[INFO] [stderr]    Compiling ident_case v1.0.1
[INFO] [stderr]     Checking regex-syntax v0.6.25
[INFO] [stderr]     Checking same-file v1.0.6
[INFO] [stderr]     Checking lazycell v1.3.0
[INFO] [stderr]     Checking glob v0.3.0
[INFO] [stderr]    Compiling nom v5.1.2
[INFO] [stderr]     Checking walkdir v2.3.2
[INFO] [stderr]     Checking phf_shared v0.8.0
[INFO] [stderr]     Checking phf v0.8.0
[INFO] [stderr]     Checking aho-corasick v0.7.18
[INFO] [stderr]     Checking bstr v0.2.16
[INFO] [stderr]     Checking regex v1.5.4
[INFO] [stderr]     Checking dirs-sys v0.3.6
[INFO] [stderr]     Checking iovec v0.1.4
[INFO] [stderr]     Checking net2 v0.2.37
[INFO] [stderr]     Checking nix v0.22.0
[INFO] [stderr]     Checking inotify-sys v0.1.5
[INFO] [stderr]     Checking which v4.2.2
[INFO] [stderr]     Checking filetime v0.2.14
[INFO] [stderr]     Checking atty v0.2.14
[INFO] [stderr]     Checking clap v2.33.3
[INFO] [stderr]    Compiling rand_core v0.5.1
[INFO] [stderr]     Checking dirs v2.0.2
[INFO] [stderr]     Checking mio v0.6.23
[INFO] [stderr]     Checking inotify v0.7.1
[INFO] [stderr]    Compiling rand_pcg v0.2.1
[INFO] [stderr]    Compiling rand_chacha v0.2.2
[INFO] [stderr]     Checking globset v0.4.6
[INFO] [stderr]    Compiling rand v0.7.3
[INFO] [stderr]     Checking mio-extras v2.0.6
[INFO] [stderr]     Checking notify v4.0.17
[INFO] [stderr]    Compiling darling_core v0.12.4
[INFO] [stderr]    Compiling phf_generator v0.8.0
[INFO] [stderr]    Compiling phf_codegen v0.8.0
[INFO] [stderr]    Compiling terminfo v0.7.3
[INFO] [stderr]     Checking command-group v1.0.4
[INFO] [stderr]    Compiling thiserror-impl v1.0.26
[INFO] [stderr]    Compiling darling_macro v0.12.4
[INFO] [stderr]     Checking thiserror v1.0.26
[INFO] [stderr]    Compiling darling v0.12.4
[INFO] [stderr]    Compiling derive_builder_core v0.10.2
[INFO] [stderr]     Checking clearscreen v1.0.6
[INFO] [stderr]    Compiling derive_builder_macro v0.10.2
[INFO] [stderr]     Checking derive_builder v0.10.2
[INFO] [stderr]     Checking watchexec v1.17.1
[INFO] [stderr]     Checking git_auto_sync v0.1.3 (/opt/rustwide/workdir)
[INFO] [stderr]  Documenting git_auto_sync v0.1.3 (/opt/rustwide/workdir)
[INFO] [stdout] error[E0432]: unresolved import `watchexec::cli`
[INFO] [stdout]  --> src/lib.rs:2:5
[INFO] [stdout]   |
[INFO] [stdout] 2 |     cli::Args,
[INFO] [stdout]   |     ^^^ could not find `cli` in `watchexec`
[INFO] [stdout] 
[INFO] [stdout] 
[INFO] [stdout] error[E0407]: method `new` is not a member of trait `Handler`
[INFO] [stdout]   --> src/lib.rs:16:5
[INFO] [stdout]    |
[INFO] [stdout] 16 | /     fn new(args: Args) -> Result<Self, Error> {
[INFO] [stdout] 17 | |         Ok(WatchHandler {
[INFO] [stdout] 18 | |             inner: ExecHandler::new(args.clone())?,
[INFO] [stdout] 19 | |         })
[INFO] [stdout] 20 | |     }
[INFO] [stdout]    | |_____^ not a member of trait `Handler`
[INFO] [stdout] 
[INFO] [stdout] 
[INFO] [stdout] error[E0053]: method `on_update` has an incompatible type for trait
[INFO] [stdout]   --> src/lib.rs:22:18
[INFO] [stdout]    |
[INFO] [stdout] 22 |     fn on_update(&mut self, ops: &[PathOp]) -> Result<bool, Error> {
[INFO] [stdout]    |                  ^^^^^^^^^
[INFO] [stdout]    |                  |
[INFO] [stdout]    |                  types differ in mutability
[INFO] [stdout]    |                  help: change the self-receiver type to match the trait: `self: &WatchHandler`
[INFO] [stdout]    |
[INFO] [stdout]    = note: expected fn pointer `fn(&WatchHandler, &[PathOp]) -> Result<_, _>`
[INFO] [stdout]               found fn pointer `fn(&mut WatchHandler, &[PathOp]) -> Result<_, _>`
[INFO] [stdout] 
[INFO] [stdout] 
[INFO] [stdout] error[E0053]: method `on_manual` has an incompatible type for trait
[INFO] [stdout]   --> src/lib.rs:30:18
[INFO] [stdout]    |
[INFO] [stdout] 30 |     fn on_manual(&mut self) -> Result<bool, Error> {
[INFO] [stdout]    |                  ^^^^^^^^^
[INFO] [stdout]    |                  |
[INFO] [stdout]    |                  types differ in mutability
[INFO] [stdout]    |                  help: change the self-receiver type to match the trait: `self: &WatchHandler`
[INFO] [stdout]    |
[INFO] [stdout]    = note: expected fn pointer `fn(&WatchHandler) -> Result<_, _>`
[INFO] [stdout]               found fn pointer `fn(&mut WatchHandler) -> Result<_, _>`
[INFO] [stdout] 
[INFO] [stdout] 
[INFO] [stdout] error[E0046]: not all trait items implemented, missing: `args`
[INFO] [stdout]   --> src/lib.rs:15:1
[INFO] [stdout]    |
[INFO] [stdout] 15 | impl Handler for WatchHandler {
[INFO] [stdout]    | ^^^^^^^^^^^^^^^^^^^^^^^^^^^^^ missing `args` in implementation
[INFO] [stdout]    |
[INFO] [stdout]    = help: implement the missing item: `fn args(&self) -> Config { todo!() }`
[INFO] [stdout] 
[INFO] [stdout] 
[INFO] [stdout] error: aborting due to 5 previous errors
[INFO] [stdout] 
[INFO] [stdout] 
[INFO] [stdout] Some errors have detailed explanations: E0046, E0053, E0407, E0432.
[INFO] [stdout] 
[INFO] [stdout] For more information about an error, try `rustc --explain E0046`.
[INFO] [stdout] 
[INFO] [stderr] error: could not compile `git_auto_sync` due to 6 previous errors
[INFO] [stderr] warning: build failed, waiting for other jobs to finish...
[INFO] [stdout] error[E0432]: unresolved import `watchexec::cli`
[INFO] [stdout]  --> src/lib.rs:2:5
[INFO] [stdout]   |
[INFO] [stdout] 2 |     cli::Args,
[INFO] [stdout]   |     ^^^ could not find `cli` in `watchexec`
[INFO] [stdout] 
[INFO] [stdout] 
[INFO] [stdout] error[E0407]: method `new` is not a member of trait `Handler`
[INFO] [stdout]   --> src/lib.rs:16:5
[INFO] [stdout]    |
[INFO] [stdout] 16 | /     fn new(args: Args) -> Result<Self, Error> {
[INFO] [stdout] 17 | |         Ok(WatchHandler {
[INFO] [stdout] 18 | |             inner: ExecHandler::new(args.clone())?,
[INFO] [stdout] 19 | |         })
[INFO] [stdout] 20 | |     }
[INFO] [stdout]    | |_____^ not a member of trait `Handler`
[INFO] [stdout] 
[INFO] [stdout] 
[INFO] [stdout] error: Compilation failed, aborting rustdoc
[INFO] [stdout] 
[INFO] [stdout] 
[INFO] [stdout] error: aborting due to 3 previous errors
[INFO] [stdout] 
[INFO] [stdout] 
[INFO] [stdout] Some errors have detailed explanations: E0407, E0432.
[INFO] [stdout] 
[INFO] [stdout] For more information about an error, try `rustc --explain E0407`.
[INFO] [stdout] 
[INFO] [stderr] error: build failed
[INFO] running `Command { std: "docker" "inspect" "7ce199839a9b54021349a07595ef7d31f76022574c36cc3e658921e83160d351", kill_on_drop: false }`
[INFO] running `Command { std: "docker" "rm" "-f" "7ce199839a9b54021349a07595ef7d31f76022574c36cc3e658921e83160d351", kill_on_drop: false }`
[INFO] [stdout] 7ce199839a9b54021349a07595ef7d31f76022574c36cc3e658921e83160d351
