[INFO] fetching crate gfx-backend-metal 0.9.1...
[INFO] documenting gfx-backend-metal-0.9.1 against 1.54.0 for beta-1.55-rustdoc-1
[INFO] extracting crate gfx-backend-metal 0.9.1 into /workspace/builds/worker-63/source
[INFO] validating manifest of crates.io crate gfx-backend-metal 0.9.1 on toolchain 1.54.0
[INFO] running `Command { std: "/workspace/cargo-home/bin/cargo" "+1.54.0" "metadata" "--manifest-path" "Cargo.toml" "--no-deps", kill_on_drop: false }`
[INFO] started tweaking crates.io crate gfx-backend-metal 0.9.1
[INFO] finished tweaking crates.io crate gfx-backend-metal 0.9.1
[INFO] tweaked toml for crates.io crate gfx-backend-metal 0.9.1 written to /workspace/builds/worker-63/source/Cargo.toml
[INFO] running `Command { std: "/workspace/cargo-home/bin/cargo" "+1.54.0" "generate-lockfile" "--manifest-path" "Cargo.toml" "-Zno-index-update", kill_on_drop: false }`
[INFO] [stderr]     Blocking waiting for file lock on package cache
[INFO] running `Command { std: "/workspace/cargo-home/bin/cargo" "+1.54.0" "fetch" "--manifest-path" "Cargo.toml", kill_on_drop: false }`
[INFO] [stderr]     Blocking waiting for file lock on package cache
[INFO] [stderr]     Blocking waiting for file lock on package cache
[INFO] running `Command { std: "docker" "create" "-v" "/var/lib/crater-agent-workspace/builds/worker-63/target:/opt/rustwide/target:rw,Z" "-v" "/var/lib/crater-agent-workspace/builds/worker-63/source:/opt/rustwide/workdir:ro,Z" "-v" "/var/lib/crater-agent-workspace/cargo-home:/opt/rustwide/cargo-home:ro,Z" "-v" "/var/lib/crater-agent-workspace/rustup-home:/opt/rustwide/rustup-home:ro,Z" "-e" "SOURCE_DIR=/opt/rustwide/workdir" "-e" "CARGO_TARGET_DIR=/opt/rustwide/target" "-e" "CARGO_HOME=/opt/rustwide/cargo-home" "-e" "RUSTUP_HOME=/opt/rustwide/rustup-home" "-w" "/opt/rustwide/workdir" "-m" "1610612736" "--user" "0:0" "--network" "none" "ghcr.io/rust-lang/crates-build-env/linux@sha256:34b6a614d2c27851fe6cbf88fbd1137609cefab8b10d0615aaeb6fd47975d74e" "/opt/rustwide/cargo-home/bin/cargo" "+1.54.0" "metadata" "--no-deps" "--format-version=1", kill_on_drop: false }`
[INFO] [stdout] 79080681358ff13757beaed6e4f24737ad9c09b445bd1d279aa65aaa9c759405
[INFO] running `Command { std: "docker" "start" "-a" "79080681358ff13757beaed6e4f24737ad9c09b445bd1d279aa65aaa9c759405", kill_on_drop: false }`
[INFO] running `Command { std: "docker" "inspect" "79080681358ff13757beaed6e4f24737ad9c09b445bd1d279aa65aaa9c759405", kill_on_drop: false }`
[INFO] running `Command { std: "docker" "rm" "-f" "79080681358ff13757beaed6e4f24737ad9c09b445bd1d279aa65aaa9c759405", kill_on_drop: false }`
[INFO] [stdout] 79080681358ff13757beaed6e4f24737ad9c09b445bd1d279aa65aaa9c759405
[INFO] running `Command { std: "docker" "create" "-v" "/var/lib/crater-agent-workspace/builds/worker-63/target:/opt/rustwide/target:rw,Z" "-v" "/var/lib/crater-agent-workspace/builds/worker-63/source:/opt/rustwide/workdir:ro,Z" "-v" "/var/lib/crater-agent-workspace/cargo-home:/opt/rustwide/cargo-home:ro,Z" "-v" "/var/lib/crater-agent-workspace/rustup-home:/opt/rustwide/rustup-home:ro,Z" "-e" "SOURCE_DIR=/opt/rustwide/workdir" "-e" "CARGO_TARGET_DIR=/opt/rustwide/target" "-e" "CARGO_INCREMENTAL=0" "-e" "RUST_BACKTRACE=full" "-e" "RUSTDOCFLAGS=--cap-lints=warn" "-e" "CARGO_HOME=/opt/rustwide/cargo-home" "-e" "RUSTUP_HOME=/opt/rustwide/rustup-home" "-w" "/opt/rustwide/workdir" "-m" "1610612736" "--user" "0:0" "--network" "none" "ghcr.io/rust-lang/crates-build-env/linux@sha256:34b6a614d2c27851fe6cbf88fbd1137609cefab8b10d0615aaeb6fd47975d74e" "/opt/rustwide/cargo-home/bin/cargo" "+1.54.0" "doc" "--frozen" "--no-deps" "--document-private-items" "--message-format=json", kill_on_drop: false }`
[INFO] [stdout] 539433febac595e6b4814699b1ed9b7b311591ab5932dff006a53942c2454722
[INFO] running `Command { std: "docker" "start" "-a" "539433febac595e6b4814699b1ed9b7b311591ab5932dff006a53942c2454722", kill_on_drop: false }`
[INFO] [stderr]    Compiling serde_derive v1.0.127
[INFO] [stderr]    Compiling core-foundation-sys v0.8.2
[INFO] [stderr]    Compiling cc v1.0.69
[INFO] [stderr]    Compiling serde v1.0.127
[INFO] [stderr]     Checking hashbrown v0.11.2
[INFO] [stderr]    Compiling log v0.4.14
[INFO] [stderr]    Compiling drm-fourcc v2.1.1
[INFO] [stderr]     Checking fixedbitset v0.2.0
[INFO] [stderr]     Checking foreign-types-shared v0.1.1
[INFO] [stderr]     Checking byteorder v1.4.3
[INFO] [stderr]     Checking scopeguard v1.1.0
[INFO] [stderr]     Checking bit-vec v0.6.3
[INFO] [stderr]     Checking smallvec v1.6.1
[INFO] [stderr]     Checking block v0.1.6
[INFO] [stderr]     Checking profiling v1.0.3
[INFO] [stderr]     Checking arrayvec v0.5.2
[INFO] [stderr]     Checking range-alloc v0.1.2
[INFO] [stderr]     Checking copyless v0.1.5
[INFO] [stderr]    Compiling indexmap v1.7.0
[INFO] [stderr]    Compiling num-traits v0.2.14
[INFO] [stderr]     Checking instant v0.1.10
[INFO] [stderr]     Checking malloc_buf v0.0.6
[INFO] [stderr]     Checking raw-window-handle v0.3.3
[INFO] [stderr]    Compiling thiserror-impl v1.0.26
[INFO] [stderr]     Checking lock_api v0.4.4
[INFO] [stderr]     Checking parking_lot_core v0.8.3
[INFO] [stderr]     Checking foreign-types v0.3.2
[INFO] [stderr]     Checking bit-set v0.5.2
[INFO] [stderr]     Checking fxhash v0.2.1
[INFO] [stderr]    Compiling objc_exception v0.1.2
[INFO] [stderr]     Checking thiserror v1.0.26
[INFO] [stderr]     Checking core-foundation v0.9.1
[INFO] [stderr]     Checking core-graphics-types v0.1.1
[INFO] [stderr] The following warnings were emitted during compilation:
[INFO] [stderr] 
[INFO] [stderr] warning: cc: fatal error: cannot execute 'cc1obj': execvp: No such file or directory
[INFO] [stderr] warning: compilation terminated.
[INFO] [stderr] 
[INFO] [stderr] error: failed to run custom build command for `objc_exception v0.1.2`
[INFO] [stderr] 
[INFO] [stderr] Caused by:
[INFO] [stderr]   process didn't exit successfully: `/opt/rustwide/target/debug/build/objc_exception-cf41c77e5de04253/build-script-build` (exit status: 1)
[INFO] [stderr]   --- stdout
[INFO] [stderr]   TARGET = Some("x86_64-unknown-linux-gnu")
[INFO] [stderr]   OPT_LEVEL = Some("0")
[INFO] [stderr]   HOST = Some("x86_64-unknown-linux-gnu")
[INFO] [stderr]   CC_x86_64-unknown-linux-gnu = None
[INFO] [stderr]   CC_x86_64_unknown_linux_gnu = None
[INFO] [stderr]   HOST_CC = None
[INFO] [stderr]   CC = None
[INFO] [stderr]   CFLAGS_x86_64-unknown-linux-gnu = None
[INFO] [stderr]   CFLAGS_x86_64_unknown_linux_gnu = None
[INFO] [stderr]   HOST_CFLAGS = None
[INFO] [stderr]   CFLAGS = None
[INFO] [stderr]   CRATE_CC_NO_DEFAULTS = None
[INFO] [stderr]   DEBUG = Some("true")
[INFO] [stderr]   CARGO_CFG_TARGET_FEATURE = Some("fxsr,sse,sse2")
[INFO] [stderr]   running: "cc" "-O0" "-ffunction-sections" "-fdata-sections" "-fPIC" "-g" "-fno-omit-frame-pointer" "-m64" "-Wall" "-Wextra" "-o" "/opt/rustwide/target/debug/build/objc_exception-362288071dbd1b1a/out/extern/exception.o" "-c" "extern/exception.m"
[INFO] [stderr]   cargo:warning=cc: fatal error: cannot execute 'cc1obj': execvp: No such file or directory
[INFO] [stderr]   cargo:warning=compilation terminated.
[INFO] [stderr]   exit status: 1
[INFO] [stderr] 
[INFO] [stderr]   --- stderr
[INFO] [stderr] 
[INFO] [stderr] 
[INFO] [stderr]   error occurred: Command "cc" "-O0" "-ffunction-sections" "-fdata-sections" "-fPIC" "-g" "-fno-omit-frame-pointer" "-m64" "-Wall" "-Wextra" "-o" "/opt/rustwide/target/debug/build/objc_exception-362288071dbd1b1a/out/extern/exception.o" "-c" "extern/exception.m" with args "cc" did not execute successfully (status code exit status: 1).
[INFO] [stderr] 
[INFO] [stderr] 
[INFO] [stderr] warning: build failed, waiting for other jobs to finish...
[INFO] [stdout] error[E0455]: native frameworks are only available on macOS targets
[INFO] [stdout]    --> /opt/rustwide/cargo-home/registry/src/github.com-1ecc6299db9ec823/core-graphics-types-0.1.1/src/geometry.rs:180:5
[INFO] [stdout]     |
[INFO] [stdout] 180 |     #[link(name = "CoreGraphics", kind = "framework")]
[INFO] [stdout]     |     ^^^^^^^^^^^^^^^^^^^^^^^^^^^^^^^^^^^^^^^^^^^^^^^^^^
[INFO] [stdout] 
[INFO] [stdout] 
[INFO] [stdout] error: aborting due to previous error
[INFO] [stdout] 
[INFO] [stdout] 
[INFO] [stdout] For more information about this error, try `rustc --explain E0455`.
[INFO] [stdout] 
[INFO] [stderr] error: build failed
[INFO] running `Command { std: "docker" "inspect" "539433febac595e6b4814699b1ed9b7b311591ab5932dff006a53942c2454722", kill_on_drop: false }`
[INFO] running `Command { std: "docker" "rm" "-f" "539433febac595e6b4814699b1ed9b7b311591ab5932dff006a53942c2454722", kill_on_drop: false }`
[INFO] [stdout] 539433febac595e6b4814699b1ed9b7b311591ab5932dff006a53942c2454722
