[INFO] fetching crate gfx-backend-dx11 0.9.0...
[INFO] documenting gfx-backend-dx11-0.9.0 against beta-2021-08-01 for beta-1.55-rustdoc-1
[INFO] extracting crate gfx-backend-dx11 0.9.0 into /workspace/builds/worker-78/source
[INFO] validating manifest of crates.io crate gfx-backend-dx11 0.9.0 on toolchain beta-2021-08-01
[INFO] running `Command { std: "/workspace/cargo-home/bin/cargo" "+beta-2021-08-01" "metadata" "--manifest-path" "Cargo.toml" "--no-deps", kill_on_drop: false }`
[INFO] started tweaking crates.io crate gfx-backend-dx11 0.9.0
[INFO] finished tweaking crates.io crate gfx-backend-dx11 0.9.0
[INFO] tweaked toml for crates.io crate gfx-backend-dx11 0.9.0 written to /workspace/builds/worker-78/source/Cargo.toml
[INFO] running `Command { std: "/workspace/cargo-home/bin/cargo" "+beta-2021-08-01" "generate-lockfile" "--manifest-path" "Cargo.toml" "-Zno-index-update", kill_on_drop: false }`
[INFO] running `Command { std: "/workspace/cargo-home/bin/cargo" "+beta-2021-08-01" "fetch" "--manifest-path" "Cargo.toml", kill_on_drop: false }`
[INFO] running `Command { std: "docker" "create" "-v" "/var/lib/crater-agent-workspace/builds/worker-78/target:/opt/rustwide/target:rw,Z" "-v" "/var/lib/crater-agent-workspace/builds/worker-78/source:/opt/rustwide/workdir:ro,Z" "-v" "/var/lib/crater-agent-workspace/cargo-home:/opt/rustwide/cargo-home:ro,Z" "-v" "/var/lib/crater-agent-workspace/rustup-home:/opt/rustwide/rustup-home:ro,Z" "-e" "SOURCE_DIR=/opt/rustwide/workdir" "-e" "CARGO_TARGET_DIR=/opt/rustwide/target" "-e" "CARGO_HOME=/opt/rustwide/cargo-home" "-e" "RUSTUP_HOME=/opt/rustwide/rustup-home" "-w" "/opt/rustwide/workdir" "-m" "1610612736" "--user" "0:0" "--network" "none" "ghcr.io/rust-lang/crates-build-env/linux@sha256:34b6a614d2c27851fe6cbf88fbd1137609cefab8b10d0615aaeb6fd47975d74e" "/opt/rustwide/cargo-home/bin/cargo" "+beta-2021-08-01" "metadata" "--no-deps" "--format-version=1", kill_on_drop: false }`
[INFO] [stdout] 7af9bb93fd59c062961d98003252652717b91482d3a695c766928977b79f5519
[INFO] running `Command { std: "docker" "start" "-a" "7af9bb93fd59c062961d98003252652717b91482d3a695c766928977b79f5519", kill_on_drop: false }`
[INFO] running `Command { std: "docker" "inspect" "7af9bb93fd59c062961d98003252652717b91482d3a695c766928977b79f5519", kill_on_drop: false }`
[INFO] running `Command { std: "docker" "rm" "-f" "7af9bb93fd59c062961d98003252652717b91482d3a695c766928977b79f5519", kill_on_drop: false }`
[INFO] [stdout] 7af9bb93fd59c062961d98003252652717b91482d3a695c766928977b79f5519
[INFO] running `Command { std: "docker" "create" "-v" "/var/lib/crater-agent-workspace/builds/worker-78/target:/opt/rustwide/target:rw,Z" "-v" "/var/lib/crater-agent-workspace/builds/worker-78/source:/opt/rustwide/workdir:ro,Z" "-v" "/var/lib/crater-agent-workspace/cargo-home:/opt/rustwide/cargo-home:ro,Z" "-v" "/var/lib/crater-agent-workspace/rustup-home:/opt/rustwide/rustup-home:ro,Z" "-e" "SOURCE_DIR=/opt/rustwide/workdir" "-e" "CARGO_TARGET_DIR=/opt/rustwide/target" "-e" "CARGO_INCREMENTAL=0" "-e" "RUST_BACKTRACE=full" "-e" "RUSTDOCFLAGS=--cap-lints=warn" "-e" "CARGO_HOME=/opt/rustwide/cargo-home" "-e" "RUSTUP_HOME=/opt/rustwide/rustup-home" "-w" "/opt/rustwide/workdir" "-m" "1610612736" "--user" "0:0" "--network" "none" "ghcr.io/rust-lang/crates-build-env/linux@sha256:34b6a614d2c27851fe6cbf88fbd1137609cefab8b10d0615aaeb6fd47975d74e" "/opt/rustwide/cargo-home/bin/cargo" "+beta-2021-08-01" "doc" "--frozen" "--no-deps" "--document-private-items" "--message-format=json", kill_on_drop: false }`
[INFO] [stdout] c6812600d3d295e0e5f4c081af990f222b9911134401a379e944938d423863b4
[INFO] running `Command { std: "docker" "start" "-a" "c6812600d3d295e0e5f4c081af990f222b9911134401a379e944938d423863b4", kill_on_drop: false }`
[INFO] [stderr]    Compiling syn v1.0.74
[INFO] [stderr]    Compiling serde v1.0.127
[INFO] [stderr]    Compiling drm-fourcc v2.1.1
[INFO] [stderr]     Checking bit-vec v0.6.3
[INFO] [stderr]    Compiling winapi v0.3.9
[INFO] [stderr]     Checking renderdoc-sys v0.7.1
[INFO] [stderr]     Checking arrayvec v0.5.2
[INFO] [stderr]     Checking range-alloc v0.1.2
[INFO] [stderr]     Checking thunderdome v0.4.1
[INFO] [stderr]    Compiling libc v0.2.98
[INFO] [stderr]    Compiling num-traits v0.2.14
[INFO] [stderr]     Checking fxhash v0.2.1
[INFO] [stderr]     Checking lock_api v0.4.4
[INFO] [stderr]     Checking raw-window-handle v0.3.3
[INFO] [stderr]     Checking parking_lot_core v0.8.3
[INFO] [stderr]     Checking bit-set v0.5.2
[INFO] [stderr]     Checking gfx-renderdoc v0.1.0
[INFO] [stderr]    Compiling jobserver v0.1.23
[INFO] [stderr]     Checking parking_lot v0.11.1
[INFO] [stderr]    Compiling cc v1.0.69
[INFO] [stderr]    Compiling spirv_cross v0.23.1
[INFO] [stderr]     Checking wio v0.2.2
[INFO] [stderr]    Compiling serde_derive v1.0.127
[INFO] [stderr]    Compiling thiserror-impl v1.0.26
[INFO] [stderr]     Checking thiserror v1.0.26
[INFO] [stderr]     Checking naga v0.5.0
[INFO] [stderr]     Checking external-memory v0.0.1
[INFO] [stderr]     Checking gfx-hal v0.9.0
[INFO] [stderr]     Checking gfx-auxil v0.10.0
[INFO] [stderr]  Documenting gfx-backend-dx11 v0.9.0 (/opt/rustwide/workdir)
[INFO] [stdout] error[E0433]: failed to resolve: could not find `shared` in `winapi`
[INFO] [stdout]   --> src/lib.rs:35:5
[INFO] [stdout]    |
[INFO] [stdout] 35 |     shared::{
[INFO] [stdout]    |     ^^^^^^ could not find `shared` in `winapi`
[INFO] [stdout] 
[INFO] [stdout] 
[INFO] [stdout] error[E0433]: failed to resolve: could not find `um` in `winapi`
[INFO] [stdout]   --> src/lib.rs:42:5
[INFO] [stdout]    |
[INFO] [stdout] 42 |     um::{d3d11, d3d11_1, d3dcommon, winuser::GetClientRect},
[INFO] [stdout]    |     ^^ could not find `um` in `winapi`
[INFO] [stdout] 
[INFO] [stdout] 
[INFO] [stdout] error[E0432]: unresolved imports `winapi::shared`, `winapi::um`, `winapi::Interface`
[INFO] [stdout]   --> src/lib.rs:35:5
[INFO] [stdout]    |
[INFO] [stdout] 35 |     shared::{
[INFO] [stdout]    |     ^^^^^^ could not find `shared` in `winapi`
[INFO] [stdout] ...
[INFO] [stdout] 42 |     um::{d3d11, d3d11_1, d3dcommon, winuser::GetClientRect},
[INFO] [stdout]    |     ^^ could not find `um` in `winapi`
[INFO] [stdout] 43 |     Interface as _,
[INFO] [stdout]    |     ^^^^^^^^^^^^^^ no `Interface` in the root
[INFO] [stdout] 
[INFO] [stdout] 
[INFO] [stdout] error[E0433]: failed to resolve: could not find `shared` in `winapi`
[INFO] [stdout]   --> src/conv.rs:16:5
[INFO] [stdout]    |
[INFO] [stdout] 16 |     shared::{
[INFO] [stdout]    |     ^^^^^^ could not find `shared` in `winapi`
[INFO] [stdout] 
[INFO] [stdout] 
[INFO] [stdout] error[E0433]: failed to resolve: could not find `um` in `winapi`
[INFO] [stdout]   --> src/conv.rs:20:5
[INFO] [stdout]    |
[INFO] [stdout] 20 |     um::{d3d11::*, d3dcommon::*},
[INFO] [stdout]    |     ^^ could not find `um` in `winapi`
[INFO] [stdout] 
[INFO] [stdout] 
[INFO] [stdout] error[E0432]: unresolved import `wio::com`
[INFO] [stdout]   --> src/lib.rs:46:10
[INFO] [stdout]    |
[INFO] [stdout] 46 | use wio::com::ComPtr;
[INFO] [stdout]    |          ^^^ could not find `com` in `wio`
[INFO] [stdout] 
[INFO] [stdout] 
[INFO] [stdout] error[E0432]: unresolved import `winapi::um`
[INFO] [stdout]  --> src/debug.rs:1:13
[INFO] [stdout]   |
[INFO] [stdout] 1 | use winapi::um::{d3d11, d3d11_1, d3dcommon};
[INFO] [stdout]   |             ^^ could not find `um` in `winapi`
[INFO] [stdout] 
[INFO] [stdout] 
[INFO] [stdout] error[E0432]: unresolved imports `wio::com`, `wio::wide`
[INFO] [stdout]  --> src/debug.rs:3:11
[INFO] [stdout]   |
[INFO] [stdout] 3 | use wio::{com::ComPtr, wide::ToWide};
[INFO] [stdout]   |           ^^^          ^^^^ could not find `wide` in `wio`
[INFO] [stdout]   |           |
[INFO] [stdout]   |           could not find `com` in `wio`
[INFO] [stdout] 
[INFO] [stdout] 
[INFO] [stdout] error[E0433]: failed to resolve: could not find `shared` in `winapi`
[INFO] [stdout]  --> src/device.rs:8:5
[INFO] [stdout]   |
[INFO] [stdout] 8 |     shared::{dxgi, dxgiformat, dxgitype, minwindef::TRUE, windef::HWND, winerror},
[INFO] [stdout]   |     ^^^^^^ could not find `shared` in `winapi`
[INFO] [stdout] 
[INFO] [stdout] 
[INFO] [stdout] error[E0432]: unresolved imports `winapi::shared`, `winapi::um`
[INFO] [stdout]  --> src/device.rs:8:5
[INFO] [stdout]   |
[INFO] [stdout] 8 |     shared::{dxgi, dxgiformat, dxgitype, minwindef::TRUE, windef::HWND, winerror},
[INFO] [stdout]   |     ^^^^^^ could not find `shared` in `winapi`
[INFO] [stdout] 9 |     um::{d3d11, d3d11_1, d3d11sdklayers, d3dcommon},
[INFO] [stdout]   |     ^^ could not find `um` in `winapi`
[INFO] [stdout] 
[INFO] [stdout] 
[INFO] [stdout] error[E0432]: unresolved import `wio::com`
[INFO] [stdout]   --> src/device.rs:12:10
[INFO] [stdout]    |
[INFO] [stdout] 12 | use wio::com::ComPtr;
[INFO] [stdout]    |          ^^^ could not find `com` in `wio`
[INFO] [stdout] 
[INFO] [stdout] 
[INFO] [stdout] error[E0433]: failed to resolve: could not find `shared` in `winapi`
[INFO] [stdout]  --> src/dxgi.rs:4:5
[INFO] [stdout]   |
[INFO] [stdout] 4 |     shared::{
[INFO] [stdout]   |     ^^^^^^ could not find `shared` in `winapi`
[INFO] [stdout] 
[INFO] [stdout] 
[INFO] [stdout] error[E0433]: failed to resolve: could not find `um` in `winapi`
[INFO] [stdout]  --> src/dxgi.rs:9:5
[INFO] [stdout]   |
[INFO] [stdout] 9 |     um::{d3d11, unknwnbase::IUnknown},
[INFO] [stdout]   |     ^^ could not find `um` in `winapi`
[INFO] [stdout] 
[INFO] [stdout] 
[INFO] [stdout] error[E0432]: unresolved imports `winapi::shared`, `winapi::um`, `winapi::Interface`
[INFO] [stdout]   --> src/dxgi.rs:4:5
[INFO] [stdout]    |
[INFO] [stdout] 4  |     shared::{
[INFO] [stdout]    |     ^^^^^^ could not find `shared` in `winapi`
[INFO] [stdout] ...
[INFO] [stdout] 9  |     um::{d3d11, unknwnbase::IUnknown},
[INFO] [stdout]    |     ^^ could not find `um` in `winapi`
[INFO] [stdout] 10 |     Interface,
[INFO] [stdout]    |     ^^^^^^^^^ no `Interface` in the root
[INFO] [stdout] 
[INFO] [stdout] 
[INFO] [stdout] error[E0433]: failed to resolve: could not find `windows` in `os`
[INFO] [stdout]   --> src/dxgi.rs:15:35
[INFO] [stdout]    |
[INFO] [stdout] 15 | use std::{ffi::OsString, mem, os::windows::ffi::OsStringExt, ptr};
[INFO] [stdout]    |                                   ^^^^^^^ could not find `windows` in `os`
[INFO] [stdout] 
[INFO] [stdout] 
[INFO] [stdout] error[E0433]: failed to resolve: could not find `shared` in `winapi`
[INFO] [stdout]  --> src/internal.rs:5:5
[INFO] [stdout]   |
[INFO] [stdout] 5 |     shared::minwindef::UINT,
[INFO] [stdout]   |     ^^^^^^ could not find `shared` in `winapi`
[INFO] [stdout] 
[INFO] [stdout] 
[INFO] [stdout] error[E0432]: unresolved import `wio::com`
[INFO] [stdout]   --> src/dxgi.rs:13:10
[INFO] [stdout]    |
[INFO] [stdout] 13 | use wio::com::ComPtr;
[INFO] [stdout]    |          ^^^ could not find `com` in `wio`
[INFO] [stdout] 
[INFO] [stdout] 
[INFO] [stdout] error[E0433]: failed to resolve: could not find `shared` in `winapi`
[INFO] [stdout]  --> src/internal.rs:6:5
[INFO] [stdout]   |
[INFO] [stdout] 6 |     shared::{
[INFO] [stdout]   |     ^^^^^^ could not find `shared` in `winapi`
[INFO] [stdout] 
[INFO] [stdout] 
[INFO] [stdout] error[E0432]: unresolved imports `winapi::shared`, `winapi::um`
[INFO] [stdout]   --> src/internal.rs:6:5
[INFO] [stdout]    |
[INFO] [stdout] 6  |     shared::{
[INFO] [stdout]    |     ^^^^^^ could not find `shared` in `winapi`
[INFO] [stdout] ...
[INFO] [stdout] 11 |     um::{d3d11, d3dcommon},
[INFO] [stdout]    |     ^^ could not find `um` in `winapi`
[INFO] [stdout] 
[INFO] [stdout] 
[INFO] [stdout] error[E0432]: unresolved import `wio::com`
[INFO] [stdout]   --> src/internal.rs:14:10
[INFO] [stdout]    |
[INFO] [stdout] 14 | use wio::com::ComPtr;
[INFO] [stdout]    |          ^^^ could not find `com` in `wio`
[INFO] [stdout] 
[INFO] [stdout] 
[INFO] [stdout] error[E0432]: unresolved imports `winapi::shared`, `winapi::um`
[INFO] [stdout]  --> src/shader.rs:6:5
[INFO] [stdout]   |
[INFO] [stdout] 6 |     shared::winerror,
[INFO] [stdout]   |     ^^^^^^ could not find `shared` in `winapi`
[INFO] [stdout] 7 |     um::{d3d11, d3dcommon, d3dcompiler},
[INFO] [stdout]   |     ^^ could not find `um` in `winapi`
[INFO] [stdout] 
[INFO] [stdout] 
[INFO] [stdout] error[E0432]: unresolved import `wio::com`
[INFO] [stdout]  --> src/shader.rs:9:10
[INFO] [stdout]   |
[INFO] [stdout] 9 | use wio::com::ComPtr;
[INFO] [stdout]   |          ^^^ could not find `com` in `wio`
[INFO] [stdout] 
[INFO] [stdout] 
[INFO] [stdout] error[E0433]: failed to resolve: could not find `ctypes` in `winapi`
[INFO] [stdout]   --> src/dxgi.rs:73:57
[INFO] [stdout]    |
[INFO] [stdout] 73 |     unsafe extern "system" fn(REFIID, *mut *mut winapi::ctypes::c_void) -> winerror::HRESULT;
[INFO] [stdout]    |                                                         ^^^^^^ could not find `ctypes` in `winapi`
[INFO] [stdout] 
[INFO] [stdout] 
[INFO] [stdout] error[E0412]: cannot find type `DXGI_FORMAT` in this scope
[INFO] [stdout]   --> src/conv.rs:25:41
[INFO] [stdout]    |
[INFO] [stdout] 25 | pub fn map_index_type(ty: IndexType) -> DXGI_FORMAT {
[INFO] [stdout]    |                                         ^^^^^^^^^^^ not found in this scope
[INFO] [stdout] 
[INFO] [stdout] 
[INFO] [stdout] error[E0412]: cannot find type `DXGI_FORMAT` in this scope
[INFO] [stdout]   --> src/conv.rs:33:32
[INFO] [stdout]    |
[INFO] [stdout] 33 | pub fn viewable_format(format: DXGI_FORMAT) -> DXGI_FORMAT {
[INFO] [stdout]    |                                ^^^^^^^^^^^ not found in this scope
[INFO] [stdout] 
[INFO] [stdout] 
[INFO] [stdout] error[E0412]: cannot find type `DXGI_FORMAT` in this scope
[INFO] [stdout]   --> src/conv.rs:33:48
[INFO] [stdout]    |
[INFO] [stdout] 33 | pub fn viewable_format(format: DXGI_FORMAT) -> DXGI_FORMAT {
[INFO] [stdout]    |                                                ^^^^^^^^^^^ not found in this scope
[INFO] [stdout] 
[INFO] [stdout] 
[INFO] [stdout] error[E0412]: cannot find type `DXGI_FORMAT` in this scope
[INFO] [stdout]   --> src/conv.rs:43:45
[INFO] [stdout]    |
[INFO] [stdout] 43 | pub fn map_format(format: Format) -> Option<DXGI_FORMAT> {
[INFO] [stdout]    |                  -                          ^^^^^^^^^^^ not found in this scope
[INFO] [stdout]    |                  |
[INFO] [stdout]    |                  help: you might be missing a type parameter: `<DXGI_FORMAT>`
[INFO] [stdout] 
[INFO] [stdout] 
[INFO] [stdout] error[E0412]: cannot find type `DXGI_FORMAT` in this scope
[INFO] [stdout]    --> src/conv.rs:119:52
[INFO] [stdout]     |
[INFO] [stdout] 119 | pub fn map_format_nosrgb(format: Format) -> Option<DXGI_FORMAT> {
[INFO] [stdout]     |                         -                          ^^^^^^^^^^^ not found in this scope
[INFO] [stdout]     |                         |
[INFO] [stdout]     |                         help: you might be missing a type parameter: `<DXGI_FORMAT>`
[INFO] [stdout] 
[INFO] [stdout] 
[INFO] [stdout] error[E0412]: cannot find type `DXGI_FORMAT` in this scope
[INFO] [stdout]    --> src/conv.rs:131:19
[INFO] [stdout]     |
[INFO] [stdout] 131 |     pub typeless: DXGI_FORMAT,
[INFO] [stdout]     |                   ^^^^^^^^^^^ not found in this scope
[INFO] [stdout] 
[INFO] [stdout] 
[INFO] [stdout] error[E0412]: cannot find type `DXGI_FORMAT` in this scope
[INFO] [stdout]    --> src/conv.rs:132:21
[INFO] [stdout]     |
[INFO] [stdout] 130 | pub struct DecomposedDxgiFormat {
[INFO] [stdout]     |                                - help: you might be missing a type parameter: `<DXGI_FORMAT>`
[INFO] [stdout] 131 |     pub typeless: DXGI_FORMAT,
[INFO] [stdout] 132 |     pub srv: Option<DXGI_FORMAT>,
[INFO] [stdout]     |                     ^^^^^^^^^^^ not found in this scope
[INFO] [stdout] 
[INFO] [stdout] 
[INFO] [stdout] error[E0412]: cannot find type `DXGI_FORMAT` in this scope
[INFO] [stdout]    --> src/conv.rs:133:21
[INFO] [stdout]     |
[INFO] [stdout] 130 | pub struct DecomposedDxgiFormat {
[INFO] [stdout]     |                                - help: you might be missing a type parameter: `<DXGI_FORMAT>`
[INFO] [stdout] ...
[INFO] [stdout] 133 |     pub rtv: Option<DXGI_FORMAT>,
[INFO] [stdout]     |                     ^^^^^^^^^^^ not found in this scope
[INFO] [stdout] 
[INFO] [stdout] 
[INFO] [stdout] error[E0412]: cannot find type `DXGI_FORMAT` in this scope
[INFO] [stdout]    --> src/conv.rs:134:21
[INFO] [stdout]     |
[INFO] [stdout] 130 | pub struct DecomposedDxgiFormat {
[INFO] [stdout]     |                                - help: you might be missing a type parameter: `<DXGI_FORMAT>`
[INFO] [stdout] ...
[INFO] [stdout] 134 |     pub uav: Option<DXGI_FORMAT>,
[INFO] [stdout]     |                     ^^^^^^^^^^^ not found in this scope
[INFO] [stdout] 
[INFO] [stdout] 
[INFO] [stdout] error[E0412]: cannot find type `DXGI_FORMAT` in this scope
[INFO] [stdout]    --> src/conv.rs:135:21
[INFO] [stdout]     |
[INFO] [stdout] 130 | pub struct DecomposedDxgiFormat {
[INFO] [stdout]     |                                - help: you might be missing a type parameter: `<DXGI_FORMAT>`
[INFO] [stdout] ...
[INFO] [stdout] 135 |     pub dsv: Option<DXGI_FORMAT>,
[INFO] [stdout]     |                     ^^^^^^^^^^^ not found in this scope
[INFO] [stdout] 
[INFO] [stdout] 
[INFO] [stdout] error[E0412]: cannot find type `DXGI_FORMAT` in this scope
[INFO] [stdout]    --> src/conv.rs:138:26
[INFO] [stdout]     |
[INFO] [stdout] 130 | pub struct DecomposedDxgiFormat {
[INFO] [stdout]     |                                - help: you might be missing a type parameter: `<DXGI_FORMAT>`
[INFO] [stdout] ...
[INFO] [stdout] 138 |     pub copy_uav: Option<DXGI_FORMAT>,
[INFO] [stdout]     |                          ^^^^^^^^^^^ not found in this scope
[INFO] [stdout] 
[INFO] [stdout] 
[INFO] [stdout] error[E0412]: cannot find type `DXGI_FORMAT` in this scope
[INFO] [stdout]    --> src/conv.rs:139:26
[INFO] [stdout]     |
[INFO] [stdout] 130 | pub struct DecomposedDxgiFormat {
[INFO] [stdout]     |                                - help: you might be missing a type parameter: `<DXGI_FORMAT>`
[INFO] [stdout] ...
[INFO] [stdout] 139 |     pub copy_srv: Option<DXGI_FORMAT>,
[INFO] [stdout]     |                          ^^^^^^^^^^^ not found in this scope
[INFO] [stdout] 
[INFO] [stdout] 
[INFO] [stdout] error[E0425]: cannot find value `DXGI_FORMAT_UNKNOWN` in this scope
[INFO] [stdout]    --> src/conv.rs:144:19
[INFO] [stdout]     |
[INFO] [stdout] 144 |         typeless: DXGI_FORMAT_UNKNOWN,
[INFO] [stdout]     |                   ^^^^^^^^^^^^^^^^^^^ not found in this scope
[INFO] [stdout] 
[INFO] [stdout] 
[INFO] [stdout] error[E0412]: cannot find type `DXGI_FORMAT` in this scope
[INFO] [stdout]    --> src/conv.rs:158:37
[INFO] [stdout]     |
[INFO] [stdout] 158 |     pub fn from_dxgi_format(format: DXGI_FORMAT) -> DecomposedDxgiFormat {
[INFO] [stdout]     |                                     ^^^^^^^^^^^ not found in this scope
[INFO] [stdout] 
[INFO] [stdout] 
[INFO] [stdout] error[E0412]: cannot find type `D3D11_VIEWPORT` in this scope
[INFO] [stdout]    --> src/conv.rs:454:45
[INFO] [stdout]     |
[INFO] [stdout] 454 | pub fn map_viewport(viewport: &Viewport) -> D3D11_VIEWPORT {
[INFO] [stdout]     |                                             ^^^^^^^^^^^^^^ not found in this scope
[INFO] [stdout] 
[INFO] [stdout] 
[INFO] [stdout] error[E0412]: cannot find type `D3D11_RECT` in this scope
[INFO] [stdout]    --> src/conv.rs:465:33
[INFO] [stdout]     |
[INFO] [stdout] 465 | pub fn map_rect(rect: &Rect) -> D3D11_RECT {
[INFO] [stdout]     |                                 ^^^^^^^^^^ not found in this scope
[INFO] [stdout] 
[INFO] [stdout] 
[INFO] [stdout] error[E0412]: cannot find type `D3D11_PRIMITIVE_TOPOLOGY` in this scope
[INFO] [stdout]    --> src/conv.rs:474:49
[INFO] [stdout]     |
[INFO] [stdout] 474 | pub fn map_topology(ia: &InputAssemblerDesc) -> D3D11_PRIMITIVE_TOPOLOGY {
[INFO] [stdout]     |                                                 ^^^^^^^^^^^^^^^^^^^^^^^^ not found in this scope
[INFO] [stdout] 
[INFO] [stdout] 
[INFO] [stdout] error[E0412]: cannot find type `D3D11_FILL_MODE` in this scope
[INFO] [stdout]    --> src/conv.rs:495:40
[INFO] [stdout]     |
[INFO] [stdout] 495 | fn map_fill_mode(mode: PolygonMode) -> D3D11_FILL_MODE {
[INFO] [stdout]     |                                        ^^^^^^^^^^^^^^^ not found in this scope
[INFO] [stdout] 
[INFO] [stdout] 
[INFO] [stdout] error[E0412]: cannot find type `D3D11_CULL_MODE` in this scope
[INFO] [stdout]    --> src/conv.rs:504:33
[INFO] [stdout]     |
[INFO] [stdout] 504 | fn map_cull_mode(mode: Face) -> D3D11_CULL_MODE {
[INFO] [stdout]     |                                 ^^^^^^^^^^^^^^^ not found in this scope
[INFO] [stdout] 
[INFO] [stdout] 
[INFO] [stdout] error[E0412]: cannot find type `D3D11_RASTERIZER_DESC` in this scope
[INFO] [stdout]    --> src/conv.rs:516:6
[INFO] [stdout]     |
[INFO] [stdout] 516 | ) -> D3D11_RASTERIZER_DESC {
[INFO] [stdout]     |      ^^^^^^^^^^^^^^^^^^^^^ not found in this scope
[INFO] [stdout] 
[INFO] [stdout] 
[INFO] [stdout] error[E0412]: cannot find type `D3D11_BLEND` in this scope
[INFO] [stdout]    --> src/conv.rs:545:40
[INFO] [stdout]     |
[INFO] [stdout] 545 | fn map_blend_factor(factor: Factor) -> D3D11_BLEND {
[INFO] [stdout]     |                                        ^^^^^^^^^^^ not found in this scope
[INFO] [stdout] 
[INFO] [stdout] 
[INFO] [stdout] error[E0412]: cannot find type `D3D11_BLEND` in this scope
[INFO] [stdout]    --> src/conv.rs:567:46
[INFO] [stdout]     |
[INFO] [stdout] 567 | fn map_alpha_blend_factor(factor: Factor) -> D3D11_BLEND {
[INFO] [stdout]     |                                              ^^^^^^^^^^^ not found in this scope
[INFO] [stdout] 
[INFO] [stdout] 
[INFO] [stdout] error[E0412]: cannot find type `D3D11_BLEND_OP` in this scope
[INFO] [stdout]    --> src/conv.rs:583:41
[INFO] [stdout]     |
[INFO] [stdout] 583 | fn map_blend_op(operation: BlendOp) -> (D3D11_BLEND_OP, D3D11_BLEND, D3D11_BLEND) {
[INFO] [stdout]     |                                         ^^^^^^^^^^^^^^ not found in this scope
[INFO] [stdout] 
[INFO] [stdout] 
[INFO] [stdout] error[E0412]: cannot find type `D3D11_BLEND` in this scope
[INFO] [stdout]    --> src/conv.rs:583:57
[INFO] [stdout]     |
[INFO] [stdout] 583 | fn map_blend_op(operation: BlendOp) -> (D3D11_BLEND_OP, D3D11_BLEND, D3D11_BLEND) {
[INFO] [stdout]     |                                                         ^^^^^^^^^^^ not found in this scope
[INFO] [stdout] 
[INFO] [stdout] 
[INFO] [stdout] error[E0412]: cannot find type `D3D11_BLEND` in this scope
[INFO] [stdout]    --> src/conv.rs:583:70
[INFO] [stdout]     |
[INFO] [stdout] 583 | fn map_blend_op(operation: BlendOp) -> (D3D11_BLEND_OP, D3D11_BLEND, D3D11_BLEND) {
[INFO] [stdout]     |                                                                      ^^^^^^^^^^^ not found in this scope
[INFO] [stdout] 
[INFO] [stdout] 
[INFO] [stdout] error[E0412]: cannot find type `D3D11_BLEND_OP` in this scope
[INFO] [stdout]    --> src/conv.rs:605:47
[INFO] [stdout]     |
[INFO] [stdout] 605 | fn map_alpha_blend_op(operation: BlendOp) -> (D3D11_BLEND_OP, D3D11_BLEND, D3D11_BLEND) {
[INFO] [stdout]     |                                               ^^^^^^^^^^^^^^ not found in this scope
[INFO] [stdout] 
[INFO] [stdout] 
[INFO] [stdout] error[E0412]: cannot find type `D3D11_BLEND` in this scope
[INFO] [stdout]    --> src/conv.rs:605:63
[INFO] [stdout]     |
[INFO] [stdout] 605 | fn map_alpha_blend_op(operation: BlendOp) -> (D3D11_BLEND_OP, D3D11_BLEND, D3D11_BLEND) {
[INFO] [stdout]     |                                                               ^^^^^^^^^^^ not found in this scope
[INFO] [stdout] 
[INFO] [stdout] 
[INFO] [stdout] error[E0412]: cannot find type `D3D11_BLEND` in this scope
[INFO] [stdout]    --> src/conv.rs:605:76
[INFO] [stdout]     |
[INFO] [stdout] 605 | fn map_alpha_blend_op(operation: BlendOp) -> (D3D11_BLEND_OP, D3D11_BLEND, D3D11_BLEND) {
[INFO] [stdout]     |                                                                            ^^^^^^^^^^^ not found in this scope
[INFO] [stdout] 
[INFO] [stdout] 
[INFO] [stdout] error[E0412]: cannot find type `D3D11_RENDER_TARGET_BLEND_DESC` in this scope
[INFO] [stdout]    --> src/conv.rs:629:7
[INFO] [stdout]     |
[INFO] [stdout] 629 | ) -> [D3D11_RENDER_TARGET_BLEND_DESC; 8] {
[INFO] [stdout]     |       ^^^^^^^^^^^^^^^^^^^^^^^^^^^^^^ not found in this scope
[INFO] [stdout] 
[INFO] [stdout] 
[INFO] [stdout] error[E0412]: cannot find type `D3D11_BLEND_DESC` in this scope
[INFO] [stdout]    --> src/conv.rs:653:6
[INFO] [stdout]     |
[INFO] [stdout] 653 | ) -> D3D11_BLEND_DESC {
[INFO] [stdout]     |      ^^^^^^^^^^^^^^^^ not found in this scope
[INFO] [stdout] 
[INFO] [stdout] 
[INFO] [stdout] error[E0412]: cannot find type `D3D11_COMPARISON_FUNC` in this scope
[INFO] [stdout]    --> src/conv.rs:661:44
[INFO] [stdout]     |
[INFO] [stdout] 661 | pub fn map_comparison(func: Comparison) -> D3D11_COMPARISON_FUNC {
[INFO] [stdout]     |                                            ^^^^^^^^^^^^^^^^^^^^^ not found in this scope
[INFO] [stdout] 
[INFO] [stdout] 
[INFO] [stdout] error[E0412]: cannot find type `D3D11_STENCIL_OP` in this scope
[INFO] [stdout]    --> src/conv.rs:674:37
[INFO] [stdout]     |
[INFO] [stdout] 674 | fn map_stencil_op(op: StencilOp) -> D3D11_STENCIL_OP {
[INFO] [stdout]     |                                     ^^^^^^^^^^^^^^^^ not found in this scope
[INFO] [stdout] 
[INFO] [stdout] 
[INFO] [stdout] error[E0412]: cannot find type `D3D11_DEPTH_STENCILOP_DESC` in this scope
[INFO] [stdout]    --> src/conv.rs:687:44
[INFO] [stdout]     |
[INFO] [stdout] 687 | fn map_stencil_side(side: &StencilFace) -> D3D11_DEPTH_STENCILOP_DESC {
[INFO] [stdout]     |                                            ^^^^^^^^^^^^^^^^^^^^^^^^^^ not found in this scope
[INFO] [stdout] 
[INFO] [stdout] 
[INFO] [stdout] error[E0412]: cannot find type `D3D11_DEPTH_STENCIL_DESC` in this scope
[INFO] [stdout]    --> src/conv.rs:698:7
[INFO] [stdout]     |
[INFO] [stdout] 698 | ) -> (D3D11_DEPTH_STENCIL_DESC, State<StencilValue>, bool) {
[INFO] [stdout]     |       ^^^^^^^^^^^^^^^^^^^^^^^^ not found in this scope
[INFO] [stdout] 
[INFO] [stdout] 
[INFO] [stdout] error[E0412]: cannot find type `D3D11_TEXTURE_ADDRESS_MODE` in this scope
[INFO] [stdout]    --> src/conv.rs:792:47
[INFO] [stdout]     |
[INFO] [stdout] 792 | pub fn map_wrapping(wrap: image::WrapMode) -> D3D11_TEXTURE_ADDRESS_MODE {
[INFO] [stdout]     |                                               ^^^^^^^^^^^^^^^^^^^^^^^^^^ not found in this scope
[INFO] [stdout] 
[INFO] [stdout] 
[INFO] [stdout] error[E0412]: cannot find type `D3D11_FILTER_TYPE` in this scope
[INFO] [stdout]    --> src/conv.rs:803:46
[INFO] [stdout]     |
[INFO] [stdout] 803 | fn map_filter_type(filter: image::Filter) -> D3D11_FILTER_TYPE {
[INFO] [stdout]     |                                              ^^^^^^^^^^^^^^^^^ not found in this scope
[INFO] [stdout] 
[INFO] [stdout] 
[INFO] [stdout] error[E0412]: cannot find type `D3D11_FILTER_REDUCTION_TYPE` in this scope
[INFO] [stdout]    --> src/conv.rs:815:16
[INFO] [stdout]     |
[INFO] [stdout] 815 |     reduction: D3D11_FILTER_REDUCTION_TYPE,
[INFO] [stdout]     |                ^^^^^^^^^^^^^^^^^^^^^^^^^^^ not found in this scope
[INFO] [stdout] 
[INFO] [stdout] 
[INFO] [stdout] error[E0412]: cannot find type `D3D11_FILTER` in this scope
[INFO] [stdout]    --> src/conv.rs:817:6
[INFO] [stdout]     |
[INFO] [stdout] 817 | ) -> D3D11_FILTER {
[INFO] [stdout]     |      ^^^^^^^^^^^^ not found in this scope
[INFO] [stdout] 
[INFO] [stdout] 
[INFO] [stdout] error[E0412]: cannot find type `D3D11_BIND_FLAG` in this scope
[INFO] [stdout]    --> src/conv.rs:835:6
[INFO] [stdout]     |
[INFO] [stdout] 835 | ) -> D3D11_BIND_FLAG {
[INFO] [stdout]     |      ^^^^^^^^^^^^^^^ not found in this scope
[INFO] [stdout] 
[INFO] [stdout] 
[INFO] [stdout] error[E0412]: cannot find type `HWND` in this scope
[INFO] [stdout]    --> src/device.rs:807:24
[INFO] [stdout]     |
[INFO] [stdout] 807 |         window_handle: HWND,
[INFO] [stdout]     |                        ^^^^ not found in this scope
[INFO] [stdout] 
[INFO] [stdout] 
[INFO] [stdout] error[E0412]: cannot find type `REFIID` in this scope
[INFO] [stdout]   --> src/dxgi.rs:73:31
[INFO] [stdout]    |
[INFO] [stdout] 73 |     unsafe extern "system" fn(REFIID, *mut *mut winapi::ctypes::c_void) -> winerror::HRESULT;
[INFO] [stdout]    |                               ^^^^^^ not found in this scope
[INFO] [stdout] 
[INFO] [stdout] 
[INFO] [stdout] error[E0412]: cannot find type `GUID` in this scope
[INFO] [stdout]   --> src/dxgi.rs:77:12
[INFO] [stdout]    |
[INFO] [stdout] 77 |     guid: &GUID,
[INFO] [stdout]    |            ^^^^ not found in this scope
[INFO] [stdout] 
[INFO] [stdout] 
[INFO] [stdout] error[E0412]: cannot find type `UINT` in this scope
[INFO] [stdout]    --> src/internal.rs:170:10
[INFO] [stdout]     |
[INFO] [stdout] 170 |         [UINT; d3d11::D3D11_COMMONSHADER_CONSTANT_BUFFER_API_SLOT_COUNT as _],
[INFO] [stdout]     |          ^^^^ not found in this scope
[INFO] [stdout] 
[INFO] [stdout] 
[INFO] [stdout] error[E0412]: cannot find type `IDXGIAdapter` in this scope
[INFO] [stdout]   --> src/lib.rs:97:10
[INFO] [stdout]    |
[INFO] [stdout] 97 |     *mut IDXGIAdapter,
[INFO] [stdout]    |          ^^^^^^^^^^^^ not found in this scope
[INFO] [stdout] 
[INFO] [stdout] 
[INFO] [stdout] error[E0412]: cannot find type `UINT` in this scope
[INFO] [stdout]   --> src/lib.rs:98:5
[INFO] [stdout]    |
[INFO] [stdout] 98 |     UINT,
[INFO] [stdout]    |     ^^^^ not found in this scope
[INFO] [stdout] 
[INFO] [stdout] 
[INFO] [stdout] error[E0412]: cannot find type `HMODULE` in this scope
[INFO] [stdout]   --> src/lib.rs:99:5
[INFO] [stdout]    |
[INFO] [stdout] 99 |     HMODULE,
[INFO] [stdout]    |     ^^^^^^^ not found in this scope
[INFO] [stdout] 
[INFO] [stdout] 
[INFO] [stdout] error[E0412]: cannot find type `UINT` in this scope
[INFO] [stdout]    --> src/lib.rs:100:5
[INFO] [stdout]     |
[INFO] [stdout] 100 |     UINT,
[INFO] [stdout]     |     ^^^^ not found in this scope
[INFO] [stdout] 
[INFO] [stdout] 
[INFO] [stdout] error[E0412]: cannot find type `UINT` in this scope
[INFO] [stdout]    --> src/lib.rs:101:12
[INFO] [stdout]     |
[INFO] [stdout] 101 |     *const UINT,
[INFO] [stdout]     |            ^^^^ not found in this scope
[INFO] [stdout] 
[INFO] [stdout] 
[INFO] [stdout] error[E0412]: cannot find type `UINT` in this scope
[INFO] [stdout]    --> src/lib.rs:102:5
[INFO] [stdout]     |
[INFO] [stdout] 102 |     UINT,
[INFO] [stdout]     |     ^^^^ not found in this scope
[INFO] [stdout] 
[INFO] [stdout] 
[INFO] [stdout] error[E0412]: cannot find type `UINT` in this scope
[INFO] [stdout]    --> src/lib.rs:103:5
[INFO] [stdout]     |
[INFO] [stdout] 103 |     UINT,
[INFO] [stdout]     |     ^^^^ not found in this scope
[INFO] [stdout] 
[INFO] [stdout] 
[INFO] [stdout] error[E0412]: cannot find type `UINT` in this scope
[INFO] [stdout]    --> src/lib.rs:105:10
[INFO] [stdout]     |
[INFO] [stdout] 105 |     *mut UINT,
[INFO] [stdout]     |          ^^^^ not found in this scope
[INFO] [stdout] 
[INFO] [stdout] 
[INFO] [stdout] error[E0412]: cannot find type `IDXGIFactory` in this scope
[INFO] [stdout]    --> src/lib.rs:128:32
[INFO] [stdout]     |
[INFO] [stdout] 127 | pub struct Instance {
[INFO] [stdout]     |                    - help: you might be missing a type parameter: `<IDXGIFactory>`
[INFO] [stdout] 128 |     pub(crate) factory: ComPtr<IDXGIFactory>,
[INFO] [stdout]     |                                ^^^^^^^^^^^^ not found in this scope
[INFO] [stdout] 
[INFO] [stdout] 
[INFO] [stdout] error[E0412]: cannot find type `IDXGIAdapter` in this scope
[INFO] [stdout]    --> src/lib.rs:682:21
[INFO] [stdout]     |
[INFO] [stdout] 681 | pub struct PhysicalDevice {
[INFO] [stdout]     |                          - help: you might be missing a type parameter: `<IDXGIAdapter>`
[INFO] [stdout] 682 |     adapter: ComPtr<IDXGIAdapter>,
[INFO] [stdout]     |                     ^^^^^^^^^^^^ not found in this scope
[INFO] [stdout] 
[INFO] [stdout] 
[INFO] [stdout] error[E0412]: cannot find type `IDXGIAdapter` in this scope
[INFO] [stdout]    --> src/lib.rs:700:54
[INFO] [stdout]     |
[INFO] [stdout] 700 | fn get_feature_level(func: &CreateFun, adapter: *mut IDXGIAdapter) -> d3dcommon::D3D_FEATURE_LEVEL {
[INFO] [stdout]     |                                                      ^^^^^^^^^^^^ not found in this scope
[INFO] [stdout] 
[INFO] [stdout] 
[INFO] [stdout] error[E0412]: cannot find type `IDXGISwapChain` in this scope
[INFO] [stdout]     --> src/lib.rs:1046:23
[INFO] [stdout]      |
[INFO] [stdout] 1045 | struct Presentation {
[INFO] [stdout]      |                    - help: you might be missing a type parameter: `<IDXGISwapChain>`
[INFO] [stdout] 1046 |     swapchain: ComPtr<IDXGISwapChain>,
[INFO] [stdout]      |                       ^^^^^^^^^^^^^^ not found in this scope
[INFO] [stdout] 
[INFO] [stdout] 
[INFO] [stdout] error[E0412]: cannot find type `IDXGIFactory` in this scope
[INFO] [stdout]     --> src/lib.rs:1056:32
[INFO] [stdout]      |
[INFO] [stdout] 1055 | pub struct Surface {
[INFO] [stdout]      |                   - help: you might be missing a type parameter: `<IDXGIFactory>`
[INFO] [stdout] 1056 |     pub(crate) factory: ComPtr<IDXGIFactory>,
[INFO] [stdout]      |                                ^^^^^^^^^^^^ not found in this scope
[INFO] [stdout] 
[INFO] [stdout] 
[INFO] [stdout] error[E0412]: cannot find type `HWND` in this scope
[INFO] [stdout]     --> src/lib.rs:1057:17
[INFO] [stdout]      |
[INFO] [stdout] 1057 |     wnd_handle: HWND,
[INFO] [stdout]      |                 ^^^^ not found in this scope
[INFO] [stdout] 
[INFO] [stdout] 
[INFO] [stdout] error[E0412]: cannot find type `UINT` in this scope
[INFO] [stdout]     --> src/lib.rs:1942:28
[INFO] [stdout]      |
[INFO] [stdout] 1938 | fn generate_graphics_dynamic_constant_buffer_offsets<'a>(
[INFO] [stdout]      |                                                        - help: you might be missing a type parameter: `, UINT`
[INFO] [stdout] ...
[INFO] [stdout] 1942 | ) -> (PerConstantBufferVec<UINT>, PerConstantBufferVec<UINT>) {
[INFO] [stdout]      |                            ^^^^ not found in this scope
[INFO] [stdout] 
[INFO] [stdout] 
[INFO] [stdout] error[E0412]: cannot find type `UINT` in this scope
[INFO] [stdout]     --> src/lib.rs:1942:56
[INFO] [stdout]      |
[INFO] [stdout] 1938 | fn generate_graphics_dynamic_constant_buffer_offsets<'a>(
[INFO] [stdout]      |                                                        - help: you might be missing a type parameter: `, UINT`
[INFO] [stdout] ...
[INFO] [stdout] 1942 | ) -> (PerConstantBufferVec<UINT>, PerConstantBufferVec<UINT>) {
[INFO] [stdout]      |                                                        ^^^^ not found in this scope
[INFO] [stdout] 
[INFO] [stdout] 
[INFO] [stdout] error[E0412]: cannot find type `UINT` in this scope
[INFO] [stdout]     --> src/lib.rs:2016:27
[INFO] [stdout]      |
[INFO] [stdout] 2012 | fn generate_compute_dynamic_constant_buffer_offsets<'a>(
[INFO] [stdout]      |                                                       - help: you might be missing a type parameter: `, UINT`
[INFO] [stdout] ...
[INFO] [stdout] 2016 | ) -> PerConstantBufferVec<UINT> {
[INFO] [stdout]      |                           ^^^^ not found in this scope
[INFO] [stdout] 
[INFO] [stdout] 
[INFO] [stdout] error[E0412]: cannot find type `UINT` in this scope
[INFO] [stdout]     --> src/lib.rs:3752:43
[INFO] [stdout]      |
[INFO] [stdout] 3752 |     fn calc_subresource(&self, mip_level: UINT, layer: UINT) -> UINT {
[INFO] [stdout]      |                                           ^^^^ not found in this scope
[INFO] [stdout] 
[INFO] [stdout] 
[INFO] [stdout] error[E0412]: cannot find type `UINT` in this scope
[INFO] [stdout]     --> src/lib.rs:3752:56
[INFO] [stdout]      |
[INFO] [stdout] 3752 |     fn calc_subresource(&self, mip_level: UINT, layer: UINT) -> UINT {
[INFO] [stdout]      |                                                        ^^^^ not found in this scope
[INFO] [stdout] 
[INFO] [stdout] 
[INFO] [stdout] error[E0412]: cannot find type `UINT` in this scope
[INFO] [stdout]     --> src/lib.rs:3752:65
[INFO] [stdout]      |
[INFO] [stdout] 3752 |     fn calc_subresource(&self, mip_level: UINT, layer: UINT) -> UINT {
[INFO] [stdout]      |                                                                 ^^^^ not found in this scope
[INFO] [stdout] 
[INFO] [stdout] 
[INFO] [stdout] error[E0412]: cannot find type `UINT` in this scope
[INFO] [stdout]     --> src/lib.rs:3788:18
[INFO] [stdout]      |
[INFO] [stdout] 3788 |     subresource: UINT,
[INFO] [stdout]      |                  ^^^^ not found in this scope
[INFO] [stdout] 
[INFO] [stdout] 
[INFO] [stdout] error: Compilation failed, aborting rustdoc
[INFO] [stdout] 
[INFO] [stdout] 
[INFO] [stdout] error: aborting due to 88 previous errors
[INFO] [stdout] 
[INFO] [stdout] 
[INFO] [stdout] Some errors have detailed explanations: E0412, E0425, E0432, E0433.
[INFO] [stdout] 
[INFO] [stdout] For more information about an error, try `rustc --explain E0412`.
[INFO] [stdout] 
[INFO] [stderr] error: could not document `gfx-backend-dx11`
[INFO] [stderr] 
[INFO] [stderr] Caused by:
[INFO] [stderr]   process didn't exit successfully: `rustdoc --edition=2018 --crate-type lib --crate-name gfx_backend_dx11 src/lib.rs -o /opt/rustwide/target/doc --cfg 'feature="default"' --error-format=json --json=diagnostic-rendered-ansi --document-private-items -L dependency=/opt/rustwide/target/debug/deps --extern arrayvec=/opt/rustwide/target/debug/deps/libarrayvec-1328d71f061ced51.rmeta --extern bitflags=/opt/rustwide/target/debug/deps/libbitflags-7925d1bf53c9b12a.rmeta --extern auxil=/opt/rustwide/target/debug/deps/libgfx_auxil-5b3aa33af8007e9a.rmeta --extern hal=/opt/rustwide/target/debug/deps/libgfx_hal-2f3f2972276fe143.rmeta --extern gfx_renderdoc=/opt/rustwide/target/debug/deps/libgfx_renderdoc-40a55b04a77e051a.rmeta --extern libloading=/opt/rustwide/target/debug/deps/liblibloading-e68f2a9b71d9f5ee.rmeta --extern log=/opt/rustwide/target/debug/deps/liblog-be8c314c6d97e413.rmeta --extern parking_lot=/opt/rustwide/target/debug/deps/libparking_lot-a5e1a9dc3a44a839.rmeta --extern range_alloc=/opt/rustwide/target/debug/deps/librange_alloc-4e6492eafdbad75d.rmeta --extern raw_window_handle=/opt/rustwide/target/debug/deps/libraw_window_handle-0121432b48d61fc8.rmeta --extern smallvec=/opt/rustwide/target/debug/deps/libsmallvec-5c9dabf0e1cc6f75.rmeta --extern spirv_cross=/opt/rustwide/target/debug/deps/libspirv_cross-9ee851ea7c009251.rmeta --extern thunderdome=/opt/rustwide/target/debug/deps/libthunderdome-9e247c638af2425d.rmeta --extern winapi=/opt/rustwide/target/debug/deps/libwinapi-2ba9961b01aa38f9.rmeta --extern wio=/opt/rustwide/target/debug/deps/libwio-e4a264914d5859ca.rmeta --cap-lints=warn --crate-version 0.9.0` (exit status: 1)
[INFO] running `Command { std: "docker" "inspect" "c6812600d3d295e0e5f4c081af990f222b9911134401a379e944938d423863b4", kill_on_drop: false }`
[INFO] running `Command { std: "docker" "rm" "-f" "c6812600d3d295e0e5f4c081af990f222b9911134401a379e944938d423863b4", kill_on_drop: false }`
[INFO] [stdout] c6812600d3d295e0e5f4c081af990f222b9911134401a379e944938d423863b4
