[INFO] fetching crate geobacter-vk-intrinsics 1.0.0...
[INFO] documenting geobacter-vk-intrinsics-1.0.0 against 1.54.0 for beta-1.55-rustdoc-1
[INFO] extracting crate geobacter-vk-intrinsics 1.0.0 into /workspace/builds/worker-61/source
[INFO] validating manifest of crates.io crate geobacter-vk-intrinsics 1.0.0 on toolchain 1.54.0
[INFO] running `Command { std: "/workspace/cargo-home/bin/cargo" "+1.54.0" "metadata" "--manifest-path" "Cargo.toml" "--no-deps", kill_on_drop: false }`
[INFO] started tweaking crates.io crate geobacter-vk-intrinsics 1.0.0
[INFO] finished tweaking crates.io crate geobacter-vk-intrinsics 1.0.0
[INFO] tweaked toml for crates.io crate geobacter-vk-intrinsics 1.0.0 written to /workspace/builds/worker-61/source/Cargo.toml
[INFO] running `Command { std: "/workspace/cargo-home/bin/cargo" "+1.54.0" "generate-lockfile" "--manifest-path" "Cargo.toml" "-Zno-index-update", kill_on_drop: false }`
[INFO] running `Command { std: "/workspace/cargo-home/bin/cargo" "+1.54.0" "fetch" "--manifest-path" "Cargo.toml", kill_on_drop: false }`
[INFO] [stderr]     Blocking waiting for file lock on package cache
[INFO] [stderr]     Blocking waiting for file lock on package cache
[INFO] running `Command { std: "docker" "create" "-v" "/var/lib/crater-agent-workspace/builds/worker-61/target:/opt/rustwide/target:rw,Z" "-v" "/var/lib/crater-agent-workspace/builds/worker-61/source:/opt/rustwide/workdir:ro,Z" "-v" "/var/lib/crater-agent-workspace/cargo-home:/opt/rustwide/cargo-home:ro,Z" "-v" "/var/lib/crater-agent-workspace/rustup-home:/opt/rustwide/rustup-home:ro,Z" "-e" "SOURCE_DIR=/opt/rustwide/workdir" "-e" "CARGO_TARGET_DIR=/opt/rustwide/target" "-e" "CARGO_HOME=/opt/rustwide/cargo-home" "-e" "RUSTUP_HOME=/opt/rustwide/rustup-home" "-w" "/opt/rustwide/workdir" "-m" "1610612736" "--user" "0:0" "--network" "none" "ghcr.io/rust-lang/crates-build-env/linux@sha256:34b6a614d2c27851fe6cbf88fbd1137609cefab8b10d0615aaeb6fd47975d74e" "/opt/rustwide/cargo-home/bin/cargo" "+1.54.0" "metadata" "--no-deps" "--format-version=1", kill_on_drop: false }`
[INFO] [stdout] 013a34a2d921b582337bd5bc9f3fdae3127fc4c2a3f8698f21934b0123ed347d
[INFO] running `Command { std: "docker" "start" "-a" "013a34a2d921b582337bd5bc9f3fdae3127fc4c2a3f8698f21934b0123ed347d", kill_on_drop: false }`
[INFO] running `Command { std: "docker" "inspect" "013a34a2d921b582337bd5bc9f3fdae3127fc4c2a3f8698f21934b0123ed347d", kill_on_drop: false }`
[INFO] running `Command { std: "docker" "rm" "-f" "013a34a2d921b582337bd5bc9f3fdae3127fc4c2a3f8698f21934b0123ed347d", kill_on_drop: false }`
[INFO] [stdout] 013a34a2d921b582337bd5bc9f3fdae3127fc4c2a3f8698f21934b0123ed347d
[INFO] running `Command { std: "docker" "create" "-v" "/var/lib/crater-agent-workspace/builds/worker-61/target:/opt/rustwide/target:rw,Z" "-v" "/var/lib/crater-agent-workspace/builds/worker-61/source:/opt/rustwide/workdir:ro,Z" "-v" "/var/lib/crater-agent-workspace/cargo-home:/opt/rustwide/cargo-home:ro,Z" "-v" "/var/lib/crater-agent-workspace/rustup-home:/opt/rustwide/rustup-home:ro,Z" "-e" "SOURCE_DIR=/opt/rustwide/workdir" "-e" "CARGO_TARGET_DIR=/opt/rustwide/target" "-e" "CARGO_INCREMENTAL=0" "-e" "RUST_BACKTRACE=full" "-e" "RUSTDOCFLAGS=--cap-lints=warn" "-e" "CARGO_HOME=/opt/rustwide/cargo-home" "-e" "RUSTUP_HOME=/opt/rustwide/rustup-home" "-w" "/opt/rustwide/workdir" "-m" "1610612736" "--user" "0:0" "--network" "none" "ghcr.io/rust-lang/crates-build-env/linux@sha256:34b6a614d2c27851fe6cbf88fbd1137609cefab8b10d0615aaeb6fd47975d74e" "/opt/rustwide/cargo-home/bin/cargo" "+1.54.0" "doc" "--frozen" "--no-deps" "--document-private-items" "--message-format=json", kill_on_drop: false }`
[INFO] [stdout] 08f24c1ccfb9b51e8e256cfcfe6284272d81dc81a9da7b448b719cf49c98e7bb
[INFO] running `Command { std: "docker" "start" "-a" "08f24c1ccfb9b51e8e256cfcfe6284272d81dc81a9da7b448b719cf49c98e7bb", kill_on_drop: false }`
[INFO] [stderr]    Compiling maybe-uninit v2.0.0
[INFO] [stderr]    Compiling syn v1.0.74
[INFO] [stderr]    Compiling serde_derive v1.0.127
[INFO] [stderr]     Checking cfg-if v0.1.10
[INFO] [stderr]    Compiling serde v1.0.127
[INFO] [stderr]    Compiling libc v0.2.98
[INFO] [stderr]    Compiling log v0.4.14
[INFO] [stderr]    Compiling vulkano v0.16.0
[INFO] [stderr]     Checking vk-sys v0.5.3
[INFO] [stderr]     Checking half v1.7.1
[INFO] [stderr]     Checking fnv v1.0.7
[INFO] [stderr]     Checking seahash v3.0.7
[INFO] [stderr]    Compiling crossbeam-utils v0.7.2
[INFO] [stderr]    Compiling memoffset v0.5.6
[INFO] [stderr]    Compiling crossbeam-epoch v0.8.2
[INFO] [stderr]    Compiling num-traits v0.2.14
[INFO] [stderr]     Checking smallvec v0.6.14
[INFO] [stderr]     Checking crossbeam-channel v0.4.4
[INFO] [stderr]     Checking crossbeam-queue v0.2.3
[INFO] [stderr]     Checking shared_library v0.1.9
[INFO] [stderr]     Checking crossbeam-deque v0.7.4
[INFO] [stderr]     Checking crossbeam v0.7.3
[INFO] [stdout] error[E0609]: no field `shaderf3264` on type `PhysicalDeviceFeatures`
[INFO] [stdout]    --> /opt/rustwide/cargo-home/registry/src/github.com-1ecc6299db9ec823/vulkano-0.16.0/src/features.rs:164:21
[INFO] [stdout]     |
[INFO] [stdout] 164 |     shader_f3264 => shaderf3264,
[INFO] [stdout]     |                     ^^^^^^^^^^^ help: a field with a similar name exists: `shaderInt64`
[INFO] [stdout] 
[INFO] [stdout] 
[INFO] [stdout] error[E0560]: struct `PhysicalDeviceFeatures` has no field named `shaderf3264`
[INFO] [stdout]    --> /opt/rustwide/cargo-home/registry/src/github.com-1ecc6299db9ec823/vulkano-0.16.0/src/features.rs:164:21
[INFO] [stdout]     |
[INFO] [stdout] 164 |     shader_f3264 => shaderf3264,
[INFO] [stdout]     |                     ^^^^^^^^^^^ `PhysicalDeviceFeatures` does not have this field
[INFO] [stdout]     |
[INFO] [stdout]     = note: available fields are: `robustBufferAccess`, `fullDrawIndexUint32`, `imageCubeArray`, `independentBlend`, `geometryShader` ... and 50 others
[INFO] [stdout] 
[INFO] [stdout] 
[INFO] [stdout] error[E0308]: mismatched types
[INFO] [stdout]     --> /opt/rustwide/cargo-home/registry/src/github.com-1ecc6299db9ec823/vulkano-0.16.0/src/command_buffer/sys.rs:1303:38
[INFO] [stdout]      |
[INFO] [stdout] 1303 |         vk.CmdSetBlendConstants(cmd, constants); // TODO: correct to pass array?
[INFO] [stdout]      |                                      ^^^^^^^^^
[INFO] [stdout]      |                                      |
[INFO] [stdout]      |                                      expected `&[f32; 4]`, found array `[f32; 4]`
[INFO] [stdout]      |                                      help: consider borrowing here: `&constants`
[INFO] [stdout] 
[INFO] [stdout] 
[INFO] [stdout] error: aborting due to 3 previous errors
[INFO] [stdout] 
[INFO] [stdout] 
[INFO] [stdout] Some errors have detailed explanations: E0308, E0560, E0609.
[INFO] [stdout] 
[INFO] [stdout] For more information about an error, try `rustc --explain E0308`.
[INFO] [stdout] 
[INFO] [stderr] error: could not compile `vulkano`
[INFO] [stderr] 
[INFO] [stderr] To learn more, run the command again with --verbose.
[INFO] [stderr] warning: build failed, waiting for other jobs to finish...
[INFO] [stderr] error: build failed
[INFO] running `Command { std: "docker" "inspect" "08f24c1ccfb9b51e8e256cfcfe6284272d81dc81a9da7b448b719cf49c98e7bb", kill_on_drop: false }`
[INFO] running `Command { std: "docker" "rm" "-f" "08f24c1ccfb9b51e8e256cfcfe6284272d81dc81a9da7b448b719cf49c98e7bb", kill_on_drop: false }`
[INFO] [stdout] 08f24c1ccfb9b51e8e256cfcfe6284272d81dc81a9da7b448b719cf49c98e7bb
