[INFO] fetching crate fuzzyfocus 0.1.0...
[INFO] documenting fuzzyfocus-0.1.0 against 1.54.0 for beta-1.55-rustdoc-1
[INFO] extracting crate fuzzyfocus 0.1.0 into /workspace/builds/worker-5/source
[INFO] validating manifest of crates.io crate fuzzyfocus 0.1.0 on toolchain 1.54.0
[INFO] running `Command { std: "/workspace/cargo-home/bin/cargo" "+1.54.0" "metadata" "--manifest-path" "Cargo.toml" "--no-deps", kill_on_drop: false }`
[INFO] started tweaking crates.io crate fuzzyfocus 0.1.0
[INFO] finished tweaking crates.io crate fuzzyfocus 0.1.0
[INFO] tweaked toml for crates.io crate fuzzyfocus 0.1.0 written to /workspace/builds/worker-5/source/Cargo.toml
[INFO] crate crates.io crate fuzzyfocus 0.1.0 already has a lockfile, it will not be regenerated
[INFO] running `Command { std: "/workspace/cargo-home/bin/cargo" "+1.54.0" "fetch" "--manifest-path" "Cargo.toml", kill_on_drop: false }`
[INFO] running `Command { std: "docker" "create" "-v" "/var/lib/crater-agent-workspace/builds/worker-5/target:/opt/rustwide/target:rw,Z" "-v" "/var/lib/crater-agent-workspace/builds/worker-5/source:/opt/rustwide/workdir:ro,Z" "-v" "/var/lib/crater-agent-workspace/cargo-home:/opt/rustwide/cargo-home:ro,Z" "-v" "/var/lib/crater-agent-workspace/rustup-home:/opt/rustwide/rustup-home:ro,Z" "-e" "SOURCE_DIR=/opt/rustwide/workdir" "-e" "CARGO_TARGET_DIR=/opt/rustwide/target" "-e" "CARGO_HOME=/opt/rustwide/cargo-home" "-e" "RUSTUP_HOME=/opt/rustwide/rustup-home" "-w" "/opt/rustwide/workdir" "-m" "1610612736" "--user" "0:0" "--network" "none" "ghcr.io/rust-lang/crates-build-env/linux@sha256:34b6a614d2c27851fe6cbf88fbd1137609cefab8b10d0615aaeb6fd47975d74e" "/opt/rustwide/cargo-home/bin/cargo" "+1.54.0" "metadata" "--no-deps" "--format-version=1", kill_on_drop: false }`
[INFO] [stdout] fe58179de0f09cc94eb919042b5443052ee419267c2ab52193347e0b8e58d78f
[INFO] running `Command { std: "docker" "start" "-a" "fe58179de0f09cc94eb919042b5443052ee419267c2ab52193347e0b8e58d78f", kill_on_drop: false }`
[INFO] running `Command { std: "docker" "inspect" "fe58179de0f09cc94eb919042b5443052ee419267c2ab52193347e0b8e58d78f", kill_on_drop: false }`
[INFO] running `Command { std: "docker" "rm" "-f" "fe58179de0f09cc94eb919042b5443052ee419267c2ab52193347e0b8e58d78f", kill_on_drop: false }`
[INFO] [stdout] fe58179de0f09cc94eb919042b5443052ee419267c2ab52193347e0b8e58d78f
[INFO] running `Command { std: "docker" "create" "-v" "/var/lib/crater-agent-workspace/builds/worker-5/target:/opt/rustwide/target:rw,Z" "-v" "/var/lib/crater-agent-workspace/builds/worker-5/source:/opt/rustwide/workdir:ro,Z" "-v" "/var/lib/crater-agent-workspace/cargo-home:/opt/rustwide/cargo-home:ro,Z" "-v" "/var/lib/crater-agent-workspace/rustup-home:/opt/rustwide/rustup-home:ro,Z" "-e" "SOURCE_DIR=/opt/rustwide/workdir" "-e" "CARGO_TARGET_DIR=/opt/rustwide/target" "-e" "CARGO_INCREMENTAL=0" "-e" "RUST_BACKTRACE=full" "-e" "RUSTDOCFLAGS=--cap-lints=warn" "-e" "CARGO_HOME=/opt/rustwide/cargo-home" "-e" "RUSTUP_HOME=/opt/rustwide/rustup-home" "-w" "/opt/rustwide/workdir" "-m" "1610612736" "--user" "0:0" "--network" "none" "ghcr.io/rust-lang/crates-build-env/linux@sha256:34b6a614d2c27851fe6cbf88fbd1137609cefab8b10d0615aaeb6fd47975d74e" "/opt/rustwide/cargo-home/bin/cargo" "+1.54.0" "doc" "--frozen" "--no-deps" "--document-private-items" "--message-format=json", kill_on_drop: false }`
[INFO] [stdout] 0873bc8a11a585a23a400a48d56b2171e754bd05ef0320498a53a4104d00dd90
[INFO] running `Command { std: "docker" "start" "-a" "0873bc8a11a585a23a400a48d56b2171e754bd05ef0320498a53a4104d00dd90", kill_on_drop: false }`
[INFO] [stderr]     Blocking waiting for file lock on package cache
[INFO] [stderr]    Compiling libc v0.2.69
[INFO] [stderr]    Compiling proc-macro2 v1.0.10
[INFO] [stderr]    Compiling unicode-xid v0.2.0
[INFO] [stderr]    Compiling bitflags v1.2.1
[INFO] [stderr]    Compiling syn v1.0.18
[INFO] [stderr]    Compiling nix v0.17.0
[INFO] [stderr]    Compiling log v0.4.8
[INFO] [stderr]    Compiling memchr v2.3.3
[INFO] [stderr]    Compiling winapi v0.3.8
[INFO] [stderr]     Checking void v1.0.2
[INFO] [stderr]     Checking utf8parse v0.2.0
[INFO] [stderr]     Checking unicode-width v0.1.7
[INFO] [stderr]     Checking unicode-segmentation v1.6.0
[INFO] [stderr]     Checking thread_local v1.0.1
[INFO] [stderr]     Checking fuzzy-matcher v0.3.4
[INFO] [stderr]    Compiling quote v1.0.3
[INFO] [stderr]     Checking dirs-sys v0.3.4
[INFO] [stderr]     Checking dirs v2.0.2
[INFO] [stderr]    Compiling rustyline-derive v0.3.1
[INFO] [stderr]     Checking rustyline v6.1.2
[INFO] [stderr]  Documenting fuzzyfocus v0.1.0 (/opt/rustwide/workdir)
[INFO] [stdout] error[E0433]: failed to resolve: could not find `windows` in `os`
[INFO] [stdout]  --> src/main.rs:1:30
[INFO] [stdout]   |
[INFO] [stdout] 1 | use std::{ffi::OsString, os::windows::ffi::OsStringExt};
[INFO] [stdout]   |                              ^^^^^^^ could not find `windows` in `os`
[INFO] [stdout] 
[INFO] [stdout] 
[INFO] [stdout] error[E0433]: failed to resolve: could not find `shared` in `winapi`
[INFO] [stdout]  --> src/main.rs:4:5
[INFO] [stdout]   |
[INFO] [stdout] 4 |     shared::{
[INFO] [stdout]   |     ^^^^^^ could not find `shared` in `winapi`
[INFO] [stdout] 
[INFO] [stdout] 
[INFO] [stdout] error[E0433]: failed to resolve: could not find `um` in `winapi`
[INFO] [stdout]  --> src/main.rs:8:5
[INFO] [stdout]   |
[INFO] [stdout] 8 |     um::{
[INFO] [stdout]   |     ^^ could not find `um` in `winapi`
[INFO] [stdout] 
[INFO] [stdout] 
[INFO] [stdout] error[E0432]: unresolved import `winapi::um`
[INFO] [stdout]  --> src/main.rs:8:5
[INFO] [stdout]   |
[INFO] [stdout] 8 |     um::{
[INFO] [stdout]   |     ^^ could not find `um` in `winapi`
[INFO] [stdout] 
[INFO] [stdout] 
[INFO] [stdout] error[E0412]: cannot find type `HWND` in this scope
[INFO] [stdout]   --> src/main.rs:20:15
[INFO] [stdout]    |
[INFO] [stdout] 20 |     pub hwnd: HWND,
[INFO] [stdout]    |               ^^^^ not found in this scope
[INFO] [stdout] 
[INFO] [stdout] 
[INFO] [stdout] error[E0412]: cannot find type `HWND` in this scope
[INFO] [stdout]   --> src/main.rs:39:33
[INFO] [stdout]    |
[INFO] [stdout] 39 | unsafe fn get_window_name(hwnd: HWND) -> Option<String> {
[INFO] [stdout]    |                                 ^^^^ not found in this scope
[INFO] [stdout] 
[INFO] [stdout] 
[INFO] [stdout] error[E0412]: cannot find type `HWND` in this scope
[INFO] [stdout]   --> src/main.rs:46:55
[INFO] [stdout]    |
[INFO] [stdout] 46 |     unsafe extern "system" fn enum_windows_proc(hwnd: HWND, list_raw: LPARAM) -> i32 {
[INFO] [stdout]    |                                                       ^^^^ not found in this scope
[INFO] [stdout] 
[INFO] [stdout] 
[INFO] [stdout] error[E0412]: cannot find type `LPARAM` in this scope
[INFO] [stdout]   --> src/main.rs:46:71
[INFO] [stdout]    |
[INFO] [stdout] 46 |     unsafe extern "system" fn enum_windows_proc(hwnd: HWND, list_raw: LPARAM) -> i32 {
[INFO] [stdout]    |                                                                       ^^^^^^ not found in this scope
[INFO] [stdout] 
[INFO] [stdout] 
[INFO] [stdout] error[E0412]: cannot find type `HWND` in this scope
[INFO] [stdout]   --> src/main.rs:70:30
[INFO] [stdout]    |
[INFO] [stdout] 70 | unsafe fn focus_window(hwnd: HWND) {
[INFO] [stdout]    |                              ^^^^ not found in this scope
[INFO] [stdout] 
[INFO] [stdout] 
[INFO] [stdout] error: Compilation failed, aborting rustdoc
[INFO] [stdout] 
[INFO] [stdout] 
[INFO] [stdout] error: aborting due to 10 previous errors
[INFO] [stdout] 
[INFO] [stdout] 
[INFO] [stdout] Some errors have detailed explanations: E0412, E0432, E0433.
[INFO] [stdout] 
[INFO] [stdout] For more information about an error, try `rustc --explain E0412`.
[INFO] [stdout] 
[INFO] [stderr] error: could not document `fuzzyfocus`
[INFO] [stderr] 
[INFO] [stderr] Caused by:
[INFO] [stderr]   process didn't exit successfully: `rustdoc --edition=2018 --crate-type bin --crate-name fuzzyfocus src/main.rs -o /opt/rustwide/target/doc --error-format=json --json=diagnostic-rendered-ansi --document-private-items -L dependency=/opt/rustwide/target/debug/deps --extern fuzzy_matcher=/opt/rustwide/target/debug/deps/libfuzzy_matcher-668beb3979d57b91.rmeta --extern rustyline=/opt/rustwide/target/debug/deps/librustyline-3ee3fb381630e2d0.rmeta --extern rustyline_derive=/opt/rustwide/target/debug/deps/librustyline_derive-cb0c6f59f20d2e3f.so --extern winapi=/opt/rustwide/target/debug/deps/libwinapi-ddec710a24f9538e.rmeta --cap-lints=warn --crate-version 0.1.0` (exit status: 1)
[INFO] running `Command { std: "docker" "inspect" "0873bc8a11a585a23a400a48d56b2171e754bd05ef0320498a53a4104d00dd90", kill_on_drop: false }`
[INFO] running `Command { std: "docker" "rm" "-f" "0873bc8a11a585a23a400a48d56b2171e754bd05ef0320498a53a4104d00dd90", kill_on_drop: false }`
[INFO] [stdout] 0873bc8a11a585a23a400a48d56b2171e754bd05ef0320498a53a4104d00dd90
