[INFO] fetching crate fuse3 0.2.1...
[INFO] documenting fuse3-0.2.1 against 1.54.0 for beta-1.55-rustdoc-1
[INFO] extracting crate fuse3 0.2.1 into /workspace/builds/worker-7/source
[INFO] validating manifest of crates.io crate fuse3 0.2.1 on toolchain 1.54.0
[INFO] running `Command { std: "/workspace/cargo-home/bin/cargo" "+1.54.0" "metadata" "--manifest-path" "Cargo.toml" "--no-deps", kill_on_drop: false }`
[INFO] started tweaking crates.io crate fuse3 0.2.1
[INFO] finished tweaking crates.io crate fuse3 0.2.1
[INFO] tweaked toml for crates.io crate fuse3 0.2.1 written to /workspace/builds/worker-7/source/Cargo.toml
[INFO] running `Command { std: "/workspace/cargo-home/bin/cargo" "+1.54.0" "generate-lockfile" "--manifest-path" "Cargo.toml" "-Zno-index-update", kill_on_drop: false }`
[INFO] running `Command { std: "/workspace/cargo-home/bin/cargo" "+1.54.0" "fetch" "--manifest-path" "Cargo.toml", kill_on_drop: false }`
[INFO] running `Command { std: "docker" "create" "-v" "/var/lib/crater-agent-workspace/builds/worker-7/target:/opt/rustwide/target:rw,Z" "-v" "/var/lib/crater-agent-workspace/builds/worker-7/source:/opt/rustwide/workdir:ro,Z" "-v" "/var/lib/crater-agent-workspace/cargo-home:/opt/rustwide/cargo-home:ro,Z" "-v" "/var/lib/crater-agent-workspace/rustup-home:/opt/rustwide/rustup-home:ro,Z" "-e" "SOURCE_DIR=/opt/rustwide/workdir" "-e" "CARGO_TARGET_DIR=/opt/rustwide/target" "-e" "CARGO_HOME=/opt/rustwide/cargo-home" "-e" "RUSTUP_HOME=/opt/rustwide/rustup-home" "-w" "/opt/rustwide/workdir" "-m" "1610612736" "--user" "0:0" "--network" "none" "ghcr.io/rust-lang/crates-build-env/linux@sha256:34b6a614d2c27851fe6cbf88fbd1137609cefab8b10d0615aaeb6fd47975d74e" "/opt/rustwide/cargo-home/bin/cargo" "+1.54.0" "metadata" "--no-deps" "--format-version=1", kill_on_drop: false }`
[INFO] [stderr] WARNING: Your kernel does not support swap limit capabilities or the cgroup is not mounted. Memory limited without swap.
[INFO] [stdout] 2f8ca5d402e1aa148a39052378593de270caf4361944df242dd10cf07d2f2ad2
[INFO] running `Command { std: "docker" "start" "-a" "2f8ca5d402e1aa148a39052378593de270caf4361944df242dd10cf07d2f2ad2", kill_on_drop: false }`
[INFO] running `Command { std: "docker" "inspect" "2f8ca5d402e1aa148a39052378593de270caf4361944df242dd10cf07d2f2ad2", kill_on_drop: false }`
[INFO] running `Command { std: "docker" "rm" "-f" "2f8ca5d402e1aa148a39052378593de270caf4361944df242dd10cf07d2f2ad2", kill_on_drop: false }`
[INFO] [stdout] 2f8ca5d402e1aa148a39052378593de270caf4361944df242dd10cf07d2f2ad2
[INFO] running `Command { std: "docker" "create" "-v" "/var/lib/crater-agent-workspace/builds/worker-7/target:/opt/rustwide/target:rw,Z" "-v" "/var/lib/crater-agent-workspace/builds/worker-7/source:/opt/rustwide/workdir:ro,Z" "-v" "/var/lib/crater-agent-workspace/cargo-home:/opt/rustwide/cargo-home:ro,Z" "-v" "/var/lib/crater-agent-workspace/rustup-home:/opt/rustwide/rustup-home:ro,Z" "-e" "SOURCE_DIR=/opt/rustwide/workdir" "-e" "CARGO_TARGET_DIR=/opt/rustwide/target" "-e" "CARGO_INCREMENTAL=0" "-e" "RUST_BACKTRACE=full" "-e" "RUSTDOCFLAGS=--cap-lints=warn" "-e" "CARGO_HOME=/opt/rustwide/cargo-home" "-e" "RUSTUP_HOME=/opt/rustwide/rustup-home" "-w" "/opt/rustwide/workdir" "-m" "1610612736" "--user" "0:0" "--network" "none" "ghcr.io/rust-lang/crates-build-env/linux@sha256:34b6a614d2c27851fe6cbf88fbd1137609cefab8b10d0615aaeb6fd47975d74e" "/opt/rustwide/cargo-home/bin/cargo" "+1.54.0" "doc" "--frozen" "--no-deps" "--document-private-items" "--message-format=json", kill_on_drop: false }`
[INFO] [stderr] WARNING: Your kernel does not support swap limit capabilities or the cgroup is not mounted. Memory limited without swap.
[INFO] [stdout] e4a171ef669fe5d1ea2188229aa2d86c18da47474e97ce16a0d8b22315686cc2
[INFO] running `Command { std: "docker" "start" "-a" "e4a171ef669fe5d1ea2188229aa2d86c18da47474e97ce16a0d8b22315686cc2", kill_on_drop: false }`
[INFO] [stderr]    Compiling libc v0.2.98
[INFO] [stderr]     Checking futures-sink v0.3.16
[INFO] [stderr]    Compiling futures-channel v0.3.16
[INFO] [stderr]    Compiling futures-util v0.3.16
[INFO] [stderr]    Compiling futures-macro v0.3.16
[INFO] [stderr]     Checking serde v1.0.127
[INFO] [stderr]     Checking tracing v0.1.26
[INFO] [stderr]     Checking nix v0.20.0
[INFO] [stderr]     Checking bincode v1.3.3
[INFO] [stderr]  Documenting fuse3 v0.2.1 (/opt/rustwide/workdir)
[INFO] [stdout] error[E0432]: unresolved import `session::Session`
[INFO] [stdout]  --> src/path/mod.rs:8:9
[INFO] [stdout]   |
[INFO] [stdout] 8 | pub use session::Session;
[INFO] [stdout]   |         ^^^^^^^^^^^^^^^^ no `Session` in `path::session`
[INFO] [stdout] 
[INFO] [stdout] 
[INFO] [stdout] error[E0432]: unresolved import `super::Session`
[INFO] [stdout]   --> src/raw/mod.rs:30:13
[INFO] [stdout]    |
[INFO] [stdout] 30 |     pub use super::Session;
[INFO] [stdout]    |             ^^^^^^^-------
[INFO] [stdout]    |             |      |
[INFO] [stdout]    |             |      help: a similar name exists in the module (notice the capitalization): `session`
[INFO] [stdout]    |             no `Session` in `raw`
[INFO] [stdout] 
[INFO] [stdout] 
[INFO] [stdout] error[E0412]: cannot find type `RwLock` in this scope
[INFO] [stdout]    --> src/path/inode_path_bridge.rs:110:25
[INFO] [stdout]     |
[INFO] [stdout] 110 |     inode_name_manager: RwLock<InodeNameManager>,
[INFO] [stdout]     |                         ^^^^^^ not found in this scope
[INFO] [stdout]     |
[INFO] [stdout] help: consider importing this struct
[INFO] [stdout]     |
[INFO] [stdout] 1   | use std::sync::RwLock;
[INFO] [stdout]     |
[INFO] [stdout] 
[INFO] [stdout] 
[INFO] [stdout] error: Compilation failed, aborting rustdoc
[INFO] [stdout] 
[INFO] [stdout] 
[INFO] [stdout] error: aborting due to 4 previous errors
[INFO] [stdout] 
[INFO] [stdout] 
[INFO] [stdout] Some errors have detailed explanations: E0412, E0432.
[INFO] [stdout] 
[INFO] [stdout] For more information about an error, try `rustc --explain E0412`.
[INFO] [stdout] 
[INFO] [stderr] error: could not document `fuse3`
[INFO] [stderr] 
[INFO] [stderr] Caused by:
[INFO] [stderr]   process didn't exit successfully: `rustdoc --edition=2018 --crate-type lib --crate-name fuse3 src/lib.rs -o /opt/rustwide/target/doc --error-format=json --json=diagnostic-rendered-ansi --document-private-items -L dependency=/opt/rustwide/target/debug/deps --extern async_trait=/opt/rustwide/target/debug/deps/libasync_trait-e856fd626e604e49.so --extern bincode=/opt/rustwide/target/debug/deps/libbincode-d2b491aad6306fc0.rmeta --extern bytes=/opt/rustwide/target/debug/deps/libbytes-7b9084f8ae89ce82.rmeta --extern futures_channel=/opt/rustwide/target/debug/deps/libfutures_channel-dac9526cc29216c4.rmeta --extern futures_util=/opt/rustwide/target/debug/deps/libfutures_util-9b9ac98632dd7fe0.rmeta --extern libc=/opt/rustwide/target/debug/deps/liblibc-5843a6bc012a5731.rmeta --extern nix=/opt/rustwide/target/debug/deps/libnix-d1ae4f383d5b5b1e.rmeta --extern serde=/opt/rustwide/target/debug/deps/libserde-df1c680f233dbcab.rmeta --extern slab=/opt/rustwide/target/debug/deps/libslab-95d9fc37d094a7dd.rmeta --extern tracing=/opt/rustwide/target/debug/deps/libtracing-b4f94ba70ba342f9.rmeta --cap-lints=warn --crate-version 0.2.1` (exit status: 1)
[INFO] running `Command { std: "docker" "inspect" "e4a171ef669fe5d1ea2188229aa2d86c18da47474e97ce16a0d8b22315686cc2", kill_on_drop: false }`
[INFO] running `Command { std: "docker" "rm" "-f" "e4a171ef669fe5d1ea2188229aa2d86c18da47474e97ce16a0d8b22315686cc2", kill_on_drop: false }`
[INFO] [stdout] e4a171ef669fe5d1ea2188229aa2d86c18da47474e97ce16a0d8b22315686cc2
