[INFO] fetching crate file-sniffer 3.0.1...
[INFO] documenting file-sniffer-3.0.1 against beta-2021-08-01 for beta-1.55-rustdoc-1
[INFO] extracting crate file-sniffer 3.0.1 into /workspace/builds/worker-11/source
[INFO] validating manifest of crates.io crate file-sniffer 3.0.1 on toolchain beta-2021-08-01
[INFO] running `Command { std: "/workspace/cargo-home/bin/cargo" "+beta-2021-08-01" "metadata" "--manifest-path" "Cargo.toml" "--no-deps", kill_on_drop: false }`
[INFO] removed /workspace/builds/worker-11/source/.cargo/config
[INFO] started tweaking crates.io crate file-sniffer 3.0.1
[INFO] finished tweaking crates.io crate file-sniffer 3.0.1
[INFO] tweaked toml for crates.io crate file-sniffer 3.0.1 written to /workspace/builds/worker-11/source/Cargo.toml
[INFO] running `Command { std: "/workspace/cargo-home/bin/cargo" "+beta-2021-08-01" "generate-lockfile" "--manifest-path" "Cargo.toml" "-Zno-index-update", kill_on_drop: false }`
[INFO] running `Command { std: "/workspace/cargo-home/bin/cargo" "+beta-2021-08-01" "fetch" "--manifest-path" "Cargo.toml", kill_on_drop: false }`
[INFO] [stderr] warning: file found to be present in multiple build targets: /workspace/builds/worker-11/source/src/main.rs
[INFO] [stderr]  Downloading crates ...
[INFO] [stderr]   Downloaded yaml-rust v0.3.5
[INFO] [stderr]   Downloaded pad v0.1.6
[INFO] [stderr]   Downloaded globset v0.2.1
[INFO] [stderr]   Downloaded ignore v0.2.2
[INFO] running `Command { std: "docker" "create" "-v" "/var/lib/crater-agent-workspace/builds/worker-11/target:/opt/rustwide/target:rw,Z" "-v" "/var/lib/crater-agent-workspace/builds/worker-11/source:/opt/rustwide/workdir:ro,Z" "-v" "/var/lib/crater-agent-workspace/cargo-home:/opt/rustwide/cargo-home:ro,Z" "-v" "/var/lib/crater-agent-workspace/rustup-home:/opt/rustwide/rustup-home:ro,Z" "-e" "SOURCE_DIR=/opt/rustwide/workdir" "-e" "CARGO_TARGET_DIR=/opt/rustwide/target" "-e" "CARGO_HOME=/opt/rustwide/cargo-home" "-e" "RUSTUP_HOME=/opt/rustwide/rustup-home" "-w" "/opt/rustwide/workdir" "-m" "1610612736" "--user" "0:0" "--network" "none" "ghcr.io/rust-lang/crates-build-env/linux@sha256:34b6a614d2c27851fe6cbf88fbd1137609cefab8b10d0615aaeb6fd47975d74e" "/opt/rustwide/cargo-home/bin/cargo" "+beta-2021-08-01" "metadata" "--no-deps" "--format-version=1", kill_on_drop: false }`
[INFO] [stdout] 906911aff4179265bf85ed3a513a60dd9c870aa937d24cf56cbebe994fd8f56c
[INFO] running `Command { std: "docker" "start" "-a" "906911aff4179265bf85ed3a513a60dd9c870aa937d24cf56cbebe994fd8f56c", kill_on_drop: false }`
[INFO] running `Command { std: "docker" "inspect" "906911aff4179265bf85ed3a513a60dd9c870aa937d24cf56cbebe994fd8f56c", kill_on_drop: false }`
[INFO] running `Command { std: "docker" "rm" "-f" "906911aff4179265bf85ed3a513a60dd9c870aa937d24cf56cbebe994fd8f56c", kill_on_drop: false }`
[INFO] [stdout] 906911aff4179265bf85ed3a513a60dd9c870aa937d24cf56cbebe994fd8f56c
[INFO] running `Command { std: "docker" "create" "-v" "/var/lib/crater-agent-workspace/builds/worker-11/target:/opt/rustwide/target:rw,Z" "-v" "/var/lib/crater-agent-workspace/builds/worker-11/source:/opt/rustwide/workdir:ro,Z" "-v" "/var/lib/crater-agent-workspace/cargo-home:/opt/rustwide/cargo-home:ro,Z" "-v" "/var/lib/crater-agent-workspace/rustup-home:/opt/rustwide/rustup-home:ro,Z" "-e" "SOURCE_DIR=/opt/rustwide/workdir" "-e" "CARGO_TARGET_DIR=/opt/rustwide/target" "-e" "CARGO_INCREMENTAL=0" "-e" "RUST_BACKTRACE=full" "-e" "RUSTDOCFLAGS=--cap-lints=warn" "-e" "CARGO_HOME=/opt/rustwide/cargo-home" "-e" "RUSTUP_HOME=/opt/rustwide/rustup-home" "-w" "/opt/rustwide/workdir" "-m" "1610612736" "--user" "0:0" "--network" "none" "ghcr.io/rust-lang/crates-build-env/linux@sha256:34b6a614d2c27851fe6cbf88fbd1137609cefab8b10d0615aaeb6fd47975d74e" "/opt/rustwide/cargo-home/bin/cargo" "+beta-2021-08-01" "doc" "--frozen" "--no-deps" "--document-private-items" "--message-format=json", kill_on_drop: false }`
[INFO] [stdout] 19808ee59cd545d2f3b4369084fdb1f3e2bd06316567ff8c574f9fd8dcdabd83
[INFO] running `Command { std: "docker" "start" "-a" "19808ee59cd545d2f3b4369084fdb1f3e2bd06316567ff8c574f9fd8dcdabd83", kill_on_drop: false }`
[INFO] [stderr] warning: file found to be present in multiple build targets: /opt/rustwide/workdir/src/main.rs
[INFO] [stderr]     Blocking waiting for file lock on package cache
[INFO] [stderr]    Compiling libc v0.2.98
[INFO] [stderr]    Compiling yaml-rust v0.3.5
[INFO] [stderr]     Checking same-file v0.1.3
[INFO] [stderr]     Checking crossbeam v0.2.12
[INFO] [stderr]     Checking regex-syntax v0.5.6
[INFO] [stderr]    Compiling regex v0.2.11
[INFO] [stderr]     Checking walkdir v1.0.7
[INFO] [stderr]    Compiling atty v0.2.14
[INFO] [stderr]     Checking memchr v1.0.2
[INFO] [stderr]    Compiling clap v2.33.3
[INFO] [stderr]     Checking colored v1.9.3
[INFO] [stderr]     Checking nom v3.2.1
[INFO] [stderr]     Checking globset v0.2.1
[INFO] [stderr]     Checking ignore v0.2.2
[INFO] [stderr]    Compiling file-sniffer v3.0.1 (/opt/rustwide/workdir)
[INFO] [stderr]  Documenting file-sniffer v3.0.1 (/opt/rustwide/workdir)
[INFO] [stdout] warning: unknown lint: `match_ref_pats`
[INFO] [stdout]  --> src/lib.rs:3:10
[INFO] [stdout]   |
[INFO] [stdout] 3 | #![allow(match_ref_pats)]
[INFO] [stdout]   |          ^^^^^^^^^^^^^^
[INFO] [stdout]   |
[INFO] [stdout]   = note: `#[warn(unknown_lints)]` on by default
[INFO] [stdout] 
[INFO] [stdout] 
[INFO] [stdout] warning: unknown lint: `too_many_arguments`
[INFO] [stdout]  --> src/lib.rs:4:10
[INFO] [stdout]   |
[INFO] [stdout] 4 | #![allow(too_many_arguments)]
[INFO] [stdout]   |          ^^^^^^^^^^^^^^^^^^
[INFO] [stdout] 
[INFO] [stdout] 
[INFO] [stdout] warning: unknown lint: `match_ref_pats`
[INFO] [stdout]  --> src/lib.rs:3:10
[INFO] [stdout]   |
[INFO] [stdout] 3 | #![allow(match_ref_pats)]
[INFO] [stdout]   |          ^^^^^^^^^^^^^^
[INFO] [stdout]   |
[INFO] [stdout]   = note: `#[warn(unknown_lints)]` on by default
[INFO] [stdout] 
[INFO] [stdout] 
[INFO] [stdout] warning: unknown lint: `too_many_arguments`
[INFO] [stdout]  --> src/lib.rs:4:10
[INFO] [stdout]   |
[INFO] [stdout] 4 | #![allow(too_many_arguments)]
[INFO] [stdout]   |          ^^^^^^^^^^^^^^^^^^
[INFO] [stdout] 
[INFO] [stdout] 
[INFO] [stdout] error[E0554]: `#![feature]` may not be used on the beta release channel
[INFO] [stdout]  --> src/lib.rs:1:1
[INFO] [stdout]   |
[INFO] [stdout] 1 | #![feature(test)]
[INFO] [stdout]   | ^^^^^^^^^^^^^^^^^
[INFO] [stdout] 
[INFO] [stdout] 
[INFO] [stdout] error[E0554]: `#![feature]` may not be used on the beta release channel
[INFO] [stdout]  --> src/lib.rs:2:1
[INFO] [stdout]   |
[INFO] [stdout] 2 | #![feature(integer_atomics)] 
[INFO] [stdout]   | ^^^^^^^^^^^^^^^^^^^^^^^^^^^^
[INFO] [stdout] 
[INFO] [stdout] 
[INFO] [stdout] error[E0554]: `#![feature]` may not be used on the beta release channel
[INFO] [stdout]  --> src/lib.rs:1:1
[INFO] [stdout]   |
[INFO] [stdout] 1 | #![feature(test)]
[INFO] [stdout]   | ^^^^^^^^^^^^^^^^^
[INFO] [stdout] 
[INFO] [stdout] 
[INFO] [stdout] error[E0554]: `#![feature]` may not be used on the beta release channel
[INFO] [stdout]  --> src/lib.rs:2:1
[INFO] [stdout]   |
[INFO] [stdout] 2 | #![feature(integer_atomics)] 
[INFO] [stdout]   | ^^^^^^^^^^^^^^^^^^^^^^^^^^^^
[INFO] [stdout] 
[INFO] [stdout] 
[INFO] [stdout] error: Compilation failed, aborting rustdoc
[INFO] [stdout] 
[INFO] [stdout] 
[INFO] [stdout] warning: use of deprecated constant `std::sync::ONCE_INIT`: the `new` function is now preferred
[INFO] [stdout]   --> src/lib.rs:85:13
[INFO] [stdout]    |
[INFO] [stdout] 85 | / ...   lazy_static! {
[INFO] [stdout] 86 | | ...       static ref REGEX: Regex = 
[INFO] [stdout] 87 | | ...           Regex::new(r".*?\.(a|la|lo|o|ll|keter|bc|dyn_o|out|d|rlib|crate|min\.js|hi|dyn_hi|S|jsexe|webapp|js\.externs|ibc|toc|aux|fd...
[INFO] [stdout] 88 | | ...           .unwrap();
[INFO] [stdout] 89 | | ...   }
[INFO] [stdout]    | |_______^
[INFO] [stdout]    |
[INFO] [stdout]    = note: `#[warn(deprecated)]` on by default
[INFO] [stdout]    = note: this warning originates in the macro `__lazy_static_create` (in Nightly builds, run with -Z macro-backtrace for more info)
[INFO] [stdout] 
[INFO] [stdout] 
[INFO] [stdout] error: aborting due to 3 previous errors; 2 warnings emitted
[INFO] [stdout] 
[INFO] [stdout] 
[INFO] [stdout] warning: use of deprecated constant `std::sync::ONCE_INIT`: the `new` function is now preferred
[INFO] [stdout]   --> src/lib.rs:90:13
[INFO] [stdout]    |
[INFO] [stdout] 90 | /             lazy_static! {
[INFO] [stdout] 91 | |                 static ref REGEX_GITIGNORE: Regex = 
[INFO] [stdout] 92 | |                     Regex::new(r".*?\.(stats|conf|h|cache.*|dat|pc|info)$")
[INFO] [stdout] 93 | |                     .unwrap();
[INFO] [stdout] 94 | |             }
[INFO] [stdout]    | |_____________^
[INFO] [stdout]    |
[INFO] [stdout]    = note: this warning originates in the macro `__lazy_static_create` (in Nightly builds, run with -Z macro-backtrace for more info)
[INFO] [stdout] 
[INFO] [stdout] 
[INFO] [stdout] For more information about this error, try `rustc --explain E0554`.
[INFO] [stdout] 
[INFO] [stderr] error: could not document `file-sniffer`
[INFO] [stderr] 
[INFO] [stderr] Caused by:
[INFO] [stderr]   process didn't exit successfully: `rustdoc --crate-type lib --crate-name libsniff src/lib.rs -o /opt/rustwide/target/doc --cfg 'feature="default"' --cfg 'feature="english"' --error-format=json --json=diagnostic-rendered-ansi --document-private-items -L dependency=/opt/rustwide/target/debug/deps --extern clap=/opt/rustwide/target/debug/deps/libclap-2340b9a87c51abc7.rmeta --extern colored=/opt/rustwide/target/debug/deps/libcolored-7443b70dc5be37ef.rmeta --extern ignore=/opt/rustwide/target/debug/deps/libignore-1229003e4173a421.rmeta --extern lazy_static=/opt/rustwide/target/debug/deps/liblazy_static-3453b70e3ad5260c.rmeta --extern nom=/opt/rustwide/target/debug/deps/libnom-7c3b55866b14a9e1.rmeta --extern pad=/opt/rustwide/target/debug/deps/libpad-fe2448656a269b5c.rmeta --extern regex=/opt/rustwide/target/debug/deps/libregex-add8057423b0939b.rmeta --cap-lints=warn --crate-version 3.0.1` (exit status: 1)
[INFO] [stderr] warning: build failed, waiting for other jobs to finish...
[INFO] [stdout] error: aborting due to 2 previous errors; 4 warnings emitted
[INFO] [stdout] 
[INFO] [stdout] 
[INFO] [stdout] For more information about this error, try `rustc --explain E0554`.
[INFO] [stdout] 
[INFO] [stderr] error: build failed
[INFO] running `Command { std: "docker" "inspect" "19808ee59cd545d2f3b4369084fdb1f3e2bd06316567ff8c574f9fd8dcdabd83", kill_on_drop: false }`
[INFO] running `Command { std: "docker" "rm" "-f" "19808ee59cd545d2f3b4369084fdb1f3e2bd06316567ff8c574f9fd8dcdabd83", kill_on_drop: false }`
[INFO] [stdout] 19808ee59cd545d2f3b4369084fdb1f3e2bd06316567ff8c574f9fd8dcdabd83
