[INFO] fetching crate elrond-wasm 0.18.0...
[INFO] documenting elrond-wasm-0.18.0 against beta-2021-08-01 for beta-1.55-rustdoc-1
[INFO] extracting crate elrond-wasm 0.18.0 into /workspace/builds/worker-33/source
[INFO] validating manifest of crates.io crate elrond-wasm 0.18.0 on toolchain beta-2021-08-01
[INFO] running `Command { std: "/workspace/cargo-home/bin/cargo" "+beta-2021-08-01" "metadata" "--manifest-path" "Cargo.toml" "--no-deps", kill_on_drop: false }`
[INFO] started tweaking crates.io crate elrond-wasm 0.18.0
[INFO] finished tweaking crates.io crate elrond-wasm 0.18.0
[INFO] tweaked toml for crates.io crate elrond-wasm 0.18.0 written to /workspace/builds/worker-33/source/Cargo.toml
[INFO] running `Command { std: "/workspace/cargo-home/bin/cargo" "+beta-2021-08-01" "generate-lockfile" "--manifest-path" "Cargo.toml" "-Zno-index-update", kill_on_drop: false }`
[INFO] [stderr]     Blocking waiting for file lock on package cache
[INFO] running `Command { std: "/workspace/cargo-home/bin/cargo" "+beta-2021-08-01" "fetch" "--manifest-path" "Cargo.toml", kill_on_drop: false }`
[INFO] [stderr]     Blocking waiting for file lock on package cache
[INFO] [stderr]  Downloading crates ...
[INFO] [stderr]   Downloaded elrond-wasm-derive v0.18.0
[INFO] running `Command { std: "docker" "create" "-v" "/var/lib/crater-agent-workspace/builds/worker-33/target:/opt/rustwide/target:rw,Z" "-v" "/var/lib/crater-agent-workspace/builds/worker-33/source:/opt/rustwide/workdir:ro,Z" "-v" "/var/lib/crater-agent-workspace/cargo-home:/opt/rustwide/cargo-home:ro,Z" "-v" "/var/lib/crater-agent-workspace/rustup-home:/opt/rustwide/rustup-home:ro,Z" "-e" "SOURCE_DIR=/opt/rustwide/workdir" "-e" "CARGO_TARGET_DIR=/opt/rustwide/target" "-e" "CARGO_HOME=/opt/rustwide/cargo-home" "-e" "RUSTUP_HOME=/opt/rustwide/rustup-home" "-w" "/opt/rustwide/workdir" "-m" "1610612736" "--user" "0:0" "--network" "none" "ghcr.io/rust-lang/crates-build-env/linux@sha256:34b6a614d2c27851fe6cbf88fbd1137609cefab8b10d0615aaeb6fd47975d74e" "/opt/rustwide/cargo-home/bin/cargo" "+beta-2021-08-01" "metadata" "--no-deps" "--format-version=1", kill_on_drop: false }`
[INFO] [stdout] e9b4b0ee133b902fa11df6be5a1d5e63d30e2d202df9d1a16b3a20160e47cb5f
[INFO] running `Command { std: "docker" "start" "-a" "e9b4b0ee133b902fa11df6be5a1d5e63d30e2d202df9d1a16b3a20160e47cb5f", kill_on_drop: false }`
[INFO] running `Command { std: "docker" "inspect" "e9b4b0ee133b902fa11df6be5a1d5e63d30e2d202df9d1a16b3a20160e47cb5f", kill_on_drop: false }`
[INFO] running `Command { std: "docker" "rm" "-f" "e9b4b0ee133b902fa11df6be5a1d5e63d30e2d202df9d1a16b3a20160e47cb5f", kill_on_drop: false }`
[INFO] [stdout] e9b4b0ee133b902fa11df6be5a1d5e63d30e2d202df9d1a16b3a20160e47cb5f
[INFO] running `Command { std: "docker" "create" "-v" "/var/lib/crater-agent-workspace/builds/worker-33/target:/opt/rustwide/target:rw,Z" "-v" "/var/lib/crater-agent-workspace/builds/worker-33/source:/opt/rustwide/workdir:ro,Z" "-v" "/var/lib/crater-agent-workspace/cargo-home:/opt/rustwide/cargo-home:ro,Z" "-v" "/var/lib/crater-agent-workspace/rustup-home:/opt/rustwide/rustup-home:ro,Z" "-e" "SOURCE_DIR=/opt/rustwide/workdir" "-e" "CARGO_TARGET_DIR=/opt/rustwide/target" "-e" "CARGO_INCREMENTAL=0" "-e" "RUST_BACKTRACE=full" "-e" "RUSTDOCFLAGS=--cap-lints=warn" "-e" "CARGO_HOME=/opt/rustwide/cargo-home" "-e" "RUSTUP_HOME=/opt/rustwide/rustup-home" "-w" "/opt/rustwide/workdir" "-m" "1610612736" "--user" "0:0" "--network" "none" "ghcr.io/rust-lang/crates-build-env/linux@sha256:34b6a614d2c27851fe6cbf88fbd1137609cefab8b10d0615aaeb6fd47975d74e" "/opt/rustwide/cargo-home/bin/cargo" "+beta-2021-08-01" "doc" "--frozen" "--no-deps" "--document-private-items" "--message-format=json", kill_on_drop: false }`
[INFO] [stdout] bb3632fbad77d9f57101f5830f4e84cb9dae93419e12509af3c0e166d81eee86
[INFO] running `Command { std: "docker" "start" "-a" "bb3632fbad77d9f57101f5830f4e84cb9dae93419e12509af3c0e166d81eee86", kill_on_drop: false }`
[INFO] [stderr]     Blocking waiting for file lock on package cache
[INFO] [stderr]    Compiling syn v1.0.74
[INFO] [stderr]    Compiling wee_alloc v0.4.5
[INFO] [stderr]     Checking memory_units v0.4.0
[INFO] [stderr]    Compiling hex v0.4.3
[INFO] [stderr]     Checking once_cell v1.8.0
[INFO] [stderr]     Checking arrayvec v0.5.2
[INFO] [stderr]     Checking arrayvec v0.7.1
[INFO] [stderr]    Compiling hex-literal v0.3.3
[INFO] [stderr]    Compiling ahash v0.7.4
[INFO] [stderr]     Checking getrandom v0.2.3
[INFO] [stderr]     Checking hashbrown v0.11.2
[INFO] [stderr]    Compiling elrond-codec-derive v0.5.3
[INFO] [stderr]     Checking elrond-codec v0.5.3
[INFO] [stderr]  Documenting elrond-wasm v0.18.0 (/opt/rustwide/workdir)
[INFO] [stdout] error[E0554]: `#![feature]` may not be used on the beta release channel
[INFO] [stdout]  --> src/lib.rs:2:1
[INFO] [stdout]   |
[INFO] [stdout] 2 | #![feature(never_type)]
[INFO] [stdout]   | ^^^^^^^^^^^^^^^^^^^^^^^
[INFO] [stdout] 
[INFO] [stdout] 
[INFO] [stdout] error[E0554]: `#![feature]` may not be used on the beta release channel
[INFO] [stdout]  --> src/lib.rs:3:1
[INFO] [stdout]   |
[INFO] [stdout] 3 | #![feature(try_trait_v2)]
[INFO] [stdout]   | ^^^^^^^^^^^^^^^^^^^^^^^^^
[INFO] [stdout] 
[INFO] [stdout] 
[INFO] [stdout] error[E0554]: `#![feature]` may not be used on the beta release channel
[INFO] [stdout]  --> src/lib.rs:4:1
[INFO] [stdout]   |
[INFO] [stdout] 4 | #![feature(control_flow_enum)]
[INFO] [stdout]   | ^^^^^^^^^^^^^^^^^^^^^^^^^^^^^^
[INFO] [stdout] 
[INFO] [stdout] 
[INFO] [stdout] error: Compilation failed, aborting rustdoc
[INFO] [stdout] 
[INFO] [stdout] 
[INFO] [stdout] error: aborting due to 4 previous errors
[INFO] [stdout] 
[INFO] [stdout] 
[INFO] [stdout] For more information about this error, try `rustc --explain E0554`.
[INFO] [stdout] 
[INFO] [stderr] error: could not document `elrond-wasm`
[INFO] [stderr] 
[INFO] [stderr] Caused by:
[INFO] [stderr]   process didn't exit successfully: `rustdoc --edition=2018 --crate-type lib --crate-name elrond_wasm src/lib.rs -o /opt/rustwide/target/doc --error-format=json --json=diagnostic-rendered-ansi --document-private-items -L dependency=/opt/rustwide/target/debug/deps --extern arrayvec=/opt/rustwide/target/debug/deps/libarrayvec-ae492a45180a7222.rmeta --extern elrond_codec=/opt/rustwide/target/debug/deps/libelrond_codec-2809fdd3e5ea7252.rmeta --extern hashbrown=/opt/rustwide/target/debug/deps/libhashbrown-5910d52e8f5ab46d.rmeta --extern hex_literal=/opt/rustwide/target/debug/deps/libhex_literal-4fc40c49d04f3bfc.so --extern wee_alloc=/opt/rustwide/target/debug/deps/libwee_alloc-b6a6b2cf5916d69f.rmeta --cap-lints=warn --crate-version 0.18.0` (exit status: 1)
[INFO] running `Command { std: "docker" "inspect" "bb3632fbad77d9f57101f5830f4e84cb9dae93419e12509af3c0e166d81eee86", kill_on_drop: false }`
[INFO] running `Command { std: "docker" "rm" "-f" "bb3632fbad77d9f57101f5830f4e84cb9dae93419e12509af3c0e166d81eee86", kill_on_drop: false }`
[INFO] [stdout] bb3632fbad77d9f57101f5830f4e84cb9dae93419e12509af3c0e166d81eee86
