[INFO] fetching crate elfredo 0.1.1...
[INFO] documenting elfredo-0.1.1 against beta-2021-08-01 for beta-1.55-rustdoc-1
[INFO] extracting crate elfredo 0.1.1 into /workspace/builds/worker-44/source
[INFO] validating manifest of crates.io crate elfredo 0.1.1 on toolchain beta-2021-08-01
[INFO] running `Command { std: "/workspace/cargo-home/bin/cargo" "+beta-2021-08-01" "metadata" "--manifest-path" "Cargo.toml" "--no-deps", kill_on_drop: false }`
[INFO] started tweaking crates.io crate elfredo 0.1.1
[INFO] finished tweaking crates.io crate elfredo 0.1.1
[INFO] tweaked toml for crates.io crate elfredo 0.1.1 written to /workspace/builds/worker-44/source/Cargo.toml
[INFO] crate crates.io crate elfredo 0.1.1 already has a lockfile, it will not be regenerated
[INFO] running `Command { std: "/workspace/cargo-home/bin/cargo" "+beta-2021-08-01" "fetch" "--manifest-path" "Cargo.toml", kill_on_drop: false }`
[INFO] [stderr]     Blocking waiting for file lock on package cache
[INFO] [stderr]  Downloading crates ...
[INFO] [stderr]   Downloaded semver v0.10.0
[INFO] [stderr]   Downloaded scroll_derive v0.10.5
[INFO] [stderr]   Downloaded backtrace v0.3.58
[INFO] [stderr]   Downloaded cargo-binutils v0.3.3
[INFO] [stderr]   Downloaded rustc-cfg v0.4.0
[INFO] [stderr]   Downloaded cargo_metadata v0.11.4
[INFO] [stderr]   Downloaded regex v1.5.3
[INFO] [stderr]   Downloaded goblin v0.4.0
[INFO] running `Command { std: "docker" "create" "-v" "/var/lib/crater-agent-workspace/builds/worker-44/target:/opt/rustwide/target:rw,Z" "-v" "/var/lib/crater-agent-workspace/builds/worker-44/source:/opt/rustwide/workdir:ro,Z" "-v" "/var/lib/crater-agent-workspace/cargo-home:/opt/rustwide/cargo-home:ro,Z" "-v" "/var/lib/crater-agent-workspace/rustup-home:/opt/rustwide/rustup-home:ro,Z" "-e" "SOURCE_DIR=/opt/rustwide/workdir" "-e" "CARGO_TARGET_DIR=/opt/rustwide/target" "-e" "CARGO_HOME=/opt/rustwide/cargo-home" "-e" "RUSTUP_HOME=/opt/rustwide/rustup-home" "-w" "/opt/rustwide/workdir" "-m" "1610612736" "--user" "0:0" "--network" "none" "ghcr.io/rust-lang/crates-build-env/linux@sha256:34b6a614d2c27851fe6cbf88fbd1137609cefab8b10d0615aaeb6fd47975d74e" "/opt/rustwide/cargo-home/bin/cargo" "+beta-2021-08-01" "metadata" "--no-deps" "--format-version=1", kill_on_drop: false }`
[INFO] [stdout] 63ea56a7e6de2ec88abd90db07c43ade938a07d4c1b326d397d674d3a09ec6ec
[INFO] running `Command { std: "docker" "start" "-a" "63ea56a7e6de2ec88abd90db07c43ade938a07d4c1b326d397d674d3a09ec6ec", kill_on_drop: false }`
[INFO] running `Command { std: "docker" "inspect" "63ea56a7e6de2ec88abd90db07c43ade938a07d4c1b326d397d674d3a09ec6ec", kill_on_drop: false }`
[INFO] running `Command { std: "docker" "rm" "-f" "63ea56a7e6de2ec88abd90db07c43ade938a07d4c1b326d397d674d3a09ec6ec", kill_on_drop: false }`
[INFO] [stdout] 63ea56a7e6de2ec88abd90db07c43ade938a07d4c1b326d397d674d3a09ec6ec
[INFO] running `Command { std: "docker" "create" "-v" "/var/lib/crater-agent-workspace/builds/worker-44/target:/opt/rustwide/target:rw,Z" "-v" "/var/lib/crater-agent-workspace/builds/worker-44/source:/opt/rustwide/workdir:ro,Z" "-v" "/var/lib/crater-agent-workspace/cargo-home:/opt/rustwide/cargo-home:ro,Z" "-v" "/var/lib/crater-agent-workspace/rustup-home:/opt/rustwide/rustup-home:ro,Z" "-e" "SOURCE_DIR=/opt/rustwide/workdir" "-e" "CARGO_TARGET_DIR=/opt/rustwide/target" "-e" "CARGO_INCREMENTAL=0" "-e" "RUST_BACKTRACE=full" "-e" "RUSTDOCFLAGS=--cap-lints=warn" "-e" "CARGO_HOME=/opt/rustwide/cargo-home" "-e" "RUSTUP_HOME=/opt/rustwide/rustup-home" "-w" "/opt/rustwide/workdir" "-m" "1610612736" "--user" "0:0" "--network" "none" "ghcr.io/rust-lang/crates-build-env/linux@sha256:34b6a614d2c27851fe6cbf88fbd1137609cefab8b10d0615aaeb6fd47975d74e" "/opt/rustwide/cargo-home/bin/cargo" "+beta-2021-08-01" "doc" "--frozen" "--no-deps" "--document-private-items" "--message-format=json", kill_on_drop: false }`
[INFO] [stdout] ccac267b6ba64580c530febb6715edc2454cd16eeb3db71fea8e5c82eb21f53a
[INFO] running `Command { std: "docker" "start" "-a" "ccac267b6ba64580c530febb6715edc2454cd16eeb3db71fea8e5c82eb21f53a", kill_on_drop: false }`
[INFO] [stderr]     Blocking waiting for file lock on package cache
[INFO] [stderr]    Compiling syn v1.0.72
[INFO] [stderr]    Compiling serde_derive v1.0.125
[INFO] [stderr]    Compiling serde v1.0.125
[INFO] [stderr]    Compiling getrandom v0.2.2
[INFO] [stderr]     Checking semver-parser v0.7.0
[INFO] [stderr]     Checking gimli v0.23.0
[INFO] [stderr]     Checking object v0.23.0
[INFO] [stderr]     Checking rustc-demangle v0.1.19
[INFO] [stderr]    Compiling anyhow v1.0.40
[INFO] [stderr]    Compiling unicode-segmentation v1.7.1
[INFO] [stderr]    Compiling build_const v0.2.2
[INFO] [stderr]     Checking hashbrown v0.9.1
[INFO] [stderr]     Checking strsim v0.10.0
[INFO] [stderr]     Checking os_str_bytes v2.4.0
[INFO] [stderr]     Checking plain v0.2.3
[INFO] [stderr]     Checking termcolor v1.1.2
[INFO] [stderr]    Compiling proc-macro-error-attr v1.0.4
[INFO] [stderr]    Compiling backtrace v0.3.58
[INFO] [stderr]    Compiling proc-macro-error v1.0.4
[INFO] [stderr]    Compiling indexmap v1.6.2
[INFO] [stderr]     Checking textwrap v0.12.1
[INFO] [stderr]     Checking atty v0.2.14
[INFO] [stderr]     Checking regex v1.5.3
[INFO] [stderr]     Checking semver v0.9.0
[INFO] [stderr]    Compiling heck v0.3.2
[INFO] [stderr]     Checking clap v2.33.3
[INFO] [stderr]    Compiling crc v1.8.1
[INFO] [stderr]     Checking rustc_version v0.2.3
[INFO] [stderr]     Checking rand_core v0.6.2
[INFO] [stderr]     Checking rand_chacha v0.3.0
[INFO] [stderr]     Checking addr2line v0.14.1
[INFO] [stderr]     Checking rand v0.8.3
[INFO] [stderr]     Checking tempfile v3.2.0
[INFO] [stderr]    Compiling synstructure v0.12.4
[INFO] [stderr]    Compiling failure_derive v0.1.8
[INFO] [stderr]    Compiling scroll_derive v0.10.5
[INFO] [stderr]    Compiling clap_derive v3.0.0-beta.2
[INFO] [stderr]     Checking failure v0.1.8
[INFO] [stderr]     Checking scroll v0.10.2
[INFO] [stderr]     Checking rustc-cfg v0.4.0
[INFO] [stderr]     Checking goblin v0.4.0
[INFO] [stderr]     Checking clap v3.0.0-beta.2
[INFO] [stderr]     Checking semver v0.10.0
[INFO] [stderr]     Checking serde_json v1.0.64
[INFO] [stderr]     Checking toml v0.5.8
[INFO] [stderr]     Checking bincode v1.3.3
[INFO] [stderr]     Checking cargo_metadata v0.11.4
[INFO] [stderr]     Checking cargo-binutils v0.3.3
[INFO] [stderr]     Checking elfredo v0.1.1 (/opt/rustwide/workdir)
[INFO] [stderr]  Documenting elfredo v0.1.1 (/opt/rustwide/workdir)
[INFO] [stdout] error[E0554]: `#![feature]` may not be used on the beta release channel
[INFO] [stdout]   --> src/lib.rs:20:1
[INFO] [stdout]    |
[INFO] [stdout] 20 | #![feature(const_size_of_val)]
[INFO] [stdout]    | ^^^^^^^^^^^^^^^^^^^^^^^^^^^^^^
[INFO] [stdout] 
[INFO] [stdout] 
[INFO] [stdout] error[E0554]: `#![feature]` may not be used on the beta release channel
[INFO] [stdout]   --> src/lib.rs:21:1
[INFO] [stdout]    |
[INFO] [stdout] 21 | #![feature(num_as_ne_bytes)]
[INFO] [stdout]    | ^^^^^^^^^^^^^^^^^^^^^^^^^^^^
[INFO] [stdout] 
[INFO] [stdout] 
[INFO] [stdout] error[E0554]: `#![feature]` may not be used on the beta release channel
[INFO] [stdout]   --> src/lib.rs:20:1
[INFO] [stdout]    |
[INFO] [stdout] 20 | #![feature(const_size_of_val)]
[INFO] [stdout]    | ^^^^^^^^^^^^^^^^^^^^^^^^^^^^^^
[INFO] [stdout] 
[INFO] [stdout] 
[INFO] [stdout] error[E0554]: `#![feature]` may not be used on the beta release channel
[INFO] [stdout]   --> src/lib.rs:21:1
[INFO] [stdout]    |
[INFO] [stdout] 21 | #![feature(num_as_ne_bytes)]
[INFO] [stdout]    | ^^^^^^^^^^^^^^^^^^^^^^^^^^^^
[INFO] [stdout] 
[INFO] [stdout] 
[INFO] [stdout] error: aborting due to 2 previous errors
[INFO] [stdout] 
[INFO] [stdout] 
[INFO] [stdout] For more information about this error, try `rustc --explain E0554`.
[INFO] [stdout] 
[INFO] [stderr] error: could not compile `elfredo` due to 3 previous errors
[INFO] [stdout] error: Compilation failed, aborting rustdoc
[INFO] [stdout] 
[INFO] [stdout] 
[INFO] [stderr] warning: build failed, waiting for other jobs to finish...
[INFO] [stdout] error: aborting due to 3 previous errors
[INFO] [stdout] 
[INFO] [stdout] 
[INFO] [stdout] For more information about this error, try `rustc --explain E0554`.
[INFO] [stdout] 
[INFO] [stderr] error: build failed
[INFO] running `Command { std: "docker" "inspect" "ccac267b6ba64580c530febb6715edc2454cd16eeb3db71fea8e5c82eb21f53a", kill_on_drop: false }`
[INFO] running `Command { std: "docker" "rm" "-f" "ccac267b6ba64580c530febb6715edc2454cd16eeb3db71fea8e5c82eb21f53a", kill_on_drop: false }`
[INFO] [stdout] ccac267b6ba64580c530febb6715edc2454cd16eeb3db71fea8e5c82eb21f53a
