[INFO] fetching crate elektra 0.9.1...
[INFO] documenting elektra-0.9.1 against beta-2021-08-01 for beta-1.55-rustdoc-1
[INFO] extracting crate elektra 0.9.1 into /workspace/builds/worker-8/source
[INFO] validating manifest of crates.io crate elektra 0.9.1 on toolchain beta-2021-08-01
[INFO] running `Command { std: "/workspace/cargo-home/bin/cargo" "+beta-2021-08-01" "metadata" "--manifest-path" "Cargo.toml" "--no-deps", kill_on_drop: false }`
[INFO] started tweaking crates.io crate elektra 0.9.1
[INFO] finished tweaking crates.io crate elektra 0.9.1
[INFO] tweaked toml for crates.io crate elektra 0.9.1 written to /workspace/builds/worker-8/source/Cargo.toml
[INFO] running `Command { std: "/workspace/cargo-home/bin/cargo" "+beta-2021-08-01" "generate-lockfile" "--manifest-path" "Cargo.toml" "-Zno-index-update", kill_on_drop: false }`
[INFO] running `Command { std: "/workspace/cargo-home/bin/cargo" "+beta-2021-08-01" "fetch" "--manifest-path" "Cargo.toml", kill_on_drop: false }`
[INFO] [stderr]     Blocking waiting for file lock on package cache
[INFO] [stderr]     Blocking waiting for file lock on package cache
[INFO] [stderr]  Downloading crates ...
[INFO] [stderr]   Downloaded elektra-sys v0.9.1
[INFO] running `Command { std: "docker" "create" "-v" "/var/lib/crater-agent-workspace/builds/worker-8/target:/opt/rustwide/target:rw,Z" "-v" "/var/lib/crater-agent-workspace/builds/worker-8/source:/opt/rustwide/workdir:ro,Z" "-v" "/var/lib/crater-agent-workspace/cargo-home:/opt/rustwide/cargo-home:ro,Z" "-v" "/var/lib/crater-agent-workspace/rustup-home:/opt/rustwide/rustup-home:ro,Z" "-e" "SOURCE_DIR=/opt/rustwide/workdir" "-e" "CARGO_TARGET_DIR=/opt/rustwide/target" "-e" "CARGO_HOME=/opt/rustwide/cargo-home" "-e" "RUSTUP_HOME=/opt/rustwide/rustup-home" "-w" "/opt/rustwide/workdir" "-m" "1610612736" "--user" "0:0" "--network" "none" "ghcr.io/rust-lang/crates-build-env/linux@sha256:34b6a614d2c27851fe6cbf88fbd1137609cefab8b10d0615aaeb6fd47975d74e" "/opt/rustwide/cargo-home/bin/cargo" "+beta-2021-08-01" "metadata" "--no-deps" "--format-version=1", kill_on_drop: false }`
[INFO] [stdout] f4652c22f5c0bd2df5c28b3d5a9522edfd09a6b384787dfc326d0de4cb9547c6
[INFO] running `Command { std: "docker" "start" "-a" "f4652c22f5c0bd2df5c28b3d5a9522edfd09a6b384787dfc326d0de4cb9547c6", kill_on_drop: false }`
[INFO] running `Command { std: "docker" "inspect" "f4652c22f5c0bd2df5c28b3d5a9522edfd09a6b384787dfc326d0de4cb9547c6", kill_on_drop: false }`
[INFO] running `Command { std: "docker" "rm" "-f" "f4652c22f5c0bd2df5c28b3d5a9522edfd09a6b384787dfc326d0de4cb9547c6", kill_on_drop: false }`
[INFO] [stdout] f4652c22f5c0bd2df5c28b3d5a9522edfd09a6b384787dfc326d0de4cb9547c6
[INFO] running `Command { std: "docker" "create" "-v" "/var/lib/crater-agent-workspace/builds/worker-8/target:/opt/rustwide/target:rw,Z" "-v" "/var/lib/crater-agent-workspace/builds/worker-8/source:/opt/rustwide/workdir:ro,Z" "-v" "/var/lib/crater-agent-workspace/cargo-home:/opt/rustwide/cargo-home:ro,Z" "-v" "/var/lib/crater-agent-workspace/rustup-home:/opt/rustwide/rustup-home:ro,Z" "-e" "SOURCE_DIR=/opt/rustwide/workdir" "-e" "CARGO_TARGET_DIR=/opt/rustwide/target" "-e" "CARGO_INCREMENTAL=0" "-e" "RUST_BACKTRACE=full" "-e" "RUSTDOCFLAGS=--cap-lints=warn" "-e" "CARGO_HOME=/opt/rustwide/cargo-home" "-e" "RUSTUP_HOME=/opt/rustwide/rustup-home" "-w" "/opt/rustwide/workdir" "-m" "1610612736" "--user" "0:0" "--network" "none" "ghcr.io/rust-lang/crates-build-env/linux@sha256:34b6a614d2c27851fe6cbf88fbd1137609cefab8b10d0615aaeb6fd47975d74e" "/opt/rustwide/cargo-home/bin/cargo" "+beta-2021-08-01" "doc" "--frozen" "--no-deps" "--document-private-items" "--message-format=json", kill_on_drop: false }`
[INFO] [stdout] 23c323985e39858011e3ea0b1ede344dd1b6c01450e26c42688580cf1cb53e0e
[INFO] running `Command { std: "docker" "start" "-a" "23c323985e39858011e3ea0b1ede344dd1b6c01450e26c42688580cf1cb53e0e", kill_on_drop: false }`
[INFO] [stderr]     Blocking waiting for file lock on package cache
[INFO] [stderr]    Compiling memchr v2.4.0
[INFO] [stderr]    Compiling gimli v0.25.0
[INFO] [stderr]    Compiling adler v1.0.2
[INFO] [stderr]    Compiling rustc-demangle v0.1.20
[INFO] [stderr]    Compiling proc-macro2 v0.4.30
[INFO] [stderr]    Compiling bindgen v0.50.1
[INFO] [stderr]    Compiling byteorder v1.4.3
[INFO] [stderr]    Compiling shlex v0.1.1
[INFO] [stderr]    Compiling clang-sys v0.28.1
[INFO] [stderr]    Compiling nom v4.2.3
[INFO] [stderr]    Compiling atty v0.2.14
[INFO] [stderr]    Compiling miniz_oxide v0.4.4
[INFO] [stderr]    Compiling fxhash v0.2.1
[INFO] [stderr]    Compiling clap v2.33.3
[INFO] [stderr]    Compiling object v0.26.0
[INFO] [stderr]    Compiling aho-corasick v0.7.18
[INFO] [stderr]    Compiling quote v0.6.13
[INFO] [stderr]    Compiling cexpr v0.3.6
[INFO] [stderr]    Compiling regex v1.5.4
[INFO] [stderr]    Compiling addr2line v0.16.0
[INFO] [stderr]    Compiling env_logger v0.6.2
[INFO] [stderr]    Compiling backtrace v0.3.61
[INFO] [stderr]    Compiling failure v0.1.8
[INFO] [stderr]    Compiling which v2.0.1
[INFO] [stderr]    Compiling elektra-sys v0.9.1
[INFO] [stderr]  Documenting elektra v0.9.1 (/opt/rustwide/workdir)
[INFO] [stdout] error[E0412]: cannot find type `Key` in crate `elektra_sys`
[INFO] [stdout]   --> src/key.rs:42:31
[INFO] [stdout]    |
[INFO] [stdout] 42 |     ptr: NonNull<elektra_sys::Key>,
[INFO] [stdout]    |                               ^^^ not found in `elektra_sys`
[INFO] [stdout] 
[INFO] [stdout] 
[INFO] [stdout] error[E0412]: cannot find type `Key` in crate `elektra_sys`
[INFO] [stdout]   --> src/key.rs:43:60
[INFO] [stdout]    |
[INFO] [stdout] 43 |     _marker: std::marker::PhantomData<&'a mut elektra_sys::Key>,
[INFO] [stdout]    |                                                            ^^^ not found in `elektra_sys`
[INFO] [stdout] 
[INFO] [stdout] 
[INFO] [stdout] error[E0412]: cannot find type `Key` in crate `elektra_sys`
[INFO] [stdout]   --> src/key.rs:48:31
[INFO] [stdout]    |
[INFO] [stdout] 48 |     ptr: NonNull<elektra_sys::Key>,
[INFO] [stdout]    |                               ^^^ not found in `elektra_sys`
[INFO] [stdout] 
[INFO] [stdout] 
[INFO] [stdout] error[E0412]: cannot find type `Key` in crate `elektra_sys`
[INFO] [stdout]   --> src/key.rs:49:60
[INFO] [stdout]    |
[INFO] [stdout] 49 |     _marker: std::marker::PhantomData<&'a mut elektra_sys::Key>,
[INFO] [stdout]    |                                                            ^^^ not found in `elektra_sys`
[INFO] [stdout] 
[INFO] [stdout] 
[INFO] [stdout] error[E0412]: cannot find type `Key` in crate `elektra_sys`
[INFO] [stdout]    --> src/key.rs:94:33
[INFO] [stdout]     |
[INFO] [stdout] 94  |         impl AsRef<elektra_sys::Key> for $t {
[INFO] [stdout]     |                                 ^^^ not found in `elektra_sys`
[INFO] [stdout] ...
[INFO] [stdout] 120 | add_traits!(StringKey<'_>);
[INFO] [stdout]     | --------------------------- in this macro invocation
[INFO] [stdout]     |
[INFO] [stdout]     = note: this error originates in the macro `add_traits` (in Nightly builds, run with -Z macro-backtrace for more info)
[INFO] [stdout] 
[INFO] [stdout] 
[INFO] [stdout] error[E0412]: cannot find type `Key` in crate `elektra_sys`
[INFO] [stdout]    --> src/key.rs:95:47
[INFO] [stdout]     |
[INFO] [stdout] 95  |             fn as_ref(&self) -> &elektra_sys::Key {
[INFO] [stdout]     |                                               ^^^ not found in `elektra_sys`
[INFO] [stdout] ...
[INFO] [stdout] 120 | add_traits!(StringKey<'_>);
[INFO] [stdout]     | --------------------------- in this macro invocation
[INFO] [stdout]     |
[INFO] [stdout]     = note: this error originates in the macro `add_traits` (in Nightly builds, run with -Z macro-backtrace for more info)
[INFO] [stdout] 
[INFO] [stdout] 
[INFO] [stdout] error[E0412]: cannot find type `Key` in crate `elektra_sys`
[INFO] [stdout]    --> src/key.rs:94:33
[INFO] [stdout]     |
[INFO] [stdout] 94  |         impl AsRef<elektra_sys::Key> for $t {
[INFO] [stdout]     |                                 ^^^ not found in `elektra_sys`
[INFO] [stdout] ...
[INFO] [stdout] 121 | add_traits!(BinaryKey<'_>);
[INFO] [stdout]     | --------------------------- in this macro invocation
[INFO] [stdout]     |
[INFO] [stdout]     = note: this error originates in the macro `add_traits` (in Nightly builds, run with -Z macro-backtrace for more info)
[INFO] [stdout] 
[INFO] [stdout] 
[INFO] [stdout] error[E0412]: cannot find type `Key` in crate `elektra_sys`
[INFO] [stdout]    --> src/key.rs:95:47
[INFO] [stdout]     |
[INFO] [stdout] 95  |             fn as_ref(&self) -> &elektra_sys::Key {
[INFO] [stdout]     |                                               ^^^ not found in `elektra_sys`
[INFO] [stdout] ...
[INFO] [stdout] 121 | add_traits!(BinaryKey<'_>);
[INFO] [stdout]     | --------------------------- in this macro invocation
[INFO] [stdout]     |
[INFO] [stdout]     = note: this error originates in the macro `add_traits` (in Nightly builds, run with -Z macro-backtrace for more info)
[INFO] [stdout] 
[INFO] [stdout] 
[INFO] [stdout] error[E0412]: cannot find type `Key` in crate `elektra_sys`
[INFO] [stdout]    --> src/key.rs:276:47
[INFO] [stdout]     |
[INFO] [stdout] 276 |     unsafe fn from_ptr(ptr: *mut elektra_sys::Key) -> StringKey<'a> {
[INFO] [stdout]     |                                               ^^^ not found in `elektra_sys`
[INFO] [stdout] 
[INFO] [stdout] 
[INFO] [stdout] error[E0412]: cannot find type `Key` in crate `elektra_sys`
[INFO] [stdout]    --> src/key.rs:291:47
[INFO] [stdout]     |
[INFO] [stdout] 291 |     unsafe fn from_ptr(ptr: *mut elektra_sys::Key) -> BinaryKey<'a> {
[INFO] [stdout]     |                                               ^^^ not found in `elektra_sys`
[INFO] [stdout] 
[INFO] [stdout] 
[INFO] [stdout] error[E0412]: cannot find type `Key` in crate `elektra_sys`
[INFO] [stdout]    --> src/key.rs:306:47
[INFO] [stdout]     |
[INFO] [stdout] 306 |     fn as_ptr(&mut self) -> *mut elektra_sys::Key {
[INFO] [stdout]     |                                               ^^^ not found in `elektra_sys`
[INFO] [stdout] 
[INFO] [stdout] 
[INFO] [stdout] error[E0412]: cannot find type `Key` in crate `elektra_sys`
[INFO] [stdout]    --> src/key.rs:317:47
[INFO] [stdout]     |
[INFO] [stdout] 317 |     fn as_ptr(&mut self) -> *mut elektra_sys::Key {
[INFO] [stdout]     |                                               ^^^ not found in `elektra_sys`
[INFO] [stdout] 
[INFO] [stdout] 
[INFO] [stdout] error[E0412]: cannot find type `Key` in crate `elektra_sys`
[INFO] [stdout]  --> src/readable.rs:6:43
[INFO] [stdout]   |
[INFO] [stdout] 6 | pub trait ReadableKey: AsRef<elektra_sys::Key> + PartialEq + Eq + PartialOrd + Ord {
[INFO] [stdout]   |                                           ^^^ not found in `elektra_sys`
[INFO] [stdout] 
[INFO] [stdout] 
[INFO] [stdout] error[E0412]: cannot find type `Key` in crate `elektra_sys`
[INFO] [stdout]   --> src/readable.rs:25:47
[INFO] [stdout]    |
[INFO] [stdout] 25 |     unsafe fn from_ptr(ptr: *mut elektra_sys::Key) -> Self
[INFO] [stdout]    |                                               ^^^ not found in `elektra_sys`
[INFO] [stdout] 
[INFO] [stdout] 
[INFO] [stdout] error[E0412]: cannot find type `Key` in crate `elektra_sys`
[INFO] [stdout]   --> src/readonly.rs:19:47
[INFO] [stdout]    |
[INFO] [stdout] 19 |     unsafe fn from_ptr(ptr: *mut elektra_sys::Key) -> Self {
[INFO] [stdout]    |                                               ^^^ not found in `elektra_sys`
[INFO] [stdout] 
[INFO] [stdout] 
[INFO] [stdout] error[E0412]: cannot find type `Key` in crate `elektra_sys`
[INFO] [stdout]   --> src/readonly.rs:30:41
[INFO] [stdout]    |
[INFO] [stdout] 30 | impl<T: ReadableKey> AsRef<elektra_sys::Key> for ReadOnly<T> {
[INFO] [stdout]    |                                         ^^^ not found in `elektra_sys`
[INFO] [stdout] 
[INFO] [stdout] 
[INFO] [stdout] error[E0412]: cannot find type `Key` in crate `elektra_sys`
[INFO] [stdout]   --> src/readonly.rs:31:39
[INFO] [stdout]    |
[INFO] [stdout] 31 |     fn as_ref(&self) -> &elektra_sys::Key {
[INFO] [stdout]    |                                       ^^^ not found in `elektra_sys`
[INFO] [stdout] 
[INFO] [stdout] 
[INFO] [stdout] error[E0412]: cannot find type `Key` in crate `elektra_sys`
[INFO] [stdout]   --> src/writeable.rs:32:47
[INFO] [stdout]    |
[INFO] [stdout] 32 |     fn as_ptr(&mut self) -> *mut elektra_sys::Key;
[INFO] [stdout]    |                                               ^^^ not found in `elektra_sys`
[INFO] [stdout] 
[INFO] [stdout] 
[INFO] [stdout] error[E0412]: cannot find type `KeySet` in crate `elektra_sys`
[INFO] [stdout]   --> src/keyset.rs:62:41
[INFO] [stdout]    |
[INFO] [stdout] 62 |     ptr: std::ptr::NonNull<elektra_sys::KeySet>,
[INFO] [stdout]    |                                         ^^^^^^ not found in `elektra_sys`
[INFO] [stdout]    |
[INFO] [stdout] help: consider importing this struct
[INFO] [stdout]    |
[INFO] [stdout] 55 | use crate::KeySet;
[INFO] [stdout]    |
[INFO] [stdout] 
[INFO] [stdout] 
[INFO] [stdout] error[E0412]: cannot find type `KeySet` in crate `elektra_sys`
[INFO] [stdout]   --> src/keyset.rs:63:52
[INFO] [stdout]    |
[INFO] [stdout] 63 |     _marker: std::marker::PhantomData<elektra_sys::KeySet>,
[INFO] [stdout]    |                                                    ^^^^^^ not found in `elektra_sys`
[INFO] [stdout]    |
[INFO] [stdout] help: consider importing this struct
[INFO] [stdout]    |
[INFO] [stdout] 55 | use crate::KeySet;
[INFO] [stdout]    |
[INFO] [stdout] 
[INFO] [stdout] 
[INFO] [stdout] error[E0412]: cannot find type `cursor_t` in crate `elektra_sys`
[INFO] [stdout]   --> src/keyset.rs:67:32
[INFO] [stdout]    |
[INFO] [stdout] 67 | pub type Cursor = elektra_sys::cursor_t;
[INFO] [stdout]    |                                ^^^^^^^^ not found in `elektra_sys`
[INFO] [stdout] 
[INFO] [stdout] 
[INFO] [stdout] error[E0412]: cannot find type `option_t` in crate `elektra_sys`
[INFO] [stdout]   --> src/keyset.rs:72:43
[INFO] [stdout]    |
[INFO] [stdout] 72 |     pub struct LookupOption: elektra_sys::option_t {
[INFO] [stdout]    |                                           ^^^^^^^^ not found in `elektra_sys`
[INFO] [stdout] 
[INFO] [stdout] 
[INFO] [stdout] error[E0425]: cannot find value `KDB_O_NONE` in crate `elektra_sys`
[INFO] [stdout]   --> src/keyset.rs:74:41
[INFO] [stdout]    |
[INFO] [stdout] 74 |         const KDB_O_NONE = elektra_sys::KDB_O_NONE as elektra_sys::option_t;
[INFO] [stdout]    |                                         ^^^^^^^^^^ not found in `elektra_sys`
[INFO] [stdout] 
[INFO] [stdout] 
[INFO] [stdout] error[E0412]: cannot find type `option_t` in crate `elektra_sys`
[INFO] [stdout]   --> src/keyset.rs:74:68
[INFO] [stdout]    |
[INFO] [stdout] 74 |         const KDB_O_NONE = elektra_sys::KDB_O_NONE as elektra_sys::option_t;
[INFO] [stdout]    |                                                                    ^^^^^^^^ not found in `elektra_sys`
[INFO] [stdout] 
[INFO] [stdout] 
[INFO] [stdout] error[E0425]: cannot find value `KDB_O_POP` in crate `elektra_sys`
[INFO] [stdout]   --> src/keyset.rs:76:40
[INFO] [stdout]    |
[INFO] [stdout] 76 |         const KDB_O_POP = elektra_sys::KDB_O_POP as elektra_sys::option_t;
[INFO] [stdout]    |                                        ^^^^^^^^^ not found in `elektra_sys`
[INFO] [stdout] 
[INFO] [stdout] 
[INFO] [stdout] error[E0412]: cannot find type `option_t` in crate `elektra_sys`
[INFO] [stdout]   --> src/keyset.rs:76:66
[INFO] [stdout]    |
[INFO] [stdout] 76 |         const KDB_O_POP = elektra_sys::KDB_O_POP as elektra_sys::option_t;
[INFO] [stdout]    |                                                                  ^^^^^^^^ not found in `elektra_sys`
[INFO] [stdout] 
[INFO] [stdout] 
[INFO] [stderr] error: could not document `elektra`
[INFO] [stdout] error[E0412]: cannot find type `KeySet` in crate `elektra_sys`
[INFO] [stdout]    --> src/keyset.rs:146:25
[INFO] [stdout]     |
[INFO] [stdout] 146 | impl AsRef<elektra_sys::KeySet> for KeySet {
[INFO] [stdout]     |                         ^^^^^^ not found in `elektra_sys`
[INFO] [stdout]     |
[INFO] [stdout] help: consider importing this struct
[INFO] [stdout]     |
[INFO] [stdout] 55  | use crate::KeySet;
[INFO] [stdout]     |
[INFO] [stdout] 
[INFO] [stdout] 
[INFO] [stderr] 
[INFO] [stdout] error[E0412]: cannot find type `KeySet` in crate `elektra_sys`
[INFO] [stdout]    --> src/keyset.rs:147:39
[INFO] [stdout]     |
[INFO] [stdout] 147 |     fn as_ref(&self) -> &elektra_sys::KeySet {
[INFO] [stdout]     |                                       ^^^^^^ not found in `elektra_sys`
[INFO] [stdout]     |
[INFO] [stdout] help: consider importing this struct
[INFO] [stdout]     |
[INFO] [stdout] 55  | use crate::KeySet;
[INFO] [stdout]     |
[INFO] [stdout] 
[INFO] [stdout] 
[INFO] [stderr] Caused by:
[INFO] [stdout] error[E0412]: cannot find type `KeySet` in crate `elektra_sys`
[INFO] [stdout]    --> src/keyset.rs:158:51
[INFO] [stdout]     |
[INFO] [stdout] 158 |     pub fn as_ptr(&mut self) -> *mut elektra_sys::KeySet {
[INFO] [stdout]     |                                                   ^^^^^^ not found in `elektra_sys`
[INFO] [stdout]     |
[INFO] [stdout] help: consider importing this struct
[INFO] [stdout]     |
[INFO] [stdout] 55  | use crate::KeySet;
[INFO] [stdout]     |
[INFO] [stdout] 
[INFO] [stdout] 
[INFO] [stderr]   process didn't exit successfully: `rustdoc --edition=2018 --crate-type lib --crate-name elektra src/lib.rs -o /opt/rustwide/target/doc --cfg 'feature="default"' --error-format=json --json=diagnostic-rendered-ansi --document-private-items -L dependency=/opt/rustwide/target/debug/deps --extern bitflags=/opt/rustwide/target/debug/deps/libbitflags-7925d1bf53c9b12a.rmeta --extern elektra_sys=/opt/rustwide/target/debug/deps/libelektra_sys-29c2c3a8cb513c20.rmeta --cap-lints=warn --crate-version 0.9.1` (exit status: 1)
[INFO] [stdout] error[E0412]: cannot find type `KeySet` in crate `elektra_sys`
[INFO] [stdout]    --> src/keyset.rs:185:54
[INFO] [stdout]     |
[INFO] [stdout] 185 |     unsafe fn from_ptr(keyset_ptr: *mut elektra_sys::KeySet) -> KeySet {
[INFO] [stdout]     |                                                      ^^^^^^ not found in `elektra_sys`
[INFO] [stdout]     |
[INFO] [stdout] help: consider importing this struct
[INFO] [stdout]     |
[INFO] [stdout] 55  | use crate::KeySet;
[INFO] [stdout]     |
[INFO] [stdout] 
[INFO] [stdout] 
[INFO] [stdout] error[E0412]: cannot find type `KDB` in crate `elektra_sys`
[INFO] [stdout]   --> src/kdb.rs:13:31
[INFO] [stdout]    |
[INFO] [stdout] 13 |     ptr: NonNull<elektra_sys::KDB>,
[INFO] [stdout]    |                               ^^^ not found in `elektra_sys`
[INFO] [stdout]    |
[INFO] [stdout] help: consider importing this struct
[INFO] [stdout]    |
[INFO] [stdout] 5  | use crate::KDB;
[INFO] [stdout]    |
[INFO] [stdout] 
[INFO] [stdout] 
[INFO] [stdout] error[E0412]: cannot find type `KDB` in crate `elektra_sys`
[INFO] [stdout]   --> src/kdb.rs:14:52
[INFO] [stdout]    |
[INFO] [stdout] 14 |     _marker: std::marker::PhantomData<elektra_sys::KDB>,
[INFO] [stdout]    |                                                    ^^^ not found in `elektra_sys`
[INFO] [stdout]    |
[INFO] [stdout] help: consider importing this struct
[INFO] [stdout]    |
[INFO] [stdout] 5  | use crate::KDB;
[INFO] [stdout]    |
[INFO] [stdout] 
[INFO] [stdout] 
[INFO] [stdout] error[E0412]: cannot find type `KDB` in crate `elektra_sys`
[INFO] [stdout]    --> src/kdb.rs:109:51
[INFO] [stdout]     |
[INFO] [stdout] 109 |     pub fn as_ptr(&mut self) -> *mut elektra_sys::KDB {
[INFO] [stdout]     |                                                   ^^^ not found in `elektra_sys`
[INFO] [stdout]     |
[INFO] [stdout] help: consider importing this struct
[INFO] [stdout]     |
[INFO] [stdout] 5   | use crate::KDB;
[INFO] [stdout]     |
[INFO] [stdout] 
[INFO] [stdout] 
[INFO] [stdout] error[E0412]: cannot find type `KDB` in crate `elektra_sys`
[INFO] [stdout]    --> src/kdb.rs:114:25
[INFO] [stdout]     |
[INFO] [stdout] 114 | impl AsRef<elektra_sys::KDB> for KDB {
[INFO] [stdout]     |                         ^^^ not found in `elektra_sys`
[INFO] [stdout]     |
[INFO] [stdout] help: consider importing this struct
[INFO] [stdout]     |
[INFO] [stdout] 5   | use crate::KDB;
[INFO] [stdout]     |
[INFO] [stdout] 
[INFO] [stdout] 
[INFO] [stdout] error[E0412]: cannot find type `KDB` in crate `elektra_sys`
[INFO] [stdout]    --> src/kdb.rs:115:39
[INFO] [stdout]     |
[INFO] [stdout] 115 |     fn as_ref(&self) -> &elektra_sys::KDB {
[INFO] [stdout]     |                                       ^^^ not found in `elektra_sys`
[INFO] [stdout]     |
[INFO] [stdout] help: consider importing this struct
[INFO] [stdout]     |
[INFO] [stdout] 5   | use crate::KDB;
[INFO] [stdout]     |
[INFO] [stdout] 
[INFO] [stdout] 
[INFO] [stdout] error: Compilation failed, aborting rustdoc
[INFO] [stdout] 
[INFO] [stdout] 
[INFO] [stdout] error: aborting due to 36 previous errors
[INFO] [stdout] 
[INFO] [stdout] 
[INFO] [stdout] Some errors have detailed explanations: E0412, E0425.
[INFO] [stdout] 
[INFO] [stdout] For more information about an error, try `rustc --explain E0412`.
[INFO] [stdout] 
[INFO] running `Command { std: "docker" "inspect" "23c323985e39858011e3ea0b1ede344dd1b6c01450e26c42688580cf1cb53e0e", kill_on_drop: false }`
[INFO] running `Command { std: "docker" "rm" "-f" "23c323985e39858011e3ea0b1ede344dd1b6c01450e26c42688580cf1cb53e0e", kill_on_drop: false }`
[INFO] [stdout] 23c323985e39858011e3ea0b1ede344dd1b6c01450e26c42688580cf1cb53e0e
