[INFO] fetching crate elastic-queries 0.1.0...
[INFO] documenting elastic-queries-0.1.0 against beta-2021-08-01 for beta-1.55-rustdoc-1
[INFO] extracting crate elastic-queries 0.1.0 into /workspace/builds/worker-18/source
[INFO] validating manifest of crates.io crate elastic-queries 0.1.0 on toolchain beta-2021-08-01
[INFO] running `Command { std: "/workspace/cargo-home/bin/cargo" "+beta-2021-08-01" "metadata" "--manifest-path" "Cargo.toml" "--no-deps", kill_on_drop: false }`
[INFO] started tweaking crates.io crate elastic-queries 0.1.0
[INFO] finished tweaking crates.io crate elastic-queries 0.1.0
[INFO] tweaked toml for crates.io crate elastic-queries 0.1.0 written to /workspace/builds/worker-18/source/Cargo.toml
[INFO] running `Command { std: "/workspace/cargo-home/bin/cargo" "+beta-2021-08-01" "generate-lockfile" "--manifest-path" "Cargo.toml" "-Zno-index-update", kill_on_drop: false }`
[INFO] [stderr]     Blocking waiting for file lock on package cache
[INFO] running `Command { std: "/workspace/cargo-home/bin/cargo" "+beta-2021-08-01" "fetch" "--manifest-path" "Cargo.toml", kill_on_drop: false }`
[INFO] [stderr]     Blocking waiting for file lock on package cache
[INFO] [stderr]     Blocking waiting for file lock on package cache
[INFO] [stderr]  Downloading crates ...
[INFO] [stderr]   Downloaded derive_builder v0.5.1
[INFO] [stderr]   Downloaded derive_builder_core v0.2.0
[INFO] [stderr]   Downloaded clippy_lints v0.0.164
[INFO] [stderr]   Downloaded clippy v0.0.164
[INFO] [stderr]   Downloaded pulldown-cmark v0.0.15
[INFO] running `Command { std: "docker" "create" "-v" "/var/lib/crater-agent-workspace/builds/worker-18/target:/opt/rustwide/target:rw,Z" "-v" "/var/lib/crater-agent-workspace/builds/worker-18/source:/opt/rustwide/workdir:ro,Z" "-v" "/var/lib/crater-agent-workspace/cargo-home:/opt/rustwide/cargo-home:ro,Z" "-v" "/var/lib/crater-agent-workspace/rustup-home:/opt/rustwide/rustup-home:ro,Z" "-e" "SOURCE_DIR=/opt/rustwide/workdir" "-e" "CARGO_TARGET_DIR=/opt/rustwide/target" "-e" "CARGO_HOME=/opt/rustwide/cargo-home" "-e" "RUSTUP_HOME=/opt/rustwide/rustup-home" "-w" "/opt/rustwide/workdir" "-m" "1610612736" "--user" "0:0" "--network" "none" "ghcr.io/rust-lang/crates-build-env/linux@sha256:34b6a614d2c27851fe6cbf88fbd1137609cefab8b10d0615aaeb6fd47975d74e" "/opt/rustwide/cargo-home/bin/cargo" "+beta-2021-08-01" "metadata" "--no-deps" "--format-version=1", kill_on_drop: false }`
[INFO] [stdout] 3ac3799f2c947de75cb7883764b6a8e1f8a608d1674c6fc32d8deb0f0614905d
[INFO] running `Command { std: "docker" "start" "-a" "3ac3799f2c947de75cb7883764b6a8e1f8a608d1674c6fc32d8deb0f0614905d", kill_on_drop: false }`
[INFO] running `Command { std: "docker" "inspect" "3ac3799f2c947de75cb7883764b6a8e1f8a608d1674c6fc32d8deb0f0614905d", kill_on_drop: false }`
[INFO] running `Command { std: "docker" "rm" "-f" "3ac3799f2c947de75cb7883764b6a8e1f8a608d1674c6fc32d8deb0f0614905d", kill_on_drop: false }`
[INFO] [stdout] 3ac3799f2c947de75cb7883764b6a8e1f8a608d1674c6fc32d8deb0f0614905d
[INFO] running `Command { std: "docker" "create" "-v" "/var/lib/crater-agent-workspace/builds/worker-18/target:/opt/rustwide/target:rw,Z" "-v" "/var/lib/crater-agent-workspace/builds/worker-18/source:/opt/rustwide/workdir:ro,Z" "-v" "/var/lib/crater-agent-workspace/cargo-home:/opt/rustwide/cargo-home:ro,Z" "-v" "/var/lib/crater-agent-workspace/rustup-home:/opt/rustwide/rustup-home:ro,Z" "-e" "SOURCE_DIR=/opt/rustwide/workdir" "-e" "CARGO_TARGET_DIR=/opt/rustwide/target" "-e" "CARGO_INCREMENTAL=0" "-e" "RUST_BACKTRACE=full" "-e" "RUSTDOCFLAGS=--cap-lints=warn" "-e" "CARGO_HOME=/opt/rustwide/cargo-home" "-e" "RUSTUP_HOME=/opt/rustwide/rustup-home" "-w" "/opt/rustwide/workdir" "-m" "1610612736" "--user" "0:0" "--network" "none" "ghcr.io/rust-lang/crates-build-env/linux@sha256:34b6a614d2c27851fe6cbf88fbd1137609cefab8b10d0615aaeb6fd47975d74e" "/opt/rustwide/cargo-home/bin/cargo" "+beta-2021-08-01" "doc" "--frozen" "--no-deps" "--document-private-items" "--message-format=json", kill_on_drop: false }`
[INFO] [stdout] 5d3498bdd3931280804db6c614f5a632fe20839cda2557187ff04027aa2d3d21
[INFO] running `Command { std: "docker" "start" "-a" "5d3498bdd3931280804db6c614f5a632fe20839cda2557187ff04027aa2d3d21", kill_on_drop: false }`
[INFO] [stderr]    Compiling derive_builder v0.5.1
[INFO] [stderr]    Compiling syn v0.11.11
[INFO] [stderr]     Checking serde_json v1.0.66
[INFO] [stderr]     Checking backtrace v0.3.61
[INFO] [stderr]     Checking error-chain v0.11.0
[INFO] [stderr]    Compiling derive_builder_core v0.2.0
[INFO] [stderr]  Documenting elastic-queries v0.1.0 (/opt/rustwide/workdir)
[INFO] [stdout] error[E0557]: feature has been removed
[INFO] [stdout]  --> src/lib.rs:1:12
[INFO] [stdout]   |
[INFO] [stdout] 1 | #![feature(custom_attribute)]
[INFO] [stdout]   |            ^^^^^^^^^^^^^^^^ feature has been removed
[INFO] [stdout]   |
[INFO] [stdout]   = note: removed in favor of `#![register_tool]` and `#![register_attr]`
[INFO] [stdout] 
[INFO] [stdout] 
[INFO] [stdout] error: cannot find attribute `marco_use` in this scope
[INFO] [stdout]   --> src/lib.rs:10:3
[INFO] [stdout]    |
[INFO] [stdout] 10 | #[marco_use]
[INFO] [stdout]    |   ^^^^^^^^^ help: a built-in attribute with a similar name exists: `macro_use`
[INFO] [stdout] 
[INFO] [stdout] 
[INFO] [stdout] error[E0554]: `#![feature]` may not be used on the beta release channel
[INFO] [stdout]  --> src/lib.rs:1:1
[INFO] [stdout]   |
[INFO] [stdout] 1 | #![feature(custom_attribute)]
[INFO] [stdout]   | ^^^^^^^^^^^^^^^^^^^^^^^^^^^^^
[INFO] [stdout] 
[INFO] [stdout] 
[INFO] [stdout] error[E0554]: `#![feature]` may not be used on the beta release channel
[INFO] [stdout]  --> src/lib.rs:2:1
[INFO] [stdout]   |
[INFO] [stdout] 2 | #![feature(iterator_for_each)]
[INFO] [stdout]   | ^^^^^^^^^^^^^^^^^^^^^^^^^^^^^^
[INFO] [stdout] 
[INFO] [stdout] 
[INFO] [stdout] error: Compilation failed, aborting rustdoc
[INFO] [stdout] 
[INFO] [stdout] 
[INFO] [stdout] error: aborting due to 5 previous errors
[INFO] [stdout] 
[INFO] [stdout] 
[INFO] [stdout] Some errors have detailed explanations: E0554, E0557.
[INFO] [stdout] 
[INFO] [stdout] For more information about an error, try `rustc --explain E0554`.
[INFO] [stdout] 
[INFO] [stderr] error: could not document `elastic-queries`
[INFO] [stderr] 
[INFO] [stderr] Caused by:
[INFO] [stderr]   process didn't exit successfully: `rustdoc --crate-type lib --crate-name elastic_queries src/lib.rs -o /opt/rustwide/target/doc --cfg 'feature="default"' --error-format=json --json=diagnostic-rendered-ansi --document-private-items -L dependency=/opt/rustwide/target/debug/deps --extern derive_builder=/opt/rustwide/target/debug/deps/libderive_builder-a8ad4701d143e20e.so --extern error_chain=/opt/rustwide/target/debug/deps/liberror_chain-367453d4b4d973e9.rmeta --extern serde=/opt/rustwide/target/debug/deps/libserde-6a5809dcce96c926.rmeta --extern serde_derive=/opt/rustwide/target/debug/deps/libserde_derive-a66a1fdf9c467eb8.so --extern serde_json=/opt/rustwide/target/debug/deps/libserde_json-f6976e00c51eb486.rmeta --cap-lints=warn --crate-version 0.1.0` (exit status: 1)
[INFO] running `Command { std: "docker" "inspect" "5d3498bdd3931280804db6c614f5a632fe20839cda2557187ff04027aa2d3d21", kill_on_drop: false }`
[INFO] running `Command { std: "docker" "rm" "-f" "5d3498bdd3931280804db6c614f5a632fe20839cda2557187ff04027aa2d3d21", kill_on_drop: false }`
[INFO] [stdout] 5d3498bdd3931280804db6c614f5a632fe20839cda2557187ff04027aa2d3d21
