[INFO] fetching crate djin 0.1.1...
[INFO] documenting djin-0.1.1 against beta-2021-08-01 for beta-1.55-rustdoc-1
[INFO] extracting crate djin 0.1.1 into /workspace/builds/worker-28/source
[INFO] validating manifest of crates.io crate djin 0.1.1 on toolchain beta-2021-08-01
[INFO] running `Command { std: "/workspace/cargo-home/bin/cargo" "+beta-2021-08-01" "metadata" "--manifest-path" "Cargo.toml" "--no-deps", kill_on_drop: false }`
[INFO] started tweaking crates.io crate djin 0.1.1
[INFO] finished tweaking crates.io crate djin 0.1.1
[INFO] tweaked toml for crates.io crate djin 0.1.1 written to /workspace/builds/worker-28/source/Cargo.toml
[INFO] crate crates.io crate djin 0.1.1 already has a lockfile, it will not be regenerated
[INFO] running `Command { std: "/workspace/cargo-home/bin/cargo" "+beta-2021-08-01" "fetch" "--manifest-path" "Cargo.toml", kill_on_drop: false }`
[INFO] [stderr]     Blocking waiting for file lock on package cache
[INFO] [stderr]     Blocking waiting for file lock on package cache
[INFO] running `Command { std: "docker" "create" "-v" "/var/lib/crater-agent-workspace/builds/worker-28/target:/opt/rustwide/target:rw,Z" "-v" "/var/lib/crater-agent-workspace/builds/worker-28/source:/opt/rustwide/workdir:ro,Z" "-v" "/var/lib/crater-agent-workspace/cargo-home:/opt/rustwide/cargo-home:ro,Z" "-v" "/var/lib/crater-agent-workspace/rustup-home:/opt/rustwide/rustup-home:ro,Z" "-e" "SOURCE_DIR=/opt/rustwide/workdir" "-e" "CARGO_TARGET_DIR=/opt/rustwide/target" "-e" "CARGO_HOME=/opt/rustwide/cargo-home" "-e" "RUSTUP_HOME=/opt/rustwide/rustup-home" "-w" "/opt/rustwide/workdir" "-m" "1610612736" "--user" "0:0" "--network" "none" "ghcr.io/rust-lang/crates-build-env/linux@sha256:34b6a614d2c27851fe6cbf88fbd1137609cefab8b10d0615aaeb6fd47975d74e" "/opt/rustwide/cargo-home/bin/cargo" "+beta-2021-08-01" "metadata" "--no-deps" "--format-version=1", kill_on_drop: false }`
[INFO] [stdout] b581409cf57689313918cb0ba84bef9d4d951a3d53fab349493efc1f8a0a9f2b
[INFO] running `Command { std: "docker" "start" "-a" "b581409cf57689313918cb0ba84bef9d4d951a3d53fab349493efc1f8a0a9f2b", kill_on_drop: false }`
[INFO] running `Command { std: "docker" "inspect" "b581409cf57689313918cb0ba84bef9d4d951a3d53fab349493efc1f8a0a9f2b", kill_on_drop: false }`
[INFO] running `Command { std: "docker" "rm" "-f" "b581409cf57689313918cb0ba84bef9d4d951a3d53fab349493efc1f8a0a9f2b", kill_on_drop: false }`
[INFO] [stdout] b581409cf57689313918cb0ba84bef9d4d951a3d53fab349493efc1f8a0a9f2b
[INFO] running `Command { std: "docker" "create" "-v" "/var/lib/crater-agent-workspace/builds/worker-28/target:/opt/rustwide/target:rw,Z" "-v" "/var/lib/crater-agent-workspace/builds/worker-28/source:/opt/rustwide/workdir:ro,Z" "-v" "/var/lib/crater-agent-workspace/cargo-home:/opt/rustwide/cargo-home:ro,Z" "-v" "/var/lib/crater-agent-workspace/rustup-home:/opt/rustwide/rustup-home:ro,Z" "-e" "SOURCE_DIR=/opt/rustwide/workdir" "-e" "CARGO_TARGET_DIR=/opt/rustwide/target" "-e" "CARGO_INCREMENTAL=0" "-e" "RUST_BACKTRACE=full" "-e" "RUSTDOCFLAGS=--cap-lints=warn" "-e" "CARGO_HOME=/opt/rustwide/cargo-home" "-e" "RUSTUP_HOME=/opt/rustwide/rustup-home" "-w" "/opt/rustwide/workdir" "-m" "1610612736" "--user" "0:0" "--network" "none" "ghcr.io/rust-lang/crates-build-env/linux@sha256:34b6a614d2c27851fe6cbf88fbd1137609cefab8b10d0615aaeb6fd47975d74e" "/opt/rustwide/cargo-home/bin/cargo" "+beta-2021-08-01" "doc" "--frozen" "--no-deps" "--document-private-items" "--message-format=json", kill_on_drop: false }`
[INFO] [stdout] d62be6408335ec0817718beec8d8da1b243b9b2ca171a1525e2958a4113a73a0
[INFO] running `Command { std: "docker" "start" "-a" "d62be6408335ec0817718beec8d8da1b243b9b2ca171a1525e2958a4113a73a0", kill_on_drop: false }`
[INFO] [stderr]     Blocking waiting for file lock on package cache
[INFO] [stderr]    Compiling winapi v0.3.9
[INFO] [stderr]  Documenting djin v0.1.1 (/opt/rustwide/workdir)
[INFO] [stdout] error: this crate is only meant to be used for windows targets
[INFO] [stdout]  --> src/lib.rs:2:1
[INFO] [stdout]   |
[INFO] [stdout] 2 | compile_error!("this crate is only meant to be used for windows targets");
[INFO] [stdout]   | ^^^^^^^^^^^^^^^^^^^^^^^^^^^^^^^^^^^^^^^^^^^^^^^^^^^^^^^^^^^^^^^^^^^^^^^^^^
[INFO] [stdout] 
[INFO] [stdout] 
[INFO] [stdout] error[E0433]: failed to resolve: could not find `shared` in `winapi`
[INFO] [stdout]  --> src/windows_prelude.rs:4:5
[INFO] [stdout]   |
[INFO] [stdout] 4 |     shared::{
[INFO] [stdout]   |     ^^^^^^ could not find `shared` in `winapi`
[INFO] [stdout] 
[INFO] [stdout] 
[INFO] [stdout] error[E0433]: failed to resolve: could not find `um` in `winapi`
[INFO] [stdout]  --> src/windows_prelude.rs:8:5
[INFO] [stdout]   |
[INFO] [stdout] 8 |     um::{
[INFO] [stdout]   |     ^^ could not find `um` in `winapi`
[INFO] [stdout] 
[INFO] [stdout] 
[INFO] [stdout] error[E0433]: failed to resolve: could not find `windows` in `os`
[INFO] [stdout]   --> src/windows_prelude.rs:24:18
[INFO] [stdout]    |
[INFO] [stdout] 24 | pub use std::os::windows::ffi::OsStrExt;
[INFO] [stdout]    |                  ^^^^^^^ could not find `windows` in `os`
[INFO] [stdout] 
[INFO] [stdout] 
[INFO] [stdout] error[E0412]: cannot find type `HANDLE` in this scope
[INFO] [stdout]   --> src/imp/util.rs:72:23
[INFO] [stdout]    |
[INFO] [stdout] 72 | pub fn alloc(process: HANDLE, size: usize) -> LPVOID {
[INFO] [stdout]    |                       ^^^^^^ not found in this scope
[INFO] [stdout] 
[INFO] [stdout] 
[INFO] [stdout] error[E0412]: cannot find type `LPVOID` in this scope
[INFO] [stdout]   --> src/imp/util.rs:72:47
[INFO] [stdout]    |
[INFO] [stdout] 72 | pub fn alloc(process: HANDLE, size: usize) -> LPVOID {
[INFO] [stdout]    |                                               ^^^^^^ not found in this scope
[INFO] [stdout] 
[INFO] [stdout] 
[INFO] [stdout] error[E0412]: cannot find type `HANDLE` in this scope
[INFO] [stdout]   --> src/imp/mod.rs:94:28
[INFO] [stdout]    |
[INFO] [stdout] 94 | pub fn inject_dll(process: HANDLE, dll: &std::path::Path, function: &[u8]) -> Result<DWORD, DWORD> {
[INFO] [stdout]    |                            ^^^^^^ not found in this scope
[INFO] [stdout] 
[INFO] [stdout] 
[INFO] [stdout] error[E0412]: cannot find type `DWORD` in this scope
[INFO] [stdout]   --> src/imp/mod.rs:94:86
[INFO] [stdout]    |
[INFO] [stdout] 94 | pub fn inject_dll(process: HANDLE, dll: &std::path::Path, function: &[u8]) -> Result<DWORD, DWORD> {
[INFO] [stdout]    |                  - help: you might be missing a type parameter: `<DWORD>`            ^^^^^ not found in this scope
[INFO] [stdout] 
[INFO] [stdout] 
[INFO] [stdout] error[E0412]: cannot find type `DWORD` in this scope
[INFO] [stdout]   --> src/imp/mod.rs:94:93
[INFO] [stdout]    |
[INFO] [stdout] 94 | pub fn inject_dll(process: HANDLE, dll: &std::path::Path, function: &[u8]) -> Result<DWORD, DWORD> {
[INFO] [stdout]    |                  - help: you might be missing a type parameter: `<DWORD>`                   ^^^^^ not found in this scope
[INFO] [stdout] 
[INFO] [stdout] 
[INFO] [stdout] error[E0412]: cannot find type `DWORD` in this scope
[INFO] [stdout]   --> src/lib.rs:10:26
[INFO] [stdout]    |
[INFO] [stdout] 10 | pub fn open_process(pid: DWORD) -> Result<HANDLE, DWORD> {
[INFO] [stdout]    |                          ^^^^^ not found in this scope
[INFO] [stdout] 
[INFO] [stdout] 
[INFO] [stdout] error[E0412]: cannot find type `HANDLE` in this scope
[INFO] [stdout]   --> src/lib.rs:10:43
[INFO] [stdout]    |
[INFO] [stdout] 10 | pub fn open_process(pid: DWORD) -> Result<HANDLE, DWORD> {
[INFO] [stdout]    |                    -                      ^^^^^^ not found in this scope
[INFO] [stdout]    |                    |
[INFO] [stdout]    |                    help: you might be missing a type parameter: `<HANDLE>`
[INFO] [stdout] 
[INFO] [stdout] 
[INFO] [stdout] error[E0412]: cannot find type `DWORD` in this scope
[INFO] [stdout]   --> src/lib.rs:10:51
[INFO] [stdout]    |
[INFO] [stdout] 10 | pub fn open_process(pid: DWORD) -> Result<HANDLE, DWORD> {
[INFO] [stdout]    |                    -                              ^^^^^ not found in this scope
[INFO] [stdout]    |                    |
[INFO] [stdout]    |                    help: you might be missing a type parameter: `<DWORD>`
[INFO] [stdout] 
[INFO] [stdout] 
[INFO] [stdout] error[E0412]: cannot find type `HANDLE` in this scope
[INFO] [stdout]   --> src/lib.rs:39:14
[INFO] [stdout]    |
[INFO] [stdout] 39 |     process: HANDLE,
[INFO] [stdout]    |              ^^^^^^ not found in this scope
[INFO] [stdout] 
[INFO] [stdout] 
[INFO] [stdout] error[E0412]: cannot find type `DWORD` in this scope
[INFO] [stdout]   --> src/lib.rs:42:13
[INFO] [stdout]    |
[INFO] [stdout] 38 | pub fn inject_dll<P: AsRef<std::path::Path>>(
[INFO] [stdout]    |                                            - help: you might be missing a type parameter: `, DWORD`
[INFO] [stdout] ...
[INFO] [stdout] 42 | ) -> Result<DWORD, DWORD> {
[INFO] [stdout]    |             ^^^^^ not found in this scope
[INFO] [stdout] 
[INFO] [stdout] 
[INFO] [stdout] error[E0412]: cannot find type `DWORD` in this scope
[INFO] [stdout]   --> src/lib.rs:42:20
[INFO] [stdout]    |
[INFO] [stdout] 38 | pub fn inject_dll<P: AsRef<std::path::Path>>(
[INFO] [stdout]    |                                            - help: you might be missing a type parameter: `, DWORD`
[INFO] [stdout] ...
[INFO] [stdout] 42 | ) -> Result<DWORD, DWORD> {
[INFO] [stdout]    |                    ^^^^^ not found in this scope
[INFO] [stdout] 
[INFO] [stdout] 
[INFO] [stdout] error: Compilation failed, aborting rustdoc
[INFO] [stdout] 
[INFO] [stdout] 
[INFO] [stdout] error: aborting due to 16 previous errors
[INFO] [stdout] 
[INFO] [stdout] 
[INFO] [stdout] Some errors have detailed explanations: E0412, E0433.
[INFO] [stdout] 
[INFO] [stdout] For more information about an error, try `rustc --explain E0412`.
[INFO] [stdout] 
[INFO] [stderr] error: could not document `djin`
[INFO] [stderr] 
[INFO] [stderr] Caused by:
[INFO] [stderr]   process didn't exit successfully: `rustdoc --edition=2018 --crate-type lib --crate-name djin src/lib.rs -o /opt/rustwide/target/doc --error-format=json --json=diagnostic-rendered-ansi --document-private-items -L dependency=/opt/rustwide/target/debug/deps --extern winapi=/opt/rustwide/target/debug/deps/libwinapi-7a87ba82a42c15d0.rmeta --cap-lints=warn --crate-version 0.1.1` (exit status: 1)
[INFO] running `Command { std: "docker" "inspect" "d62be6408335ec0817718beec8d8da1b243b9b2ca171a1525e2958a4113a73a0", kill_on_drop: false }`
[INFO] running `Command { std: "docker" "rm" "-f" "d62be6408335ec0817718beec8d8da1b243b9b2ca171a1525e2958a4113a73a0", kill_on_drop: false }`
[INFO] [stdout] d62be6408335ec0817718beec8d8da1b243b9b2ca171a1525e2958a4113a73a0
