[INFO] fetching crate dhc 0.2.1...
[INFO] documenting dhc-0.2.1 against beta-2021-08-01 for beta-1.55-rustdoc-1
[INFO] extracting crate dhc 0.2.1 into /workspace/builds/worker-9/source
[INFO] validating manifest of crates.io crate dhc 0.2.1 on toolchain beta-2021-08-01
[INFO] running `Command { std: "/workspace/cargo-home/bin/cargo" "+beta-2021-08-01" "metadata" "--manifest-path" "Cargo.toml" "--no-deps", kill_on_drop: false }`
[INFO] started tweaking crates.io crate dhc 0.2.1
[INFO] finished tweaking crates.io crate dhc 0.2.1
[INFO] tweaked toml for crates.io crate dhc 0.2.1 written to /workspace/builds/worker-9/source/Cargo.toml
[INFO] running `Command { std: "/workspace/cargo-home/bin/cargo" "+beta-2021-08-01" "generate-lockfile" "--manifest-path" "Cargo.toml" "-Zno-index-update", kill_on_drop: false }`
[INFO] [stderr]     Blocking waiting for file lock on package cache
[INFO] running `Command { std: "/workspace/cargo-home/bin/cargo" "+beta-2021-08-01" "fetch" "--manifest-path" "Cargo.toml", kill_on_drop: false }`
[INFO] [stderr]  Downloading crates ...
[INFO] [stderr]   Downloaded unchecked-index v0.2.2
[INFO] [stderr]   Downloaded rustc_version v0.4.0
[INFO] [stderr]   Downloaded twoway v0.2.2
[INFO] [stderr]   Downloaded cache-padded v1.1.1
[INFO] [stderr]   Downloaded toml v0.5.8
[INFO] [stderr]   Downloaded rustversion v1.0.5
[INFO] [stderr]   Downloaded redox_users v0.4.0
[INFO] [stderr]   Downloaded slog v2.7.0
[INFO] [stderr]   Downloaded slog-stdlog v3.0.5
[INFO] [stderr]   Downloaded crossbeam v0.2.12
[INFO] [stderr]   Downloaded vergen v3.2.0
[INFO] [stderr]   Downloaded arc-swap v1.3.0
[INFO] [stderr]   Downloaded log-panics v2.0.0
[INFO] [stderr]   Downloaded thread_local v1.1.3
[INFO] [stderr]   Downloaded term v0.7.0
[INFO] [stderr]   Downloaded rusty-xinput v1.2.0
[INFO] [stderr]   Downloaded slog v1.7.1
[INFO] [stderr]   Downloaded slog-extra v0.1.2
[INFO] [stderr]   Downloaded slog-stream v1.2.1
[INFO] [stderr]   Downloaded slog-term v2.8.0
[INFO] [stderr]   Downloaded dirs-next v2.0.0
[INFO] [stderr]   Downloaded triple_buffer v5.0.6
[INFO] [stderr]   Downloaded dirs-sys-next v0.1.2
[INFO] [stderr]   Downloaded semver v1.0.4
[INFO] [stderr]   Downloaded slog-scope v4.4.0
[INFO] [stderr]   Downloaded hwndloop v0.1.5
[INFO] running `Command { std: "docker" "create" "-v" "/var/lib/crater-agent-workspace/builds/worker-9/target:/opt/rustwide/target:rw,Z" "-v" "/var/lib/crater-agent-workspace/builds/worker-9/source:/opt/rustwide/workdir:ro,Z" "-v" "/var/lib/crater-agent-workspace/cargo-home:/opt/rustwide/cargo-home:ro,Z" "-v" "/var/lib/crater-agent-workspace/rustup-home:/opt/rustwide/rustup-home:ro,Z" "-e" "SOURCE_DIR=/opt/rustwide/workdir" "-e" "CARGO_TARGET_DIR=/opt/rustwide/target" "-e" "CARGO_HOME=/opt/rustwide/cargo-home" "-e" "RUSTUP_HOME=/opt/rustwide/rustup-home" "-w" "/opt/rustwide/workdir" "-m" "1610612736" "--user" "0:0" "--network" "none" "ghcr.io/rust-lang/crates-build-env/linux@sha256:34b6a614d2c27851fe6cbf88fbd1137609cefab8b10d0615aaeb6fd47975d74e" "/opt/rustwide/cargo-home/bin/cargo" "+beta-2021-08-01" "metadata" "--no-deps" "--format-version=1", kill_on_drop: false }`
[INFO] [stdout] 07df0f45624f817074e4baaa4be1487e82ba1d1a4f9b1d19785f7f1078850a95
[INFO] running `Command { std: "docker" "start" "-a" "07df0f45624f817074e4baaa4be1487e82ba1d1a4f9b1d19785f7f1078850a95", kill_on_drop: false }`
[INFO] running `Command { std: "docker" "inspect" "07df0f45624f817074e4baaa4be1487e82ba1d1a4f9b1d19785f7f1078850a95", kill_on_drop: false }`
[INFO] running `Command { std: "docker" "rm" "-f" "07df0f45624f817074e4baaa4be1487e82ba1d1a4f9b1d19785f7f1078850a95", kill_on_drop: false }`
[INFO] [stdout] 07df0f45624f817074e4baaa4be1487e82ba1d1a4f9b1d19785f7f1078850a95
[INFO] running `Command { std: "docker" "create" "-v" "/var/lib/crater-agent-workspace/builds/worker-9/target:/opt/rustwide/target:rw,Z" "-v" "/var/lib/crater-agent-workspace/builds/worker-9/source:/opt/rustwide/workdir:ro,Z" "-v" "/var/lib/crater-agent-workspace/cargo-home:/opt/rustwide/cargo-home:ro,Z" "-v" "/var/lib/crater-agent-workspace/rustup-home:/opt/rustwide/rustup-home:ro,Z" "-e" "SOURCE_DIR=/opt/rustwide/workdir" "-e" "CARGO_TARGET_DIR=/opt/rustwide/target" "-e" "CARGO_INCREMENTAL=0" "-e" "RUST_BACKTRACE=full" "-e" "RUSTDOCFLAGS=--cap-lints=warn" "-e" "CARGO_HOME=/opt/rustwide/cargo-home" "-e" "RUSTUP_HOME=/opt/rustwide/rustup-home" "-w" "/opt/rustwide/workdir" "-m" "1610612736" "--user" "0:0" "--network" "none" "ghcr.io/rust-lang/crates-build-env/linux@sha256:34b6a614d2c27851fe6cbf88fbd1137609cefab8b10d0615aaeb6fd47975d74e" "/opt/rustwide/cargo-home/bin/cargo" "+beta-2021-08-01" "doc" "--frozen" "--no-deps" "--document-private-items" "--message-format=json", kill_on_drop: false }`
[INFO] [stdout] 4ff77d09c0d805805394dc88f8b5b154c2265fc50ae11ca00e56d3f5d1986d80
[INFO] running `Command { std: "docker" "start" "-a" "4ff77d09c0d805805394dc88f8b5b154c2265fc50ae11ca00e56d3f5d1986d80", kill_on_drop: false }`
[INFO] [stderr]    Compiling memchr v2.4.0
[INFO] [stderr]    Compiling winapi v0.3.9
[INFO] [stderr]     Checking slog v1.7.1
[INFO] [stderr]     Checking crossbeam v0.2.12
[INFO] [stderr]     Checking thread_local v1.1.3
[INFO] [stderr]     Checking triple_buffer v5.0.6
[INFO] [stderr]    Compiling num-traits v0.2.14
[INFO] [stderr]    Compiling time v0.1.43
[INFO] [stderr]     Checking dirs-sys-next v0.1.2
[INFO] [stderr]     Checking slog-scope v4.4.0
[INFO] [stderr]     Checking log-panics v2.0.0
[INFO] [stderr]     Checking rusty-xinput v1.2.0
[INFO] [stderr]     Checking toml v0.5.8
[INFO] [stderr]     Checking dirs-next v2.0.0
[INFO] [stderr]     Checking slog-extra v0.1.2
[INFO] [stderr]     Checking slog-stdlog v3.0.5
[INFO] [stderr]     Checking term v0.7.0
[INFO] [stderr]     Checking slog-stream v1.2.1
[INFO] [stderr]     Checking twoway v0.2.2
[INFO] [stderr]     Checking hwndloop v0.1.5
[INFO] [stderr]     Checking slog-term v2.8.0
[INFO] [stderr]    Compiling num-integer v0.1.44
[INFO] [stderr]    Compiling chrono v0.4.19
[INFO] [stderr]    Compiling vergen v3.2.0
[INFO] [stderr]    Compiling dhc v0.2.1 (/opt/rustwide/workdir)
[INFO] [stderr]  Documenting dhc v0.2.1 (/opt/rustwide/workdir)
[INFO] [stdout] error[E0433]: failed to resolve: could not find `shared` in `winapi`
[INFO] [stdout]  --> src/lib.rs:8:13
[INFO] [stdout]   |
[INFO] [stdout] 8 | use winapi::shared::minwindef::MAX_PATH;
[INFO] [stdout]   |             ^^^^^^ could not find `shared` in `winapi`
[INFO] [stdout] 
[INFO] [stdout] 
[INFO] [stdout] error[E0433]: failed to resolve: could not find `um` in `winapi`
[INFO] [stdout]  --> src/lib.rs:9:13
[INFO] [stdout]   |
[INFO] [stdout] 9 | use winapi::um::libloaderapi::{GetModuleFileNameW, GetModuleHandleW};
[INFO] [stdout]   |             ^^ could not find `um` in `winapi`
[INFO] [stdout] 
[INFO] [stdout] 
[INFO] [stdout] error[E0433]: failed to resolve: could not find `um` in `winapi`
[INFO] [stdout]  --> src/logger.rs:2:13
[INFO] [stdout]   |
[INFO] [stdout] 2 | use winapi::um::consoleapi::AllocConsole;
[INFO] [stdout]   |             ^^ could not find `um` in `winapi`
[INFO] [stdout] 
[INFO] [stdout] 
[INFO] [stdout] error[E0433]: failed to resolve: could not find `shared` in `winapi`
[INFO] [stdout]  --> src/input/mod.rs:9:13
[INFO] [stdout]   |
[INFO] [stdout] 9 | use winapi::shared::minwindef::{LPARAM, LRESULT, UINT, WPARAM};
[INFO] [stdout]   |             ^^^^^^ could not find `shared` in `winapi`
[INFO] [stdout] 
[INFO] [stdout] 
[INFO] [stdout] error[E0433]: failed to resolve: could not find `shared` in `winapi`
[INFO] [stdout]   --> src/input/mod.rs:10:13
[INFO] [stdout]    |
[INFO] [stdout] 10 | use winapi::shared::ntdef::HANDLE;
[INFO] [stdout]    |             ^^^^^^ could not find `shared` in `winapi`
[INFO] [stdout] 
[INFO] [stdout] 
[INFO] [stdout] error[E0433]: failed to resolve: could not find `shared` in `winapi`
[INFO] [stdout]   --> src/input/mod.rs:11:13
[INFO] [stdout]    |
[INFO] [stdout] 11 | use winapi::shared::windef::HWND;
[INFO] [stdout]    |             ^^^^^^ could not find `shared` in `winapi`
[INFO] [stdout] 
[INFO] [stdout] 
[INFO] [stdout] error[E0433]: failed to resolve: could not find `um` in `winapi`
[INFO] [stdout]   --> src/input/mod.rs:12:13
[INFO] [stdout]    |
[INFO] [stdout] 12 | use winapi::um::processthreadsapi::{GetCurrentThread, SetThreadPriority};
[INFO] [stdout]    |             ^^ could not find `um` in `winapi`
[INFO] [stdout] 
[INFO] [stdout] 
[INFO] [stdout] error[E0433]: failed to resolve: could not find `um` in `winapi`
[INFO] [stdout]   --> src/input/mod.rs:13:13
[INFO] [stdout]    |
[INFO] [stdout] 13 | use winapi::um::winbase::THREAD_PRIORITY_HIGHEST;
[INFO] [stdout]    |             ^^ could not find `um` in `winapi`
[INFO] [stdout] 
[INFO] [stdout] 
[INFO] [stdout] error[E0433]: failed to resolve: could not find `um` in `winapi`
[INFO] [stdout]   --> src/input/mod.rs:14:13
[INFO] [stdout]    |
[INFO] [stdout] 14 | use winapi::um::winuser::*;
[INFO] [stdout]    |             ^^ could not find `um` in `winapi`
[INFO] [stdout] 
[INFO] [stdout] 
[INFO] [stdout] error[E0433]: failed to resolve: could not find `shared` in `winapi`
[INFO] [stdout]  --> src/input/hid.rs:5:13
[INFO] [stdout]   |
[INFO] [stdout] 5 | use winapi::shared::hidpi::{
[INFO] [stdout]   |             ^^^^^^ could not find `shared` in `winapi`
[INFO] [stdout] 
[INFO] [stdout] 
[INFO] [stdout] error[E0433]: failed to resolve: could not find `shared` in `winapi`
[INFO] [stdout]  --> src/input/hid.rs:9:13
[INFO] [stdout]   |
[INFO] [stdout] 9 | use winapi::shared::hidpi::{
[INFO] [stdout]   |             ^^^^^^ could not find `shared` in `winapi`
[INFO] [stdout] 
[INFO] [stdout] 
[INFO] [stdout] error[E0433]: failed to resolve: could not find `shared` in `winapi`
[INFO] [stdout]   --> src/input/hid.rs:17:13
[INFO] [stdout]    |
[INFO] [stdout] 17 | use winapi::shared::hidpi::{HIDP_CAPS, HIDP_LINK_COLLECTION_NODE, HIDP_VALUE_CAPS, PHIDP_PREPARSED_DATA};
[INFO] [stdout]    |             ^^^^^^ could not find `shared` in `winapi`
[INFO] [stdout] 
[INFO] [stdout] 
[INFO] [stdout] error[E0433]: failed to resolve: could not find `shared` in `winapi`
[INFO] [stdout]   --> src/input/hid.rs:18:13
[INFO] [stdout]    |
[INFO] [stdout] 18 | use winapi::shared::hidsdi::{
[INFO] [stdout]    |             ^^^^^^ could not find `shared` in `winapi`
[INFO] [stdout] 
[INFO] [stdout] 
[INFO] [stdout] error[E0433]: failed to resolve: could not find `shared` in `winapi`
[INFO] [stdout]   --> src/input/hid.rs:22:13
[INFO] [stdout]    |
[INFO] [stdout] 22 | use winapi::shared::minwindef::UINT;
[INFO] [stdout]    |             ^^^^^^ could not find `shared` in `winapi`
[INFO] [stdout] 
[INFO] [stdout] 
[INFO] [stdout] error[E0433]: failed to resolve: could not find `shared` in `winapi`
[INFO] [stdout]   --> src/input/hid.rs:23:13
[INFO] [stdout]    |
[INFO] [stdout] 23 | use winapi::shared::ntdef::{HANDLE, NTSTATUS};
[INFO] [stdout]    |             ^^^^^^ could not find `shared` in `winapi`
[INFO] [stdout] 
[INFO] [stdout] 
[INFO] [stdout] error[E0433]: failed to resolve: could not find `um` in `winapi`
[INFO] [stdout]   --> src/input/hid.rs:24:13
[INFO] [stdout]    |
[INFO] [stdout] 24 | use winapi::um::fileapi::{CreateFileA, OPEN_EXISTING};
[INFO] [stdout]    |             ^^ could not find `um` in `winapi`
[INFO] [stdout] 
[INFO] [stdout] 
[INFO] [stdout] error[E0433]: failed to resolve: could not find `um` in `winapi`
[INFO] [stdout]   --> src/input/hid.rs:25:13
[INFO] [stdout]    |
[INFO] [stdout] 25 | use winapi::um::handleapi::CloseHandle;
[INFO] [stdout]    |             ^^ could not find `um` in `winapi`
[INFO] [stdout] 
[INFO] [stdout] 
[INFO] [stdout] error[E0433]: failed to resolve: could not find `um` in `winapi`
[INFO] [stdout]   --> src/input/hid.rs:26:13
[INFO] [stdout]    |
[INFO] [stdout] 26 | use winapi::um::handleapi::INVALID_HANDLE_VALUE;
[INFO] [stdout]    |             ^^ could not find `um` in `winapi`
[INFO] [stdout] 
[INFO] [stdout] 
[INFO] [stdout] error[E0433]: failed to resolve: could not find `um` in `winapi`
[INFO] [stdout]   --> src/input/hid.rs:27:13
[INFO] [stdout]    |
[INFO] [stdout] 27 | use winapi::um::winnt::{FILE_SHARE_READ, FILE_SHARE_WRITE};
[INFO] [stdout]    |             ^^ could not find `um` in `winapi`
[INFO] [stdout] 
[INFO] [stdout] 
[INFO] [stdout] error[E0433]: failed to resolve: could not find `um` in `winapi`
[INFO] [stdout]   --> src/input/hid.rs:28:13
[INFO] [stdout]    |
[INFO] [stdout] 28 | use winapi::um::winuser::*;
[INFO] [stdout]    |             ^^ could not find `um` in `winapi`
[INFO] [stdout] 
[INFO] [stdout] 
[INFO] [stdout] error[E0433]: failed to resolve: could not find `shared` in `winapi`
[INFO] [stdout]  --> src/input/xinput.rs:1:13
[INFO] [stdout]   |
[INFO] [stdout] 1 | use winapi::shared::minwindef::MAX_PATH;
[INFO] [stdout]   |             ^^^^^^ could not find `shared` in `winapi`
[INFO] [stdout] 
[INFO] [stdout] 
[INFO] [stdout] error[E0433]: failed to resolve: could not find `um` in `winapi`
[INFO] [stdout]  --> src/input/xinput.rs:2:13
[INFO] [stdout]   |
[INFO] [stdout] 2 | use winapi::um::sysinfoapi::GetSystemDirectoryW;
[INFO] [stdout]   |             ^^ could not find `um` in `winapi`
[INFO] [stdout] 
[INFO] [stdout] 
[INFO] [stdout] error[E0432]: unresolved imports `rusty_xinput::XInputHandle`, `crate::input::DeviceDescription`, `crate::input::DeviceId`, `crate::input::DeviceType`, `crate::input::RawInputDeviceId`, `crate::input::XInputDeviceId`
[INFO] [stdout]   --> src/input/hid.rs:31:20
[INFO] [stdout]    |
[INFO] [stdout] 31 | use crate::input::{DeviceDescription, DeviceId, DeviceType, RawInputDeviceId};
[INFO] [stdout]    |                    ^^^^^^^^^^^^^^^^^  ^^^^^^^^  ^^^^^^^^^^  ^^^^^^^^^^^^^^^^
[INFO] [stdout]    | 
[INFO] [stdout]   ::: src/input/xinput.rs:4:5
[INFO] [stdout]    |
[INFO] [stdout] 4  | use rusty_xinput::XInputHandle;
[INFO] [stdout]    |     ^^^^^^^^^^^^^^^^^^^^^^^^^^ no `XInputHandle` in the root
[INFO] [stdout] ...
[INFO] [stdout] 7  | use crate::input::XInputDeviceId;
[INFO] [stdout]    |     ^^^^^^^^^^^^^^^^^^^^^^^^^^^^
[INFO] [stdout] 
[INFO] [stdout] 
[INFO] [stdout] error[E0412]: cannot find type `PHIDP_PREPARSED_DATA` in this scope
[INFO] [stdout]   --> src/input/hid.rs:48:8
[INFO] [stdout]    |
[INFO] [stdout] 48 |   ptr: PHIDP_PREPARSED_DATA,
[INFO] [stdout]    |        ^^^^^^^^^^^^^^^^^^^^ not found in this scope
[INFO] [stdout] 
[INFO] [stdout] 
[INFO] [stdout] error[E0412]: cannot find type `NTSTATUS` in this scope
[INFO] [stdout]   --> src/input/hid.rs:80:11
[INFO] [stdout]    |
[INFO] [stdout] 80 |   Unknown(NTSTATUS),
[INFO] [stdout]    |           ^^^^^^^^ not found in this scope
[INFO] [stdout] 
[INFO] [stdout] 
[INFO] [stdout] error[E0412]: cannot find type `NTSTATUS` in this scope
[INFO] [stdout]   --> src/input/hid.rs:84:22
[INFO] [stdout]    |
[INFO] [stdout] 84 |   fn from_code(code: NTSTATUS) -> HidPError {
[INFO] [stdout]    |                      ^^^^^^^^ not found in this scope
[INFO] [stdout] 
[INFO] [stdout] 
[INFO] [stdout] error[E0412]: cannot find type `NTSTATUS` in this scope
[INFO] [stdout]    --> src/input/hid.rs:132:24
[INFO] [stdout]     |
[INFO] [stdout] 132 | fn hidp_result(status: NTSTATUS) -> Result<(), HidPError> {
[INFO] [stdout]     |                        ^^^^^^^^ not found in this scope
[INFO] [stdout] 
[INFO] [stdout] 
[INFO] [stdout] error[E0412]: cannot find type `PHIDP_PREPARSED_DATA` in this scope
[INFO] [stdout]    --> src/input/hid.rs:141:20
[INFO] [stdout]     |
[INFO] [stdout] 141 |   pub fn new(data: PHIDP_PREPARSED_DATA) -> HidPreparsedData {
[INFO] [stdout]     |                    ^^^^^^^^^^^^^^^^^^^^ not found in this scope
[INFO] [stdout] 
[INFO] [stdout] 
[INFO] [stdout] error[E0412]: cannot find type `PHIDP_PREPARSED_DATA` in this scope
[INFO] [stdout]    --> src/input/hid.rs:145:24
[INFO] [stdout]     |
[INFO] [stdout] 145 |   pub fn raw(&self) -> PHIDP_PREPARSED_DATA {
[INFO] [stdout]     |                        ^^^^^^^^^^^^^^^^^^^^ not found in this scope
[INFO] [stdout] 
[INFO] [stdout] 
[INFO] [stdout] error[E0412]: cannot find type `HIDP_CAPS` in this scope
[INFO] [stdout]    --> src/input/hid.rs:149:32
[INFO] [stdout]     |
[INFO] [stdout] 140 | impl HidPreparsedData {
[INFO] [stdout]     |     - help: you might be missing a type parameter: `<HIDP_CAPS>`
[INFO] [stdout] ...
[INFO] [stdout] 149 |   fn get_caps(&self) -> Result<HIDP_CAPS, HidPError> {
[INFO] [stdout]     |                                ^^^^^^^^^ not found in this scope
[INFO] [stdout] 
[INFO] [stdout] 
[INFO] [stdout] error[E0412]: cannot find type `HIDP_VALUE_CAPS` in this scope
[INFO] [stdout]    --> src/input/hid.rs:156:42
[INFO] [stdout]     |
[INFO] [stdout] 140 | impl HidPreparsedData {
[INFO] [stdout]     |     - help: you might be missing a type parameter: `<HIDP_VALUE_CAPS>`
[INFO] [stdout] ...
[INFO] [stdout] 156 |   fn get_value_caps(&self) -> Result<Vec<HIDP_VALUE_CAPS>, HidPError> {
[INFO] [stdout]     |                                          ^^^^^^^^^^^^^^^ not found in this scope
[INFO] [stdout] 
[INFO] [stdout] 
[INFO] [stdout] error[E0412]: cannot find type `HIDP_LINK_COLLECTION_NODE` in this scope
[INFO] [stdout]    --> src/input/hid.rs:171:53
[INFO] [stdout]     |
[INFO] [stdout] 140 | impl HidPreparsedData {
[INFO] [stdout]     |     - help: you might be missing a type parameter: `<HIDP_LINK_COLLECTION_NODE>`
[INFO] [stdout] ...
[INFO] [stdout] 171 |   fn get_link_collection_nodes(&self) -> Result<Vec<HIDP_LINK_COLLECTION_NODE>, HidPError> {
[INFO] [stdout]     |                                                     ^^^^^^^^^^^^^^^^^^^^^^^^^ not found in this scope
[INFO] [stdout] 
[INFO] [stdout] 
[INFO] [stdout] error[E0412]: cannot find type `HIDP_VALUE_CAPS` in this scope
[INFO] [stdout]    --> src/input/hid.rs:233:19
[INFO] [stdout]     |
[INFO] [stdout] 230 | pub struct HidParser {
[INFO] [stdout]     |                     - help: you might be missing a type parameter: `<HIDP_VALUE_CAPS>`
[INFO] [stdout] ...
[INFO] [stdout] 233 |   value_caps: Vec<HIDP_VALUE_CAPS>,
[INFO] [stdout]     |                   ^^^^^^^^^^^^^^^ not found in this scope
[INFO] [stdout] 
[INFO] [stdout] 
[INFO] [stdout] error[E0412]: cannot find type `UINT` in this scope
[INFO] [stdout]    --> src/input/hid.rs:364:68
[INFO] [stdout]     |
[INFO] [stdout] 364 | fn get_rawinput_device_info_impl(device_id: RawInputDeviceId, cmd: UINT) -> Vec<u8> {
[INFO] [stdout]     |                                                                    ^^^^ not found in this scope
[INFO] [stdout] 
[INFO] [stdout] 
[INFO] [stdout] error[E0412]: cannot find type `RID_DEVICE_INFO` in this scope
[INFO] [stdout]    --> src/input/hid.rs:396:61
[INFO] [stdout]     |
[INFO] [stdout] 396 | fn get_rawinput_device_info(device_id: RawInputDeviceId) -> RID_DEVICE_INFO {
[INFO] [stdout]     |                                                             ^^^^^^^^^^^^^^^ not found in this scope
[INFO] [stdout] 
[INFO] [stdout] 
[INFO] [stdout] error[E0412]: cannot find type `HANDLE` in this scope
[INFO] [stdout]    --> src/input/hid.rs:404:35
[INFO] [stdout]     |
[INFO] [stdout] 404 | fn hid_get_product_string(handle: HANDLE) -> Option<String> {
[INFO] [stdout]     |                                   ^^^^^^ not found in this scope
[INFO] [stdout] 
[INFO] [stdout] 
[INFO] [stdout] error[E0412]: cannot find type `HANDLE` in this scope
[INFO] [stdout]    --> src/input/hid.rs:423:40
[INFO] [stdout]     |
[INFO] [stdout] 423 | fn hid_get_manufacturer_string(handle: HANDLE) -> Option<String> {
[INFO] [stdout]     |                                        ^^^^^^ not found in this scope
[INFO] [stdout] 
[INFO] [stdout] 
[INFO] [stdout] error[E0412]: cannot find type `HANDLE` in this scope
[INFO] [stdout]    --> src/input/hid.rs:442:34
[INFO] [stdout]     |
[INFO] [stdout] 442 | fn hid_get_serial_number(handle: HANDLE) -> Option<String> {
[INFO] [stdout]     |                                  ^^^^^^ not found in this scope
[INFO] [stdout] 
[INFO] [stdout] 
[INFO] [stdout] error[E0412]: cannot find type `HANDLE` in this scope
[INFO] [stdout]    --> src/input/hid.rs:462:58
[INFO] [stdout]     |
[INFO] [stdout] 462 | fn open_rawinput_hid_device(path: CString) -> io::Result<HANDLE> {
[INFO] [stdout]     |                            -                             ^^^^^^ not found in this scope
[INFO] [stdout]     |                            |
[INFO] [stdout]     |                            help: you might be missing a type parameter: `<HANDLE>`
[INFO] [stdout] 
[INFO] [stdout] 
[INFO] [stdout] error[E0412]: cannot find type `HANDLE` in this scope
[INFO] [stdout]    --> src/input/hid.rs:485:39
[INFO] [stdout]     |
[INFO] [stdout] 485 | fn get_rawinput_device_name(hid_file: HANDLE) -> String {
[INFO] [stdout]     |                                       ^^^^^^ not found in this scope
[INFO] [stdout] 
[INFO] [stdout] 
[INFO] [stdout] error[E0412]: cannot find type `HANDLE` in this scope
[INFO] [stdout]    --> src/input/hid.rs:510:37
[INFO] [stdout]     |
[INFO] [stdout] 510 | fn hid_get_preparsed_data(hid_file: HANDLE) -> io::Result<HidPreparsedData> {
[INFO] [stdout]     |                                     ^^^^^^ not found in this scope
[INFO] [stdout] 
[INFO] [stdout] 
[INFO] [stdout] error[E0412]: cannot find type `HANDLE` in this scope
[INFO] [stdout]   --> src/input/mod.rs:51:29
[INFO] [stdout]    |
[INFO] [stdout] 51 |   pub fn as_handle(self) -> HANDLE {
[INFO] [stdout]    |                             ^^^^^^ not found in this scope
[INFO] [stdout] 
[INFO] [stdout] 
[INFO] [stdout] error[E0412]: cannot find type `HANDLE` in this scope
[INFO] [stdout]   --> src/input/mod.rs:55:30
[INFO] [stdout]    |
[INFO] [stdout] 55 |   pub fn from_handle(handle: HANDLE) -> RawInputDeviceId {
[INFO] [stdout]    |                              ^^^^^^ not found in this scope
[INFO] [stdout] 
[INFO] [stdout] 
[INFO] [stdout] error[E0412]: cannot find type `RAWHID` in this scope
[INFO] [stdout]    --> src/input/mod.rs:125:38
[INFO] [stdout]     |
[INFO] [stdout] 125 |   fn handle_input(&mut self, input: &RAWHID) {
[INFO] [stdout]     |                                      ^^^^^^ not found in this scope
[INFO] [stdout] 
[INFO] [stdout] 
[INFO] [stdout] error[E0405]: cannot find trait `HwndLoopCallbacks` in this scope
[INFO] [stdout]    --> src/input/mod.rs:148:6
[INFO] [stdout]     |
[INFO] [stdout] 148 | impl HwndLoopCallbacks<RawInputCommand> for RawInputManager {
[INFO] [stdout]     |      ^^^^^^^^^^^^^^^^^ not found in this scope
[INFO] [stdout] 
[INFO] [stdout] 
[INFO] [stdout] error[E0412]: cannot find type `HWND` in this scope
[INFO] [stdout]    --> src/input/mod.rs:149:31
[INFO] [stdout]     |
[INFO] [stdout] 149 |   fn set_up(&mut self, _hwnd: HWND) {
[INFO] [stdout]     |                               ^^^^ not found in this scope
[INFO] [stdout] 
[INFO] [stdout] 
[INFO] [stdout] error[E0412]: cannot find type `HWND` in this scope
[INFO] [stdout]    --> src/input/mod.rs:153:38
[INFO] [stdout]     |
[INFO] [stdout] 153 |   fn handle_message(&mut self, hwnd: HWND, msg: UINT, w: WPARAM, l: LPARAM) -> LRESULT {
[INFO] [stdout]     |                                      ^^^^ not found in this scope
[INFO] [stdout] 
[INFO] [stdout] 
[INFO] [stdout] error[E0412]: cannot find type `UINT` in this scope
[INFO] [stdout]    --> src/input/mod.rs:153:49
[INFO] [stdout]     |
[INFO] [stdout] 153 |   fn handle_message(&mut self, hwnd: HWND, msg: UINT, w: WPARAM, l: LPARAM) -> LRESULT {
[INFO] [stdout]     |                                                 ^^^^ not found in this scope
[INFO] [stdout] 
[INFO] [stdout] 
[INFO] [stdout] error[E0412]: cannot find type `WPARAM` in this scope
[INFO] [stdout]    --> src/input/mod.rs:153:58
[INFO] [stdout]     |
[INFO] [stdout] 153 |   fn handle_message(&mut self, hwnd: HWND, msg: UINT, w: WPARAM, l: LPARAM) -> LRESULT {
[INFO] [stdout]     |                                                          ^^^^^^ not found in this scope
[INFO] [stdout] 
[INFO] [stdout] 
[INFO] [stdout] error[E0412]: cannot find type `LPARAM` in this scope
[INFO] [stdout]    --> src/input/mod.rs:153:69
[INFO] [stdout]     |
[INFO] [stdout] 153 |   fn handle_message(&mut self, hwnd: HWND, msg: UINT, w: WPARAM, l: LPARAM) -> LRESULT {
[INFO] [stdout]     |                                                                     ^^^^^^ not found in this scope
[INFO] [stdout] 
[INFO] [stdout] 
[INFO] [stdout] error[E0412]: cannot find type `LRESULT` in this scope
[INFO] [stdout]    --> src/input/mod.rs:153:80
[INFO] [stdout]     |
[INFO] [stdout] 153 |   fn handle_message(&mut self, hwnd: HWND, msg: UINT, w: WPARAM, l: LPARAM) -> LRESULT {
[INFO] [stdout]     |                                                                                ^^^^^^^ not found in this scope
[INFO] [stdout] 
[INFO] [stdout] 
[INFO] [stdout] error[E0412]: cannot find type `HWND` in this scope
[INFO] [stdout]    --> src/input/mod.rs:169:38
[INFO] [stdout]     |
[INFO] [stdout] 169 |   fn handle_command(&mut self, hwnd: HWND, cmd: RawInputCommand) {
[INFO] [stdout]     |                                      ^^^^ not found in this scope
[INFO] [stdout] 
[INFO] [stdout] 
[INFO] [stdout] error[E0412]: cannot find type `HWND` in this scope
[INFO] [stdout]    --> src/input/mod.rs:202:48
[INFO] [stdout]     |
[INFO] [stdout] 202 |   fn cmd_register_device_type(&mut self, hwnd: HWND, device_type: RawInputDeviceType, reply: Sender<()>) {
[INFO] [stdout]     |                                                ^^^^ not found in this scope
[INFO] [stdout] 
[INFO] [stdout] 
[INFO] [stdout] error[E0412]: cannot find type `HWND` in this scope
[INFO] [stdout]    --> src/input/mod.rs:219:51
[INFO] [stdout]     |
[INFO] [stdout] 219 |   fn cmd_unregister_device_type(&mut self, _hwnd: HWND, device_type: RawInputDeviceType, reply: Sender<()>) {
[INFO] [stdout]     |                                                   ^^^^ not found in this scope
[INFO] [stdout] 
[INFO] [stdout] 
[INFO] [stdout] error[E0412]: cannot find type `HWND` in this scope
[INFO] [stdout]    --> src/input/mod.rs:236:39
[INFO] [stdout]     |
[INFO] [stdout] 236 |   fn cmd_get_events(&mut self, _hwnd: HWND, reply: Sender<VecDeque<RawInputEvent>>) {
[INFO] [stdout]     |                                       ^^^^ not found in this scope
[INFO] [stdout] 
[INFO] [stdout] 
[INFO] [stdout] error[E0412]: cannot find type `HWND` in this scope
[INFO] [stdout]    --> src/input/mod.rs:243:44
[INFO] [stdout]     |
[INFO] [stdout] 243 |   fn handle_device_input(&mut self, _hwnd: HWND, hrawinput: HRAWINPUT) {
[INFO] [stdout]     |                                            ^^^^ not found in this scope
[INFO] [stdout] 
[INFO] [stdout] 
[INFO] [stdout] error[E0412]: cannot find type `HRAWINPUT` in this scope
[INFO] [stdout]    --> src/input/mod.rs:243:61
[INFO] [stdout]     |
[INFO] [stdout] 243 |   fn handle_device_input(&mut self, _hwnd: HWND, hrawinput: HRAWINPUT) {
[INFO] [stdout]     |                                                             ^^^^^^^^^ not found in this scope
[INFO] [stdout] 
[INFO] [stdout] 
[INFO] [stdout] error[E0412]: cannot find type `HwndLoop` in this scope
[INFO] [stdout]    --> src/input/mod.rs:390:14
[INFO] [stdout]     |
[INFO] [stdout] 390 |   eventloop: HwndLoop<RawInputCommand>,
[INFO] [stdout]     |              ^^^^^^^^ not found in this scope
[INFO] [stdout] 
[INFO] [stdout] 
[INFO] [stdout] error: Compilation failed, aborting rustdoc
[INFO] [stdout] 
[INFO] [stdout] 
[INFO] [stdout] error: aborting due to 59 previous errors
[INFO] [stdout] 
[INFO] [stdout] 
[INFO] [stdout] Some errors have detailed explanations: E0405, E0412, E0432, E0433.
[INFO] [stdout] 
[INFO] [stdout] For more information about an error, try `rustc --explain E0405`.
[INFO] [stdout] 
[INFO] [stderr] error: could not document `dhc`
[INFO] [stderr] 
[INFO] [stderr] Caused by:
[INFO] [stderr]   process didn't exit successfully: `rustdoc --edition=2018 --crate-type rlib --crate-type cdylib --crate-name dhc src/lib.rs -o /opt/rustwide/target/doc --error-format=json --json=diagnostic-rendered-ansi --document-private-items -L dependency=/opt/rustwide/target/debug/deps --extern hwndloop=/opt/rustwide/target/debug/deps/libhwndloop-f76900ff256c190b.rmeta --extern lazy_static=/opt/rustwide/target/debug/deps/liblazy_static-5e37eee3e84fafab.rmeta --extern log=/opt/rustwide/target/debug/deps/liblog-56a705720bafac8d.rmeta --extern log_panics=/opt/rustwide/target/debug/deps/liblog_panics-ed3eefcf02f74178.rmeta --extern parking_lot=/opt/rustwide/target/debug/deps/libparking_lot-53ef41e9cc28547a.rmeta --extern rusty_xinput=/opt/rustwide/target/debug/deps/librusty_xinput-f4130844e88e854d.rmeta --extern serde=/opt/rustwide/target/debug/deps/libserde-8914c1b130a4d038.rmeta --extern slog=/opt/rustwide/target/debug/deps/libslog-dd5e3623c9db8a5a.rmeta --extern slog_scope=/opt/rustwide/target/debug/deps/libslog_scope-d65b94c3588721d5.rmeta --extern slog_stdlog=/opt/rustwide/target/debug/deps/libslog_stdlog-59c48db852680487.rmeta --extern slog_stream=/opt/rustwide/target/debug/deps/libslog_stream-552d874c13d454d7.rmeta --extern slog_term=/opt/rustwide/target/debug/deps/libslog_term-f3f66ef71ca1250f.rmeta --extern toml=/opt/rustwide/target/debug/deps/libtoml-fe0f13ae4ff1e924.rmeta --extern triple_buffer=/opt/rustwide/target/debug/deps/libtriple_buffer-ba2d085339b060ad.rmeta --extern twoway=/opt/rustwide/target/debug/deps/libtwoway-3036692f02fc0b4f.rmeta --extern winapi=/opt/rustwide/target/debug/deps/libwinapi-81a3b8ce64677fc0.rmeta --cap-lints=warn --crate-version 0.2.1` (exit status: 1)
[INFO] running `Command { std: "docker" "inspect" "4ff77d09c0d805805394dc88f8b5b154c2265fc50ae11ca00e56d3f5d1986d80", kill_on_drop: false }`
[INFO] running `Command { std: "docker" "rm" "-f" "4ff77d09c0d805805394dc88f8b5b154c2265fc50ae11ca00e56d3f5d1986d80", kill_on_drop: false }`
[INFO] [stdout] 4ff77d09c0d805805394dc88f8b5b154c2265fc50ae11ca00e56d3f5d1986d80
