[INFO] fetching crate devguard-genesis 0.1.4...
[INFO] documenting devguard-genesis-0.1.4 against 1.54.0 for beta-1.55-rustdoc-1
[INFO] extracting crate devguard-genesis 0.1.4 into /workspace/builds/worker-6/source
[INFO] validating manifest of crates.io crate devguard-genesis 0.1.4 on toolchain 1.54.0
[INFO] running `Command { std: "/workspace/cargo-home/bin/cargo" "+1.54.0" "metadata" "--manifest-path" "Cargo.toml" "--no-deps", kill_on_drop: false }`
[INFO] started tweaking crates.io crate devguard-genesis 0.1.4
[INFO] finished tweaking crates.io crate devguard-genesis 0.1.4
[INFO] tweaked toml for crates.io crate devguard-genesis 0.1.4 written to /workspace/builds/worker-6/source/Cargo.toml
[INFO] crate crates.io crate devguard-genesis 0.1.4 already has a lockfile, it will not be regenerated
[INFO] running `Command { std: "/workspace/cargo-home/bin/cargo" "+1.54.0" "fetch" "--manifest-path" "Cargo.toml", kill_on_drop: false }`
[INFO] [stderr]     Blocking waiting for file lock on package cache
[INFO] running `Command { std: "docker" "create" "-v" "/var/lib/crater-agent-workspace/builds/worker-6/target:/opt/rustwide/target:rw,Z" "-v" "/var/lib/crater-agent-workspace/builds/worker-6/source:/opt/rustwide/workdir:ro,Z" "-v" "/var/lib/crater-agent-workspace/cargo-home:/opt/rustwide/cargo-home:ro,Z" "-v" "/var/lib/crater-agent-workspace/rustup-home:/opt/rustwide/rustup-home:ro,Z" "-e" "SOURCE_DIR=/opt/rustwide/workdir" "-e" "CARGO_TARGET_DIR=/opt/rustwide/target" "-e" "CARGO_HOME=/opt/rustwide/cargo-home" "-e" "RUSTUP_HOME=/opt/rustwide/rustup-home" "-w" "/opt/rustwide/workdir" "-m" "1610612736" "--user" "0:0" "--network" "none" "ghcr.io/rust-lang/crates-build-env/linux@sha256:34b6a614d2c27851fe6cbf88fbd1137609cefab8b10d0615aaeb6fd47975d74e" "/opt/rustwide/cargo-home/bin/cargo" "+1.54.0" "metadata" "--no-deps" "--format-version=1", kill_on_drop: false }`
[INFO] [stdout] 7545716e153592a93e35333acb284d881528af4d1a9e60cdf1999394e7b12949
[INFO] running `Command { std: "docker" "start" "-a" "7545716e153592a93e35333acb284d881528af4d1a9e60cdf1999394e7b12949", kill_on_drop: false }`
[INFO] running `Command { std: "docker" "inspect" "7545716e153592a93e35333acb284d881528af4d1a9e60cdf1999394e7b12949", kill_on_drop: false }`
[INFO] running `Command { std: "docker" "rm" "-f" "7545716e153592a93e35333acb284d881528af4d1a9e60cdf1999394e7b12949", kill_on_drop: false }`
[INFO] [stdout] 7545716e153592a93e35333acb284d881528af4d1a9e60cdf1999394e7b12949
[INFO] running `Command { std: "docker" "create" "-v" "/var/lib/crater-agent-workspace/builds/worker-6/target:/opt/rustwide/target:rw,Z" "-v" "/var/lib/crater-agent-workspace/builds/worker-6/source:/opt/rustwide/workdir:ro,Z" "-v" "/var/lib/crater-agent-workspace/cargo-home:/opt/rustwide/cargo-home:ro,Z" "-v" "/var/lib/crater-agent-workspace/rustup-home:/opt/rustwide/rustup-home:ro,Z" "-e" "SOURCE_DIR=/opt/rustwide/workdir" "-e" "CARGO_TARGET_DIR=/opt/rustwide/target" "-e" "CARGO_INCREMENTAL=0" "-e" "RUST_BACKTRACE=full" "-e" "RUSTDOCFLAGS=--cap-lints=warn" "-e" "CARGO_HOME=/opt/rustwide/cargo-home" "-e" "RUSTUP_HOME=/opt/rustwide/rustup-home" "-w" "/opt/rustwide/workdir" "-m" "1610612736" "--user" "0:0" "--network" "none" "ghcr.io/rust-lang/crates-build-env/linux@sha256:34b6a614d2c27851fe6cbf88fbd1137609cefab8b10d0615aaeb6fd47975d74e" "/opt/rustwide/cargo-home/bin/cargo" "+1.54.0" "doc" "--frozen" "--no-deps" "--document-private-items" "--message-format=json", kill_on_drop: false }`
[INFO] [stdout] dc20a09f7e4ef0465afadecf3e2a8b2defc6fcd26d9c7fffad085ebff50ba86a
[INFO] running `Command { std: "docker" "start" "-a" "dc20a09f7e4ef0465afadecf3e2a8b2defc6fcd26d9c7fffad085ebff50ba86a", kill_on_drop: false }`
[INFO] [stderr]    Compiling libc v0.2.62
[INFO] [stderr]    Compiling syn v0.15.44
[INFO] [stderr]    Compiling byteorder v1.3.2
[INFO] [stderr]    Compiling getrandom v0.1.12
[INFO] [stderr]    Compiling either v1.5.3
[INFO] [stderr]    Compiling ppv-lite86 v0.2.5
[INFO] [stderr]    Compiling subtle v2.1.1
[INFO] [stderr]    Compiling ucd-trie v0.1.2
[INFO] [stderr]    Compiling unicode-segmentation v1.3.0
[INFO] [stderr]    Compiling remove_dir_all v0.5.2
[INFO] [stderr]    Compiling unicode-width v0.1.6
[INFO] [stderr]    Compiling nix v0.15.0
[INFO] [stderr]    Compiling multimap v0.4.0
[INFO] [stderr]    Compiling vec_map v0.8.1
[INFO] [stderr]     Checking static_slice v0.0.3
[INFO] [stderr]     Checking arrayref v0.3.5
[INFO] [stderr]     Checking same-file v1.0.5
[INFO] [stderr]     Checking bs58 v0.2.5
[INFO] [stderr]     Checking gcmap v0.1.4
[INFO] [stderr]     Checking crc8 v0.1.1
[INFO] [stderr]    Compiling devguard-genesis v0.1.4 (/opt/rustwide/workdir)
[INFO] [stderr]     Checking mtdparts v0.2.0
[INFO] [stderr]     Checking ipnet v2.0.0
[INFO] [stderr]    Compiling clear_on_drop v0.2.3
[INFO] [stderr]    Compiling hacl-star-sys v0.0.7
[INFO] [stderr]    Compiling rand_core v0.3.1
[INFO] [stderr]    Compiling rand v0.6.5
[INFO] [stderr]     Checking block-padding v0.1.4
[INFO] [stderr]    Compiling petgraph v0.4.13
[INFO] [stderr]     Checking log v0.4.8
[INFO] [stderr]    Compiling bitflags v1.1.0
[INFO] [stderr]    Compiling generic-array v0.12.3
[INFO] [stderr]    Compiling rand_pcg v0.1.2
[INFO] [stderr]     Checking rand_xorshift v0.1.1
[INFO] [stderr]     Checking rand_isaac v0.1.1
[INFO] [stderr]     Checking rand_hc v0.1.0
[INFO] [stderr]     Checking rand_chacha v0.1.1
[INFO] [stderr]    Compiling snow v0.5.2
[INFO] [stderr]    Compiling itertools v0.8.0
[INFO] [stderr]     Checking walkdir v2.2.9
[INFO] [stderr]    Compiling textwrap v0.11.0
[INFO] [stderr]    Compiling pest v2.1.2
[INFO] [stderr]     Checking log v0.3.9
[INFO] [stderr]     Checking tinylogger v0.1.1
[INFO] [stderr]     Checking toml v0.5.3
[INFO] [stderr]     Checking hashbrown v0.5.0
[INFO] [stderr]    Compiling c2-chacha v0.2.2
[INFO] [stderr]    Compiling heck v0.3.1
[INFO] [stderr]    Compiling digest v0.8.1
[INFO] [stderr]     Checking hpack v0.3.0
[INFO] [stderr]     Checking block-buffer v0.7.3
[INFO] [stderr]    Compiling curve25519-dalek v1.2.3
[INFO] [stderr]     Checking sha2 v0.8.0
[INFO] [stderr]    Compiling pest_meta v2.1.2
[INFO] [stderr]    Compiling backtrace-sys v0.1.31
[INFO] [stderr]    Compiling iovec v0.1.2
[INFO] [stderr]    Compiling atty v0.2.13
[INFO] [stderr]    Compiling rand_os v0.1.3
[INFO] [stderr]     Checking net2 v0.2.33
[INFO] [stderr]     Checking time v0.1.42
[INFO] [stderr]     Checking dirs-sys v0.3.4
[INFO] [stderr]     Checking dirs v1.0.5
[INFO] [stderr]     Checking wait-timeout v0.2.0
[INFO] [stderr]     Checking num_cpus v1.10.1
[INFO] [stderr]    Compiling backtrace v0.3.37
[INFO] [stderr]    Compiling clap v2.33.0
[INFO] [stderr]    Compiling bytes v0.4.12
[INFO] [stderr]     Checking env_logger v0.6.2
[INFO] [stderr]    Compiling rand_core v0.5.1
[INFO] [stderr]     Checking dirs v2.0.2
[INFO] [stderr]     Checking mio v0.6.19
[INFO] [stderr]     Checking pbr v1.0.1
[INFO] [stderr]     Checking hacl-star v0.0.14
[INFO] [stderr]    Compiling pest_generator v2.1.1
[INFO] [stderr]    Compiling rand_chacha v0.2.1
[INFO] [stderr]     Checking x25519-dalek v0.5.2
[INFO] [stderr]    Compiling rand v0.7.2
[INFO] [stderr]     Checking mio-extras v2.0.5
[INFO] [stderr]    Compiling tempfile v3.1.0
[INFO] [stderr]    Compiling pest_derive v2.1.0
[INFO] [stderr]    Compiling synstructure v0.10.2
[INFO] [stderr]     Checking handlebars v2.0.2
[INFO] [stderr]    Compiling failure_derive v0.1.5
[INFO] [stderr]    Compiling osaka-macros v0.2.10
[INFO] [stderr]    Compiling failure v0.1.5
[INFO] [stderr]     Checking osaka v0.2.10
[INFO] [stdout] error[E0557]: feature has been removed
[INFO] [stdout]  --> /opt/rustwide/cargo-home/registry/src/github.com-1ecc6299db9ec823/osaka-0.2.10/src/lib.rs:2:12
[INFO] [stdout]   |
[INFO] [stdout] 2 | #![feature(custom_attribute)]
[INFO] [stdout]   |            ^^^^^^^^^^^^^^^^ feature has been removed
[INFO] [stdout]   |
[INFO] [stdout]   = note: removed in favor of `#![register_tool]` and `#![register_attr]`
[INFO] [stdout] 
[INFO] [stdout] 
[INFO] [stdout] error[E0554]: `#![feature]` may not be used on the stable release channel
[INFO] [stdout]  --> /opt/rustwide/cargo-home/registry/src/github.com-1ecc6299db9ec823/osaka-0.2.10/src/lib.rs:1:1
[INFO] [stdout]   |
[INFO] [stdout] 1 | #![feature(generators, generator_trait)]
[INFO] [stdout]   | ^^^^^^^^^^^^^^^^^^^^^^^^^^^^^^^^^^^^^^^^
[INFO] [stdout] 
[INFO] [stdout] 
[INFO] [stdout] error[E0554]: `#![feature]` may not be used on the stable release channel
[INFO] [stdout]  --> /opt/rustwide/cargo-home/registry/src/github.com-1ecc6299db9ec823/osaka-0.2.10/src/lib.rs:2:1
[INFO] [stdout]   |
[INFO] [stdout] 2 | #![feature(custom_attribute)]
[INFO] [stdout]   | ^^^^^^^^^^^^^^^^^^^^^^^^^^^^^
[INFO] [stdout] 
[INFO] [stdout] 
[INFO] [stdout] error[E0554]: `#![feature]` may not be used on the stable release channel
[INFO] [stdout]  --> /opt/rustwide/cargo-home/registry/src/github.com-1ecc6299db9ec823/osaka-0.2.10/src/lib.rs:3:1
[INFO] [stdout]   |
[INFO] [stdout] 3 | #![feature(termination_trait_lib)]
[INFO] [stdout]   | ^^^^^^^^^^^^^^^^^^^^^^^^^^^^^^^^^^
[INFO] [stdout] 
[INFO] [stdout] 
[INFO] [stdout] error[E0061]: this function takes 1 argument but 0 arguments were supplied
[INFO] [stdout]    --> /opt/rustwide/cargo-home/registry/src/github.com-1ecc6299db9ec823/osaka-0.2.10/src/lib.rs:125:30
[INFO] [stdout]     |
[INFO] [stdout] 125 |         match Pin::new(self).resume() {
[INFO] [stdout]     |                              ^^^^^^- supplied 0 arguments
[INFO] [stdout]     |
[INFO] [stdout] note: associated function defined here
[INFO] [stdout] help: expected the unit value `()`; create it with empty parentheses
[INFO] [stdout]     |
[INFO] [stdout] 125 |         match Pin::new(self).resume(()) {
[INFO] [stdout]     |                                     ^^
[INFO] [stdout] 
[INFO] [stdout] 
[INFO] [stdout] error: aborting due to 5 previous errors
[INFO] [stdout] 
[INFO] [stdout] 
[INFO] [stdout] Some errors have detailed explanations: E0061, E0554, E0557.
[INFO] [stdout] 
[INFO] [stdout] For more information about an error, try `rustc --explain E0061`.
[INFO] [stdout] 
[INFO] [stderr] error: could not compile `osaka`
[INFO] [stderr] 
[INFO] [stderr] To learn more, run the command again with --verbose.
[INFO] [stderr] warning: build failed, waiting for other jobs to finish...
[INFO] [stderr] error: build failed
[INFO] running `Command { std: "docker" "inspect" "dc20a09f7e4ef0465afadecf3e2a8b2defc6fcd26d9c7fffad085ebff50ba86a", kill_on_drop: false }`
[INFO] running `Command { std: "docker" "rm" "-f" "dc20a09f7e4ef0465afadecf3e2a8b2defc6fcd26d9c7fffad085ebff50ba86a", kill_on_drop: false }`
[INFO] [stdout] dc20a09f7e4ef0465afadecf3e2a8b2defc6fcd26d9c7fffad085ebff50ba86a
