[INFO] fetching crate darwinia-shadow 0.2.5...
[INFO] documenting darwinia-shadow-0.2.5 against beta-2021-08-01 for beta-1.55-rustdoc-1
[INFO] extracting crate darwinia-shadow 0.2.5 into /workspace/builds/worker-5/source
[INFO] validating manifest of crates.io crate darwinia-shadow 0.2.5 on toolchain beta-2021-08-01
[INFO] running `Command { std: "/workspace/cargo-home/bin/cargo" "+beta-2021-08-01" "metadata" "--manifest-path" "Cargo.toml" "--no-deps", kill_on_drop: false }`
[INFO] started tweaking crates.io crate darwinia-shadow 0.2.5
[INFO] finished tweaking crates.io crate darwinia-shadow 0.2.5
[INFO] tweaked toml for crates.io crate darwinia-shadow 0.2.5 written to /workspace/builds/worker-5/source/Cargo.toml
[INFO] crate crates.io crate darwinia-shadow 0.2.5 already has a lockfile, it will not be regenerated
[INFO] running `Command { std: "/workspace/cargo-home/bin/cargo" "+beta-2021-08-01" "fetch" "--manifest-path" "Cargo.toml", kill_on_drop: false }`
[INFO] [stderr]     Blocking waiting for file lock on package cache
[INFO] [stderr]  Downloading crates ...
[INFO] [stderr]   Downloaded actix-utils v1.0.6
[INFO] [stderr]   Downloaded actix-service v1.0.6
[INFO] [stderr]   Downloaded rustc-hex v2.1.0
[INFO] [stderr]   Downloaded actix-testing v1.0.1
[INFO] [stderr]   Downloaded trust-dns-resolver v0.18.0-alpha.2
[INFO] [stderr]   Downloaded actix-web v2.0.0
[INFO] [stderr]   Downloaded widestring v0.4.2
[INFO] [stderr]   Downloaded bytestring v0.1.5
[INFO] [stderr]   Downloaded actix-connect v1.0.2
[INFO] [stderr]   Downloaded actix-web-codegen v0.2.2
[INFO] [stderr]   Downloaded actix-http v1.0.1
[INFO] [stderr]   Downloaded ckb-merkle-mountain-range v0.3.1
[INFO] [stderr]   Downloaded uint v0.8.5
[INFO] [stderr]   Downloaded structopt v0.3.17
[INFO] [stderr]   Downloaded async-trait v0.1.40
[INFO] [stderr]   Downloaded resolv-conf v0.6.3
[INFO] [stderr]   Downloaded actix-codec v0.3.0
[INFO] [stderr]   Downloaded awc v1.0.1
[INFO] [stderr]   Downloaded structopt-derive v0.4.10
[INFO] [stderr]   Downloaded derive_more v0.99.10
[INFO] [stderr]   Downloaded actix-utils v2.0.0
[INFO] [stderr]   Downloaded rocksdb v0.15.0
[INFO] [stderr]   Downloaded byte-slice-cast v0.3.5
[INFO] [stderr]   Downloaded actix-tls v1.0.0
[INFO] [stderr]   Downloaded actix-router v0.2.4
[INFO] [stderr]   Downloaded actix-server v1.0.4
[INFO] [stderr]   Downloaded rlp v0.4.5
[INFO] [stderr]   Downloaded instant v0.1.6
[INFO] [stderr]   Downloaded actix-macros v0.1.2
[INFO] [stderr]   Downloaded actix-codec v0.2.0
[INFO] [stderr]   Downloaded parity-scale-codec-derive v1.2.2
[INFO] [stderr]   Downloaded etc v0.1.8
[INFO] [stderr]   Downloaded bitvec v0.17.4
[INFO] [stderr]   Downloaded flate2 v1.0.17
[INFO] [stderr]   Downloaded librocksdb-sys v6.11.4
[INFO] [stderr]   Downloaded trust-dns-proto v0.18.0-alpha.2
[INFO] [stderr]   Downloaded parity-scale-codec v1.3.5
[INFO] [stderr]   Downloaded hyper v0.13.7
[INFO] running `Command { std: "docker" "create" "-v" "/var/lib/crater-agent-workspace/builds/worker-5/target:/opt/rustwide/target:rw,Z" "-v" "/var/lib/crater-agent-workspace/builds/worker-5/source:/opt/rustwide/workdir:ro,Z" "-v" "/var/lib/crater-agent-workspace/cargo-home:/opt/rustwide/cargo-home:ro,Z" "-v" "/var/lib/crater-agent-workspace/rustup-home:/opt/rustwide/rustup-home:ro,Z" "-e" "SOURCE_DIR=/opt/rustwide/workdir" "-e" "CARGO_TARGET_DIR=/opt/rustwide/target" "-e" "CARGO_HOME=/opt/rustwide/cargo-home" "-e" "RUSTUP_HOME=/opt/rustwide/rustup-home" "-w" "/opt/rustwide/workdir" "-m" "1610612736" "--user" "0:0" "--network" "none" "ghcr.io/rust-lang/crates-build-env/linux@sha256:34b6a614d2c27851fe6cbf88fbd1137609cefab8b10d0615aaeb6fd47975d74e" "/opt/rustwide/cargo-home/bin/cargo" "+beta-2021-08-01" "metadata" "--no-deps" "--format-version=1", kill_on_drop: false }`
[INFO] [stdout] 365c93c494a17891d6dfe87cc4ab6e3b806d17e586239b110a97bb4b20a25ed0
[INFO] running `Command { std: "docker" "start" "-a" "365c93c494a17891d6dfe87cc4ab6e3b806d17e586239b110a97bb4b20a25ed0", kill_on_drop: false }`
[INFO] running `Command { std: "docker" "inspect" "365c93c494a17891d6dfe87cc4ab6e3b806d17e586239b110a97bb4b20a25ed0", kill_on_drop: false }`
[INFO] running `Command { std: "docker" "rm" "-f" "365c93c494a17891d6dfe87cc4ab6e3b806d17e586239b110a97bb4b20a25ed0", kill_on_drop: false }`
[INFO] [stdout] 365c93c494a17891d6dfe87cc4ab6e3b806d17e586239b110a97bb4b20a25ed0
[INFO] running `Command { std: "docker" "create" "-v" "/var/lib/crater-agent-workspace/builds/worker-5/target:/opt/rustwide/target:rw,Z" "-v" "/var/lib/crater-agent-workspace/builds/worker-5/source:/opt/rustwide/workdir:ro,Z" "-v" "/var/lib/crater-agent-workspace/cargo-home:/opt/rustwide/cargo-home:ro,Z" "-v" "/var/lib/crater-agent-workspace/rustup-home:/opt/rustwide/rustup-home:ro,Z" "-e" "SOURCE_DIR=/opt/rustwide/workdir" "-e" "CARGO_TARGET_DIR=/opt/rustwide/target" "-e" "CARGO_INCREMENTAL=0" "-e" "RUST_BACKTRACE=full" "-e" "RUSTDOCFLAGS=--cap-lints=warn" "-e" "CARGO_HOME=/opt/rustwide/cargo-home" "-e" "RUSTUP_HOME=/opt/rustwide/rustup-home" "-w" "/opt/rustwide/workdir" "-m" "1610612736" "--user" "0:0" "--network" "none" "ghcr.io/rust-lang/crates-build-env/linux@sha256:34b6a614d2c27851fe6cbf88fbd1137609cefab8b10d0615aaeb6fd47975d74e" "/opt/rustwide/cargo-home/bin/cargo" "+beta-2021-08-01" "doc" "--frozen" "--no-deps" "--document-private-items" "--message-format=json", kill_on_drop: false }`
[INFO] [stdout] bba92fcaf94d92d85c1ca3fba3b8016c8a59e2dc5dfd8eb4f26be42eba01175f
[INFO] running `Command { std: "docker" "start" "-a" "bba92fcaf94d92d85c1ca3fba3b8016c8a59e2dc5dfd8eb4f26be42eba01175f", kill_on_drop: false }`
[INFO] [stderr]     Blocking waiting for file lock on package cache
[INFO] [stderr]     Blocking waiting for file lock on package cache
[INFO] [stderr]     Blocking waiting for file lock on package cache
[INFO] [stderr]    Compiling libc v0.2.77
[INFO] [stderr]    Compiling proc-macro2 v1.0.21
[INFO] [stderr]    Compiling syn v1.0.40
[INFO] [stderr]     Checking once_cell v1.4.1
[INFO] [stderr]    Compiling serde_derive v1.0.116
[INFO] [stderr]    Compiling serde v1.0.116
[INFO] [stderr]     Checking instant v0.1.6
[INFO] [stderr]     Checking either v1.6.0
[INFO] [stderr]     Checking tinyvec v0.3.4
[INFO] [stderr]     Checking gimli v0.22.0
[INFO] [stderr]     Checking hashbrown v0.9.0
[INFO] [stderr]     Checking object v0.20.0
[INFO] [stderr]    Compiling regex-syntax v0.6.18
[INFO] [stderr]    Compiling termcolor v1.1.0
[INFO] [stderr]    Compiling encoding_rs v0.8.24
[INFO] [stderr]    Compiling crunchy v0.2.2
[INFO] [stderr]    Compiling arrayvec v0.4.12
[INFO] [stderr]    Compiling darwinia-shadow v0.2.5 (/opt/rustwide/workdir)
[INFO] [stderr]     Checking arrayvec v0.5.1
[INFO] [stderr]     Checking etc v0.1.8
[INFO] [stderr]    Compiling miniz_oxide v0.4.2
[INFO] [stderr]     Checking tracing-core v0.1.16
[INFO] [stderr]    Compiling nom v5.1.2
[INFO] [stderr]     Checking bytestring v0.1.5
[INFO] [stderr]     Checking ckb-merkle-mountain-range v0.3.1
[INFO] [stderr]    Compiling thread_local v1.0.1
[INFO] [stderr]     Checking lru-cache v0.1.2
[INFO] [stderr]     Checking rlp v0.4.5
[INFO] [stderr]    Compiling memchr v2.3.3
[INFO] [stderr]    Compiling log v0.4.11
[INFO] [stderr]     Checking want v0.3.0
[INFO] [stderr]     Checking futures-task v0.3.5
[INFO] [stderr]     Checking bitvec v0.17.4
[INFO] [stderr]    Compiling aho-corasick v0.7.13
[INFO] [stderr]     Checking indexmap v1.6.0
[INFO] [stderr]     Checking unicode-normalization v0.1.13
[INFO] [stderr]     Checking tracing v0.1.19
[INFO] [stderr]     Checking uint v0.8.5
[INFO] [stderr]     Checking blake2-rfc v0.2.18
[INFO] [stderr]    Compiling quote v1.0.7
[INFO] [stderr]    Compiling jobserver v0.1.21
[INFO] [stderr]    Compiling atty v0.2.14
[INFO] [stderr]    Compiling which v3.1.1
[INFO] [stderr]     Checking idna v0.2.0
[INFO] [stderr]    Compiling clap v2.33.3
[INFO] [stderr]    Compiling cc v1.0.59
[INFO] [stderr]     Checking net2 v0.2.35
[INFO] [stderr]     Checking iovec v0.1.4
[INFO] [stderr]     Checking signal-hook-registry v1.2.1
[INFO] [stderr]     Checking num_cpus v1.13.0
[INFO] [stderr]     Checking parking_lot_core v0.8.0
[INFO] [stderr]     Checking socket2 v0.3.15
[INFO] [stderr]     Checking getrandom v0.1.15
[INFO] [stderr]     Checking time v0.1.44
[INFO] [stderr]     Checking hostname v0.3.1
[INFO] [stderr]     Checking flate2 v1.0.17
[INFO] [stderr]     Checking dirs-sys v0.3.5
[INFO] [stderr]     Checking xattr v0.2.2
[INFO] [stderr]     Checking filetime v0.2.12
[INFO] [stderr]    Compiling proc-macro-error-attr v1.0.4
[INFO] [stderr]     Checking addr2line v0.13.0
[INFO] [stderr]     Checking parking_lot v0.11.0
[INFO] [stderr]     Checking threadpool v1.8.1
[INFO] [stderr]     Checking dirs v2.0.2
[INFO] [stderr]     Checking env_logger v0.7.1
[INFO] [stderr]     Checking resolv-conf v0.6.3
[INFO] [stderr]     Checking mio v0.6.22
[INFO] [stderr]     Checking rand_core v0.5.1
[INFO] [stderr]     Checking backtrace v0.3.50
[INFO] [stderr]     Checking chrono v0.4.15
[INFO] [stderr]     Checking tar v0.4.30
[INFO] [stderr]    Compiling regex v1.3.9
[INFO] [stderr]    Compiling cexpr v0.4.0
[INFO] [stderr]     Checking url v2.1.1
[INFO] [stderr]     Checking rand_chacha v0.2.2
[INFO] [stderr]     Checking rand v0.7.3
[INFO] [stderr]     Checking mio-uds v0.6.8
[INFO] [stderr]     Checking tokio v0.2.22
[INFO] [stderr]    Compiling openssl-sys v0.9.58
[INFO] [stderr]    Compiling libloading v0.5.2
[INFO] [stderr]    Compiling brotli-sys v0.3.2
[INFO] [stderr]    Compiling clang-sys v0.29.3
[INFO] [stderr]    Compiling openssl v0.10.30
[INFO] [stderr]    Compiling native-tls v0.2.4
[INFO] [stderr]     Checking brotli2 v0.3.2
[INFO] [stderr]    Compiling bindgen v0.54.0
[INFO] [stderr]    Compiling synstructure v0.12.4
[INFO] [stderr]    Compiling proc-macro-error v1.0.4
[INFO] [stderr]     Checking tokio-util v0.3.1
[INFO] [stderr]     Checking tokio-util v0.2.0
[INFO] [stderr]     Checking tokio-tls v0.3.1
[INFO] [stderr]     Checking actix-codec v0.2.0
[INFO] [stderr]    Compiling pin-project-internal v0.4.23
[INFO] [stderr]    Compiling futures-macro v0.3.5
[INFO] [stderr]    Compiling derive_more v0.99.10
[INFO] [stderr]    Compiling actix-macros v0.1.2
[INFO] [stderr]    Compiling failure_derive v0.1.8
[INFO] [stderr]    Compiling enum-as-inner v0.3.3
[INFO] [stderr]    Compiling async-trait v0.1.40
[INFO] [stderr]    Compiling actix-web-codegen v0.2.2
[INFO] [stderr]    Compiling structopt-derive v0.4.10
[INFO] [stderr]     Checking failure v0.1.8
[INFO] [stderr]     Checking structopt v0.3.17
[INFO] [stderr]     Checking pin-project v0.4.23
[INFO] [stderr]     Checking futures-util v0.3.5
[INFO] [stderr]     Checking actix-codec v0.3.0
[INFO] [stderr]    Compiling librocksdb-sys v6.11.4
[INFO] [stderr]     Checking actix-threadpool v0.3.3
[INFO] [stderr]     Checking actix-rt v1.1.1
[INFO] [stderr]     Checking futures-executor v0.3.5
[INFO] [stderr]     Checking actix-service v1.0.6
[INFO] [stderr]     Checking h2 v0.2.6
[INFO] [stderr]     Checking futures v0.3.5
[INFO] [stderr]     Checking trust-dns-proto v0.18.0-alpha.2
[INFO] [stderr]     Checking actix-utils v1.0.6
[INFO] [stderr]     Checking actix-utils v2.0.0
[INFO] [stderr]     Checking actix-server v1.0.4
[INFO] [stderr]     Checking serde_json v1.0.57
[INFO] [stderr]     Checking serde_urlencoded v0.6.1
[INFO] [stderr]     Checking actix-router v0.2.4
[INFO] [stderr]     Checking actix-tls v1.0.0
[INFO] [stderr]    Compiling toml v0.5.6
[INFO] [stderr]     Checking actix-testing v1.0.1
[INFO] [stderr]     Checking trust-dns-resolver v0.18.0-alpha.2
[INFO] [stderr]    Compiling proc-macro-crate v0.1.5
[INFO] [stderr]    Compiling parity-scale-codec-derive v1.2.2
[INFO] [stderr]     Checking hyper v0.13.7
[INFO] [stderr]     Checking actix-connect v1.0.2
[INFO] [stderr]     Checking actix-http v1.0.1
[INFO] [stderr]     Checking parity-scale-codec v1.3.5
[INFO] [stderr] error: could not compile `hyper`
[INFO] [stderr] 
[INFO] [stderr] Caused by:
[INFO] [stderr]   process didn't exit successfully: `rustc --crate-name hyper --edition=2018 /opt/rustwide/cargo-home/registry/src/github.com-1ecc6299db9ec823/hyper-0.13.7/src/lib.rs --error-format=json --json=diagnostic-rendered-ansi --crate-type lib --emit=dep-info,metadata -C embed-bitcode=no -C debuginfo=2 --cfg 'feature="socket2"' --cfg 'feature="tcp"' -C metadata=85082e63cf9ba03d -C extra-filename=-85082e63cf9ba03d --out-dir /opt/rustwide/target/debug/deps -L dependency=/opt/rustwide/target/debug/deps --extern bytes=/opt/rustwide/target/debug/deps/libbytes-be6cb9a7be86933c.rmeta --extern futures_channel=/opt/rustwide/target/debug/deps/libfutures_channel-1a4acbc9f98c6b18.rmeta --extern futures_core=/opt/rustwide/target/debug/deps/libfutures_core-0462cd81cdc350b0.rmeta --extern futures_util=/opt/rustwide/target/debug/deps/libfutures_util-1a846a2d7220fa33.rmeta --extern h2=/opt/rustwide/target/debug/deps/libh2-9f2c53f1178afb0c.rmeta --extern http=/opt/rustwide/target/debug/deps/libhttp-f4c3ebc1da5b2b0c.rmeta --extern http_body=/opt/rustwide/target/debug/deps/libhttp_body-a8ea0972bd4fb437.rmeta --extern httparse=/opt/rustwide/target/debug/deps/libhttparse-bc85c16f7f13a18a.rmeta --extern itoa=/opt/rustwide/target/debug/deps/libitoa-e3ffac7a3c7c4455.rmeta --extern pin_project=/opt/rustwide/target/debug/deps/libpin_project-c1418fe4adb9b0d8.rmeta --extern socket2=/opt/rustwide/target/debug/deps/libsocket2-68e94a0e116a2da1.rmeta --extern time=/opt/rustwide/target/debug/deps/libtime-6120a578deab008f.rmeta --extern tokio=/opt/rustwide/target/debug/deps/libtokio-8f52f8c9e3ed25a6.rmeta --extern tower_service=/opt/rustwide/target/debug/deps/libtower_service-7c5972c59c9e9694.rmeta --extern tracing=/opt/rustwide/target/debug/deps/libtracing-4aa034460e67e2d1.rmeta --extern want=/opt/rustwide/target/debug/deps/libwant-dd0a5ae970d018bb.rmeta --cap-lints allow` (signal: 9, SIGKILL: kill)
[INFO] [stderr] warning: build failed, waiting for other jobs to finish...
[INFO] [stderr] The following warnings were emitted during compilation:
[INFO] [stderr] 
[INFO] [stderr] warning: c++: fatal error: Killed signal terminated program cc1plus
[INFO] [stderr] warning: compilation terminated.
[INFO] [stderr] warning: c++: fatal error: Killed signal terminated program cc1plus
[INFO] [stderr] warning: compilation terminated.
[INFO] [stderr] warning: c++: fatal error: Killed signal terminated program cc1plus
[INFO] [stderr] warning: compilation terminated.
[INFO] [stderr] warning: c++: fatal error: Killed signal terminated program cc1plus
[INFO] [stderr] warning: compilation terminated.
[INFO] [stderr] warning: c++: fatal error: Killed signal terminated program cc1plus
[INFO] [stderr] warning: compilation terminated.
[INFO] [stderr] warning: c++: fatal error: Killed signal terminated program cc1plus
[INFO] [stderr] warning: compilation terminated.
[INFO] [stderr] warning: c++: fatal error: Killed signal terminated program cc1plus
[INFO] [stderr] warning: compilation terminated.
[INFO] [stderr] warning: c++: fatal error: Killed signal terminated program cc1plus
[INFO] [stderr] warning: c++: fatal error: Killed signal terminated program cc1plus
[INFO] [stderr] warning: compilation terminated.
[INFO] [stderr] warning: compilation terminated.
[INFO] [stderr] warning: cargo:warning=c++: fatal error: Killed signal terminated program cc1plusc++: fatal error: Killed signal terminated program cc1plus
[INFO] [stderr] warning: c++: fatal error: Killed signal terminated program cc1plus
[INFO] [stderr] warning: compilation terminated.
[INFO] [stderr] warning: compilation terminated.
[INFO] [stderr] warning: compilation terminated.
[INFO] [stderr] warning: c++: fatal error: Killed signal terminated program cc1plus
[INFO] [stderr] warning: compilation terminated.
[INFO] [stderr] warning: c++: fatal error: Killed signal terminated program cc1plus
[INFO] [stderr] warning: compilation terminated.
[INFO] [stderr] warning: c++: fatal error: Killed signal terminated program cc1plus
[INFO] [stderr] warning: compilation terminated.
[INFO] [stderr] warning: c++: fatal error: Killed signal terminated program cc1plus
[INFO] [stderr] warning: compilation terminated.
[INFO] [stderr] warning: c++: fatal error: Killed signal terminated program cc1plus
[INFO] [stderr] warning: compilation terminated.
[INFO] [stderr] warning: c++: fatal error: Killed signal terminated program cc1plus
[INFO] [stderr] warning: compilation terminated.
[INFO] [stderr] warning: c++: fatal error: Killed signal terminated program cc1plus
[INFO] [stderr] warning: compilation terminated.
[INFO] [stderr] warning: c++: fatal error: Killed signal terminated program cc1plus
[INFO] [stderr] warning: compilation terminated.
[INFO] [stderr] warning: c++: fatal error: Killed signal terminated program cc1plus
[INFO] [stderr] warning: compilation terminated.
[INFO] [stderr] warning: c++: fatal error: Killed signal terminated program cc1plus
[INFO] [stderr] warning: compilation terminated.
[INFO] [stderr] 
[INFO] [stderr] error: build failed
[INFO] running `Command { std: "docker" "inspect" "bba92fcaf94d92d85c1ca3fba3b8016c8a59e2dc5dfd8eb4f26be42eba01175f", kill_on_drop: false }`
[INFO] running `Command { std: "docker" "rm" "-f" "bba92fcaf94d92d85c1ca3fba3b8016c8a59e2dc5dfd8eb4f26be42eba01175f", kill_on_drop: false }`
[INFO] [stdout] bba92fcaf94d92d85c1ca3fba3b8016c8a59e2dc5dfd8eb4f26be42eba01175f
