[INFO] fetching crate cynthia 0.0.6...
[INFO] documenting cynthia-0.0.6 against beta-2021-08-01 for beta-1.55-rustdoc-1
[INFO] extracting crate cynthia 0.0.6 into /workspace/builds/worker-98/source
[INFO] validating manifest of crates.io crate cynthia 0.0.6 on toolchain beta-2021-08-01
[INFO] running `Command { std: "/workspace/cargo-home/bin/cargo" "+beta-2021-08-01" "metadata" "--manifest-path" "Cargo.toml" "--no-deps", kill_on_drop: false }`
[INFO] started tweaking crates.io crate cynthia 0.0.6
[INFO] finished tweaking crates.io crate cynthia 0.0.6
[INFO] tweaked toml for crates.io crate cynthia 0.0.6 written to /workspace/builds/worker-98/source/Cargo.toml
[INFO] running `Command { std: "/workspace/cargo-home/bin/cargo" "+beta-2021-08-01" "generate-lockfile" "--manifest-path" "Cargo.toml" "-Zno-index-update", kill_on_drop: false }`
[INFO] [stderr]     Blocking waiting for file lock on package cache
[INFO] running `Command { std: "/workspace/cargo-home/bin/cargo" "+beta-2021-08-01" "fetch" "--manifest-path" "Cargo.toml", kill_on_drop: false }`
[INFO] [stderr]     Blocking waiting for file lock on package cache
[INFO] [stderr]     Blocking waiting for file lock on package cache
[INFO] running `Command { std: "docker" "create" "-v" "/var/lib/crater-agent-workspace/builds/worker-98/target:/opt/rustwide/target:rw,Z" "-v" "/var/lib/crater-agent-workspace/builds/worker-98/source:/opt/rustwide/workdir:ro,Z" "-v" "/var/lib/crater-agent-workspace/cargo-home:/opt/rustwide/cargo-home:ro,Z" "-v" "/var/lib/crater-agent-workspace/rustup-home:/opt/rustwide/rustup-home:ro,Z" "-e" "SOURCE_DIR=/opt/rustwide/workdir" "-e" "CARGO_TARGET_DIR=/opt/rustwide/target" "-e" "CARGO_HOME=/opt/rustwide/cargo-home" "-e" "RUSTUP_HOME=/opt/rustwide/rustup-home" "-w" "/opt/rustwide/workdir" "-m" "1610612736" "--user" "0:0" "--network" "none" "ghcr.io/rust-lang/crates-build-env/linux@sha256:34b6a614d2c27851fe6cbf88fbd1137609cefab8b10d0615aaeb6fd47975d74e" "/opt/rustwide/cargo-home/bin/cargo" "+beta-2021-08-01" "metadata" "--no-deps" "--format-version=1", kill_on_drop: false }`
[INFO] [stdout] a7179d8348cdc21b243a95008068bf4064520c3845e2d8c7c9b9241ed9361aee
[INFO] running `Command { std: "docker" "start" "-a" "a7179d8348cdc21b243a95008068bf4064520c3845e2d8c7c9b9241ed9361aee", kill_on_drop: false }`
[INFO] running `Command { std: "docker" "inspect" "a7179d8348cdc21b243a95008068bf4064520c3845e2d8c7c9b9241ed9361aee", kill_on_drop: false }`
[INFO] running `Command { std: "docker" "rm" "-f" "a7179d8348cdc21b243a95008068bf4064520c3845e2d8c7c9b9241ed9361aee", kill_on_drop: false }`
[INFO] [stdout] a7179d8348cdc21b243a95008068bf4064520c3845e2d8c7c9b9241ed9361aee
[INFO] running `Command { std: "docker" "create" "-v" "/var/lib/crater-agent-workspace/builds/worker-98/target:/opt/rustwide/target:rw,Z" "-v" "/var/lib/crater-agent-workspace/builds/worker-98/source:/opt/rustwide/workdir:ro,Z" "-v" "/var/lib/crater-agent-workspace/cargo-home:/opt/rustwide/cargo-home:ro,Z" "-v" "/var/lib/crater-agent-workspace/rustup-home:/opt/rustwide/rustup-home:ro,Z" "-e" "SOURCE_DIR=/opt/rustwide/workdir" "-e" "CARGO_TARGET_DIR=/opt/rustwide/target" "-e" "CARGO_INCREMENTAL=0" "-e" "RUST_BACKTRACE=full" "-e" "RUSTDOCFLAGS=--cap-lints=warn" "-e" "CARGO_HOME=/opt/rustwide/cargo-home" "-e" "RUSTUP_HOME=/opt/rustwide/rustup-home" "-w" "/opt/rustwide/workdir" "-m" "1610612736" "--user" "0:0" "--network" "none" "ghcr.io/rust-lang/crates-build-env/linux@sha256:34b6a614d2c27851fe6cbf88fbd1137609cefab8b10d0615aaeb6fd47975d74e" "/opt/rustwide/cargo-home/bin/cargo" "+beta-2021-08-01" "doc" "--frozen" "--no-deps" "--document-private-items" "--message-format=json", kill_on_drop: false }`
[INFO] [stdout] 0915374634b94157f69fc42ec03c30edbf59f00713b218355f5305cdd4425c48
[INFO] running `Command { std: "docker" "start" "-a" "0915374634b94157f69fc42ec03c30edbf59f00713b218355f5305cdd4425c48", kill_on_drop: false }`
[INFO] [stderr]     Blocking waiting for file lock on package cache
[INFO] [stderr]    Compiling crossbeam-utils v0.8.5
[INFO] [stderr]    Compiling syn v1.0.74
[INFO] [stderr]    Compiling futures-core v0.3.16
[INFO] [stderr]    Compiling memchr v2.4.0
[INFO] [stderr]    Compiling crossbeam-queue v0.3.2
[INFO] [stderr]     Checking futures-io v0.3.16
[INFO] [stderr]     Checking once_cell v1.8.0
[INFO] [stderr]     Checking stable_deref_trait v1.2.0
[INFO] [stderr]     Checking pin-project-lite v0.2.7
[INFO] [stderr]     Checking signal-hook-registry v1.4.0
[INFO] [stderr]     Checking signal-hook v0.1.17
[INFO] [stderr]    Compiling cynthia-macros v0.0.3
[INFO] [stderr]  Documenting cynthia v0.0.6 (/opt/rustwide/workdir)
[INFO] [stdout] error[E0432]: unresolved import `crate::Event`
[INFO] [stdout]  --> src/net/polling/epoll.rs:6:5
[INFO] [stdout]   |
[INFO] [stdout] 6 | use crate::Event;
[INFO] [stdout]   |     ^^^^^^^^^^^^ no `Event` in the root
[INFO] [stdout] 
[INFO] [stdout] 
[INFO] [stdout] error[E0603]: crate `libc` is private
[INFO] [stdout]    --> src/net/polling/epoll.rs:91:23
[INFO] [stdout]     |
[INFO] [stdout] 91  |         self.ctl(std::libc::EPOLL_CTL_ADD, fd, Some(ev))
[INFO] [stdout]     |                       ^^^^ private crate
[INFO] [stdout]     |
[INFO] [stdout] note: the crate `libc` is defined here
[INFO] [stdout] 
[INFO] [stdout] 
[INFO] [stdout] error[E0603]: crate `libc` is private
[INFO] [stdout]    --> src/net/polling/epoll.rs:95:23
[INFO] [stdout]     |
[INFO] [stdout] 95  |         self.ctl(std::libc::EPOLL_CTL_MOD, fd, Some(ev))
[INFO] [stdout]     |                       ^^^^ private crate
[INFO] [stdout]     |
[INFO] [stdout] note: the crate `libc` is defined here
[INFO] [stdout] 
[INFO] [stdout] 
[INFO] [stdout] error[E0603]: crate `libc` is private
[INFO] [stdout]    --> src/net/polling/epoll.rs:99:23
[INFO] [stdout]     |
[INFO] [stdout] 99  |         self.ctl(std::libc::EPOLL_CTL_DEL, fd, None)
[INFO] [stdout]     |                       ^^^^ private crate
[INFO] [stdout]     |
[INFO] [stdout] note: the crate `libc` is defined here
[INFO] [stdout] 
[INFO] [stdout] 
[INFO] [stdout] error[E0603]: crate `libc` is private
[INFO] [stdout]    --> src/net/polling/epoll.rs:104:32
[INFO] [stdout]     |
[INFO] [stdout] 104 |             let new_val = std::libc::itimerspec {
[INFO] [stdout]     |                                ^^^^ private crate
[INFO] [stdout]     |
[INFO] [stdout] note: the crate `libc` is defined here
[INFO] [stdout] 
[INFO] [stdout] 
[INFO] [stdout] error[E0603]: crate `libc` is private
[INFO] [stdout]    --> src/net/polling/epoll.rs:108:37
[INFO] [stdout]     |
[INFO] [stdout] 108 |                     Some(t) => std::libc::timespec {
[INFO] [stdout]     |                                     ^^^^ private crate
[INFO] [stdout]     |
[INFO] [stdout] note: the crate `libc` is defined here
[INFO] [stdout] 
[INFO] [stdout] 
[INFO] [stdout] error: Compilation failed, aborting rustdoc
[INFO] [stdout] 
[INFO] [stdout] 
[INFO] [stdout] error: aborting due to 7 previous errors
[INFO] [stdout] 
[INFO] [stdout] 
[INFO] [stdout] Some errors have detailed explanations: E0432, E0603.
[INFO] [stdout] 
[INFO] [stdout] For more information about an error, try `rustc --explain E0432`.
[INFO] [stdout] 
[INFO] [stderr] error: could not document `cynthia`
[INFO] [stderr] 
[INFO] [stderr] Caused by:
[INFO] [stderr]   process didn't exit successfully: `rustdoc --edition=2018 --crate-type lib --crate-name cynthia src/lib.rs -o /opt/rustwide/target/doc --cfg 'feature="alloc"' --cfg 'feature="cynthia-macros"' --cfg 'feature="default"' --cfg 'feature="futures-io"' --cfg 'feature="macros"' --cfg 'feature="pin-project-lite"' --cfg 'feature="std"' --error-format=json --json=diagnostic-rendered-ansi --document-private-items -L dependency=/opt/rustwide/target/debug/deps --extern cfg_if=/opt/rustwide/target/debug/deps/libcfg_if-86cb6b55248c00db.rmeta --extern crossbeam_queue=/opt/rustwide/target/debug/deps/libcrossbeam_queue-f3aeb36996e0c5bf.rmeta --extern cynthia_macros=/opt/rustwide/target/debug/deps/libcynthia_macros-4e78cc9feea6711f.so --extern futures_core=/opt/rustwide/target/debug/deps/libfutures_core-fc0d2ea7b07af0d8.rmeta --extern futures_io=/opt/rustwide/target/debug/deps/libfutures_io-ac3112884899ae9f.rmeta --extern libc=/opt/rustwide/target/debug/deps/liblibc-34f3b748d9af774b.rmeta --extern memchr=/opt/rustwide/target/debug/deps/libmemchr-6e5b75bc6c761baf.rmeta --extern once_cell=/opt/rustwide/target/debug/deps/libonce_cell-f0af484c73954b52.rmeta --extern pin_project_lite=/opt/rustwide/target/debug/deps/libpin_project_lite-2a357b4d2069282f.rmeta --extern signal_hook=/opt/rustwide/target/debug/deps/libsignal_hook-872952fc2f1e3396.rmeta --extern stable_deref_trait=/opt/rustwide/target/debug/deps/libstable_deref_trait-a51c41a017e39a46.rmeta --cap-lints=warn --crate-version 0.0.6` (exit status: 1)
[INFO] running `Command { std: "docker" "inspect" "0915374634b94157f69fc42ec03c30edbf59f00713b218355f5305cdd4425c48", kill_on_drop: false }`
[INFO] running `Command { std: "docker" "rm" "-f" "0915374634b94157f69fc42ec03c30edbf59f00713b218355f5305cdd4425c48", kill_on_drop: false }`
[INFO] [stdout] 0915374634b94157f69fc42ec03c30edbf59f00713b218355f5305cdd4425c48
