[INFO] fetching crate cgroup 0.0.1...
[INFO] documenting cgroup-0.0.1 against 1.54.0 for beta-1.55-rustdoc-1
[INFO] extracting crate cgroup 0.0.1 into /workspace/builds/worker-2/source
[INFO] validating manifest of crates.io crate cgroup 0.0.1 on toolchain 1.54.0
[INFO] running `Command { std: "/workspace/cargo-home/bin/cargo" "+1.54.0" "metadata" "--manifest-path" "Cargo.toml" "--no-deps", kill_on_drop: false }`
[INFO] started tweaking crates.io crate cgroup 0.0.1
[INFO] finished tweaking crates.io crate cgroup 0.0.1
[INFO] tweaked toml for crates.io crate cgroup 0.0.1 written to /workspace/builds/worker-2/source/Cargo.toml
[INFO] running `Command { std: "/workspace/cargo-home/bin/cargo" "+1.54.0" "generate-lockfile" "--manifest-path" "Cargo.toml" "-Zno-index-update", kill_on_drop: false }`
[INFO] running `Command { std: "/workspace/cargo-home/bin/cargo" "+1.54.0" "fetch" "--manifest-path" "Cargo.toml", kill_on_drop: false }`
[INFO] running `Command { std: "docker" "create" "-v" "/var/lib/crater-agent-workspace/builds/worker-2/target:/opt/rustwide/target:rw,Z" "-v" "/var/lib/crater-agent-workspace/builds/worker-2/source:/opt/rustwide/workdir:ro,Z" "-v" "/var/lib/crater-agent-workspace/cargo-home:/opt/rustwide/cargo-home:ro,Z" "-v" "/var/lib/crater-agent-workspace/rustup-home:/opt/rustwide/rustup-home:ro,Z" "-e" "SOURCE_DIR=/opt/rustwide/workdir" "-e" "CARGO_TARGET_DIR=/opt/rustwide/target" "-e" "CARGO_HOME=/opt/rustwide/cargo-home" "-e" "RUSTUP_HOME=/opt/rustwide/rustup-home" "-w" "/opt/rustwide/workdir" "-m" "1610612736" "--user" "0:0" "--network" "none" "ghcr.io/rust-lang/crates-build-env/linux@sha256:34b6a614d2c27851fe6cbf88fbd1137609cefab8b10d0615aaeb6fd47975d74e" "/opt/rustwide/cargo-home/bin/cargo" "+1.54.0" "metadata" "--no-deps" "--format-version=1", kill_on_drop: false }`
[INFO] [stderr] WARNING: Your kernel does not support swap limit capabilities or the cgroup is not mounted. Memory limited without swap.
[INFO] [stdout] 3340ae8cc07fd3995798378c7924ba91b73fc0034656be160b836c65fa970eaa
[INFO] running `Command { std: "docker" "start" "-a" "3340ae8cc07fd3995798378c7924ba91b73fc0034656be160b836c65fa970eaa", kill_on_drop: false }`
[INFO] running `Command { std: "docker" "inspect" "3340ae8cc07fd3995798378c7924ba91b73fc0034656be160b836c65fa970eaa", kill_on_drop: false }`
[INFO] running `Command { std: "docker" "rm" "-f" "3340ae8cc07fd3995798378c7924ba91b73fc0034656be160b836c65fa970eaa", kill_on_drop: false }`
[INFO] [stdout] 3340ae8cc07fd3995798378c7924ba91b73fc0034656be160b836c65fa970eaa
[INFO] running `Command { std: "docker" "create" "-v" "/var/lib/crater-agent-workspace/builds/worker-2/target:/opt/rustwide/target:rw,Z" "-v" "/var/lib/crater-agent-workspace/builds/worker-2/source:/opt/rustwide/workdir:ro,Z" "-v" "/var/lib/crater-agent-workspace/cargo-home:/opt/rustwide/cargo-home:ro,Z" "-v" "/var/lib/crater-agent-workspace/rustup-home:/opt/rustwide/rustup-home:ro,Z" "-e" "SOURCE_DIR=/opt/rustwide/workdir" "-e" "CARGO_TARGET_DIR=/opt/rustwide/target" "-e" "CARGO_INCREMENTAL=0" "-e" "RUST_BACKTRACE=full" "-e" "RUSTDOCFLAGS=--cap-lints=warn" "-e" "CARGO_HOME=/opt/rustwide/cargo-home" "-e" "RUSTUP_HOME=/opt/rustwide/rustup-home" "-w" "/opt/rustwide/workdir" "-m" "1610612736" "--user" "0:0" "--network" "none" "ghcr.io/rust-lang/crates-build-env/linux@sha256:34b6a614d2c27851fe6cbf88fbd1137609cefab8b10d0615aaeb6fd47975d74e" "/opt/rustwide/cargo-home/bin/cargo" "+1.54.0" "doc" "--frozen" "--no-deps" "--document-private-items" "--message-format=json", kill_on_drop: false }`
[INFO] [stdout] 73082539dc8386b37c10ed48e1a9746e43130ea428957e8a69860f191d6a85e2
[INFO] [stderr] WARNING: Your kernel does not support swap limit capabilities or the cgroup is not mounted. Memory limited without swap.
[INFO] running `Command { std: "docker" "start" "-a" "73082539dc8386b37c10ed48e1a9746e43130ea428957e8a69860f191d6a85e2", kill_on_drop: false }`
[INFO] [stderr]  Documenting cgroup v0.0.1 (/opt/rustwide/workdir)
[INFO] [stdout] error[E0432]: unresolved imports `std::io::File`, `std::io::IoResult`
[INFO] [stdout]   --> src/lib.rs:19:15
[INFO] [stdout]    |
[INFO] [stdout] 19 | use std::io::{File, IoResult};
[INFO] [stdout]    |               ^^^^  ^^^^^^^^
[INFO] [stdout]    |               |     |
[INFO] [stdout]    |               |     no `IoResult` in `io`
[INFO] [stdout]    |               |     help: a similar name exists in the module: `Result`
[INFO] [stdout]    |               no `File` in `io`
[INFO] [stdout] 
[INFO] [stdout] 
[INFO] [stdout] error[E0432]: unresolved import `std::io::fs`
[INFO] [stdout]   --> src/lib.rs:20:14
[INFO] [stdout]    |
[INFO] [stdout] 20 | use std::io::fs::PathExtensions;
[INFO] [stdout]    |              ^^ could not find `fs` in `io`
[INFO] [stdout] 
[INFO] [stdout] 
[INFO] [stdout] error[E0412]: cannot find type `Path` in this scope
[INFO] [stdout]   --> src/lib.rs:24:15
[INFO] [stdout]    |
[INFO] [stdout] 24 |     basepath: Path,
[INFO] [stdout]    |               ^^^^ not found in this scope
[INFO] [stdout]    |
[INFO] [stdout] help: consider importing this struct
[INFO] [stdout]    |
[INFO] [stdout] 17 | use std::path::Path;
[INFO] [stdout]    |
[INFO] [stdout] 
[INFO] [stdout] 
[INFO] [stdout] error[E0412]: cannot find type `Path` in this scope
[INFO] [stdout]   --> src/lib.rs:27:35
[INFO] [stdout]    |
[INFO] [stdout] 27 |     controllers: HashMap<Vec<u8>, Path>,
[INFO] [stdout]    |                                   ^^^^ not found in this scope
[INFO] [stdout]    |
[INFO] [stdout] help: consider importing this struct
[INFO] [stdout]    |
[INFO] [stdout] 17 | use std::path::Path;
[INFO] [stdout]    |
[INFO] [stdout] 
[INFO] [stdout] 
[INFO] [stdout] error[E0412]: cannot find type `Path` in this scope
[INFO] [stdout]   --> src/lib.rs:31:11
[INFO] [stdout]    |
[INFO] [stdout] 31 |     path: Path,
[INFO] [stdout]    |           ^^^^ not found in this scope
[INFO] [stdout]    |
[INFO] [stdout] help: consider importing this struct
[INFO] [stdout]    |
[INFO] [stdout] 17 | use std::path::Path;
[INFO] [stdout]    |
[INFO] [stdout] 
[INFO] [stdout] 
[INFO] [stdout] error[E0412]: cannot find type `Path` in this scope
[INFO] [stdout]   --> src/lib.rs:32:37
[INFO] [stdout]    |
[INFO] [stdout] 32 |     cache: RefCell<HashMap<Vec<u8>, Path>>,
[INFO] [stdout]    |                                     ^^^^ not found in this scope
[INFO] [stdout]    |
[INFO] [stdout] help: consider importing this struct
[INFO] [stdout]    |
[INFO] [stdout] 17 | use std::path::Path;
[INFO] [stdout]    |
[INFO] [stdout] 
[INFO] [stdout] 
[INFO] [stdout] error[E0412]: cannot find type `Path` in this scope
[INFO] [stdout]   --> src/lib.rs:36:71
[INFO] [stdout]    |
[INFO] [stdout] 36 | pub fn get_controllers(pid: libc::pid_t) -> IoResult<HashMap<Vec<u8>, Path>> {
[INFO] [stdout]    |                                                                       ^^^^ not found in this scope
[INFO] [stdout]    |
[INFO] [stdout] help: consider importing this struct
[INFO] [stdout]    |
[INFO] [stdout] 17 | use std::path::Path;
[INFO] [stdout]    |
[INFO] [stdout] 
[INFO] [stdout] 
[INFO] [stdout] error[E0412]: cannot find type `Path` in this scope
[INFO] [stdout]   --> src/lib.rs:52:22
[INFO] [stdout]    |
[INFO] [stdout] 52 | fn path_cache(path: &Path) -> IoResult<HashMap<Vec<u8>, Path>> {
[INFO] [stdout]    |                      ^^^^ not found in this scope
[INFO] [stdout]    |
[INFO] [stdout] help: consider importing this struct
[INFO] [stdout]    |
[INFO] [stdout] 17 | use std::path::Path;
[INFO] [stdout]    |
[INFO] [stdout] 
[INFO] [stdout] 
[INFO] [stdout] error[E0412]: cannot find type `Path` in this scope
[INFO] [stdout]   --> src/lib.rs:52:57
[INFO] [stdout]    |
[INFO] [stdout] 52 | fn path_cache(path: &Path) -> IoResult<HashMap<Vec<u8>, Path>> {
[INFO] [stdout]    |                                                         ^^^^ not found in this scope
[INFO] [stdout]    |
[INFO] [stdout] help: consider importing this struct
[INFO] [stdout]    |
[INFO] [stdout] 17 | use std::path::Path;
[INFO] [stdout]    |
[INFO] [stdout] 
[INFO] [stdout] 
[INFO] [stdout] error[E0412]: cannot find type `Path` in this scope
[INFO] [stdout]   --> src/lib.rs:69:36
[INFO] [stdout]    |
[INFO] [stdout] 69 |     pub fn from_base_and_pid(base: Path, pid: libc::pid_t) -> IoResult<CGroup> {
[INFO] [stdout]    |                                    ^^^^ not found in this scope
[INFO] [stdout]    |
[INFO] [stdout] help: consider importing this struct
[INFO] [stdout]    |
[INFO] [stdout] 17 | use std::path::Path;
[INFO] [stdout]    |
[INFO] [stdout] 
[INFO] [stdout] 
[INFO] [stdout] error: Compilation failed, aborting rustdoc
[INFO] [stdout] 
[INFO] [stdout] 
[INFO] [stdout] error: aborting due to 11 previous errors
[INFO] [stdout] 
[INFO] [stdout] 
[INFO] [stdout] Some errors have detailed explanations: E0412, E0432.
[INFO] [stdout] 
[INFO] [stdout] For more information about an error, try `rustc --explain E0412`.
[INFO] [stdout] 
[INFO] [stderr] error: could not document `cgroup`
[INFO] [stderr] 
[INFO] [stderr] Caused by:
[INFO] [stderr]   process didn't exit successfully: `rustdoc --crate-type lib --crate-name cgroup src/lib.rs -o /opt/rustwide/target/doc --error-format=json --json=diagnostic-rendered-ansi --document-private-items -L dependency=/opt/rustwide/target/debug/deps --cap-lints=warn --crate-version 0.0.1` (exit status: 1)
[INFO] running `Command { std: "docker" "inspect" "73082539dc8386b37c10ed48e1a9746e43130ea428957e8a69860f191d6a85e2", kill_on_drop: false }`
[INFO] running `Command { std: "docker" "rm" "-f" "73082539dc8386b37c10ed48e1a9746e43130ea428957e8a69860f191d6a85e2", kill_on_drop: false }`
[INFO] [stdout] 73082539dc8386b37c10ed48e1a9746e43130ea428957e8a69860f191d6a85e2
