[INFO] fetching crate cef-sys 0.0.3...
[INFO] documenting cef-sys-0.0.3 against 1.54.0 for beta-1.55-rustdoc-1
[INFO] extracting crate cef-sys 0.0.3 into /workspace/builds/worker-4/source
[INFO] validating manifest of crates.io crate cef-sys 0.0.3 on toolchain 1.54.0
[INFO] running `Command { std: "/workspace/cargo-home/bin/cargo" "+1.54.0" "metadata" "--manifest-path" "Cargo.toml" "--no-deps", kill_on_drop: false }`
[INFO] started tweaking crates.io crate cef-sys 0.0.3
[INFO] finished tweaking crates.io crate cef-sys 0.0.3
[INFO] tweaked toml for crates.io crate cef-sys 0.0.3 written to /workspace/builds/worker-4/source/Cargo.toml
[INFO] running `Command { std: "/workspace/cargo-home/bin/cargo" "+1.54.0" "generate-lockfile" "--manifest-path" "Cargo.toml" "-Zno-index-update", kill_on_drop: false }`
[INFO] running `Command { std: "/workspace/cargo-home/bin/cargo" "+1.54.0" "fetch" "--manifest-path" "Cargo.toml", kill_on_drop: false }`
[INFO] running `Command { std: "docker" "create" "-v" "/var/lib/crater-agent-workspace/builds/worker-4/target:/opt/rustwide/target:rw,Z" "-v" "/var/lib/crater-agent-workspace/builds/worker-4/source:/opt/rustwide/workdir:ro,Z" "-v" "/var/lib/crater-agent-workspace/cargo-home:/opt/rustwide/cargo-home:ro,Z" "-v" "/var/lib/crater-agent-workspace/rustup-home:/opt/rustwide/rustup-home:ro,Z" "-e" "SOURCE_DIR=/opt/rustwide/workdir" "-e" "CARGO_TARGET_DIR=/opt/rustwide/target" "-e" "CARGO_HOME=/opt/rustwide/cargo-home" "-e" "RUSTUP_HOME=/opt/rustwide/rustup-home" "-w" "/opt/rustwide/workdir" "-m" "1610612736" "--user" "0:0" "--network" "none" "ghcr.io/rust-lang/crates-build-env/linux@sha256:34b6a614d2c27851fe6cbf88fbd1137609cefab8b10d0615aaeb6fd47975d74e" "/opt/rustwide/cargo-home/bin/cargo" "+1.54.0" "metadata" "--no-deps" "--format-version=1", kill_on_drop: false }`
[INFO] [stdout] b743b1233e20d87d1bcd7fbe272d265284ff6a5894e0a37a087723e6e38f63a4
[INFO] [stderr] WARNING: Your kernel does not support swap limit capabilities or the cgroup is not mounted. Memory limited without swap.
[INFO] running `Command { std: "docker" "start" "-a" "b743b1233e20d87d1bcd7fbe272d265284ff6a5894e0a37a087723e6e38f63a4", kill_on_drop: false }`
[INFO] running `Command { std: "docker" "inspect" "b743b1233e20d87d1bcd7fbe272d265284ff6a5894e0a37a087723e6e38f63a4", kill_on_drop: false }`
[INFO] running `Command { std: "docker" "rm" "-f" "b743b1233e20d87d1bcd7fbe272d265284ff6a5894e0a37a087723e6e38f63a4", kill_on_drop: false }`
[INFO] [stdout] b743b1233e20d87d1bcd7fbe272d265284ff6a5894e0a37a087723e6e38f63a4
[INFO] running `Command { std: "docker" "create" "-v" "/var/lib/crater-agent-workspace/builds/worker-4/target:/opt/rustwide/target:rw,Z" "-v" "/var/lib/crater-agent-workspace/builds/worker-4/source:/opt/rustwide/workdir:ro,Z" "-v" "/var/lib/crater-agent-workspace/cargo-home:/opt/rustwide/cargo-home:ro,Z" "-v" "/var/lib/crater-agent-workspace/rustup-home:/opt/rustwide/rustup-home:ro,Z" "-e" "SOURCE_DIR=/opt/rustwide/workdir" "-e" "CARGO_TARGET_DIR=/opt/rustwide/target" "-e" "CARGO_INCREMENTAL=0" "-e" "RUST_BACKTRACE=full" "-e" "RUSTDOCFLAGS=--cap-lints=warn" "-e" "CARGO_HOME=/opt/rustwide/cargo-home" "-e" "RUSTUP_HOME=/opt/rustwide/rustup-home" "-w" "/opt/rustwide/workdir" "-m" "1610612736" "--user" "0:0" "--network" "none" "ghcr.io/rust-lang/crates-build-env/linux@sha256:34b6a614d2c27851fe6cbf88fbd1137609cefab8b10d0615aaeb6fd47975d74e" "/opt/rustwide/cargo-home/bin/cargo" "+1.54.0" "doc" "--frozen" "--no-deps" "--document-private-items" "--message-format=json", kill_on_drop: false }`
[INFO] [stdout] 3f9c13c76b5eee8baeaa56d3b9d9b31cd119d9968d074dbb016879906a1533aa
[INFO] [stderr] WARNING: Your kernel does not support swap limit capabilities or the cgroup is not mounted. Memory limited without swap.
[INFO] running `Command { std: "docker" "start" "-a" "3f9c13c76b5eee8baeaa56d3b9d9b31cd119d9968d074dbb016879906a1533aa", kill_on_drop: false }`
[INFO] [stderr]    Compiling cef-sys v0.0.3 (/opt/rustwide/workdir)
[INFO] [stdout] error[E0433]: failed to resolve: could not find `old_io` in `std`
[INFO] [stdout]  --> build.rs:4:10
[INFO] [stdout]   |
[INFO] [stdout] 4 | use std::old_io::fs::PathExtensions;
[INFO] [stdout]   |          ^^^^^^ could not find `old_io` in `std`
[INFO] [stdout] 
[INFO] [stdout] 
[INFO] [stdout] error[E0425]: cannot find function `getenv` in module `os`
[INFO] [stdout]   --> build.rs:13:15
[INFO] [stdout]    |
[INFO] [stdout] 13 |     match os::getenv("TARGET").unwrap().split('-').nth(2).unwrap() {
[INFO] [stdout]    |               ^^^^^^ not found in `os`
[INFO] [stdout] 
[INFO] [stdout] 
[INFO] [stdout] error[E0425]: cannot find function `dll_filename` in module `os`
[INFO] [stdout]   --> build.rs:29:29
[INFO] [stdout]    |
[INFO] [stdout] 29 |     let dll_file_name = os::dll_filename(dll_name);
[INFO] [stdout]    |                             ^^^^^^^^^^^^ not found in `os`
[INFO] [stdout] 
[INFO] [stdout] 
[INFO] [stdout] error[E0433]: failed to resolve: use of undeclared type `Path`
[INFO] [stdout]   --> build.rs:30:19
[INFO] [stdout]    |
[INFO] [stdout] 30 |     let cef_dir = Path::new(os::getenv("CEF_PATH")
[INFO] [stdout]    |                   ^^^^ not found in this scope
[INFO] [stdout]    |
[INFO] [stdout] help: consider importing this struct
[INFO] [stdout]    |
[INFO] [stdout] 3  | use std::path::Path;
[INFO] [stdout]    |
[INFO] [stdout] 
[INFO] [stdout] 
[INFO] [stdout] error[E0425]: cannot find function `getenv` in module `os`
[INFO] [stdout]   --> build.rs:30:33
[INFO] [stdout]    |
[INFO] [stdout] 30 |     let cef_dir = Path::new(os::getenv("CEF_PATH")
[INFO] [stdout]    |                                 ^^^^^^ not found in `os`
[INFO] [stdout] 
[INFO] [stdout] 
[INFO] [stdout] error[E0554]: `#![feature]` may not be used on the stable release channel
[INFO] [stdout]  --> build.rs:1:1
[INFO] [stdout]   |
[INFO] [stdout] 1 | #![feature(os, io, path)]
[INFO] [stdout]   | ^^^^^^^^^^^^^^^^^^^^^^^^^
[INFO] [stdout] 
[INFO] [stdout] 
[INFO] [stdout] error: aborting due to 6 previous errors
[INFO] [stdout] 
[INFO] [stdout] 
[INFO] [stdout] Some errors have detailed explanations: E0425, E0433, E0554.
[INFO] [stdout] 
[INFO] [stdout] For more information about an error, try `rustc --explain E0425`.
[INFO] [stdout] 
[INFO] [stderr] error: could not compile `cef-sys`
[INFO] [stderr] 
[INFO] [stderr] To learn more, run the command again with --verbose.
[INFO] running `Command { std: "docker" "inspect" "3f9c13c76b5eee8baeaa56d3b9d9b31cd119d9968d074dbb016879906a1533aa", kill_on_drop: false }`
[INFO] running `Command { std: "docker" "rm" "-f" "3f9c13c76b5eee8baeaa56d3b9d9b31cd119d9968d074dbb016879906a1533aa", kill_on_drop: false }`
[INFO] [stdout] 3f9c13c76b5eee8baeaa56d3b9d9b31cd119d9968d074dbb016879906a1533aa
