[INFO] fetching crate bson-rs 0.0.3...
[INFO] documenting bson-rs-0.0.3 against beta-2021-08-01 for beta-1.55-rustdoc-1
[INFO] extracting crate bson-rs 0.0.3 into /workspace/builds/worker-10/source
[INFO] validating manifest of crates.io crate bson-rs 0.0.3 on toolchain beta-2021-08-01
[INFO] running `Command { std: "/workspace/cargo-home/bin/cargo" "+beta-2021-08-01" "metadata" "--manifest-path" "Cargo.toml" "--no-deps", kill_on_drop: false }`
[INFO] started tweaking crates.io crate bson-rs 0.0.3
[INFO] finished tweaking crates.io crate bson-rs 0.0.3
[INFO] tweaked toml for crates.io crate bson-rs 0.0.3 written to /workspace/builds/worker-10/source/Cargo.toml
[INFO] running `Command { std: "/workspace/cargo-home/bin/cargo" "+beta-2021-08-01" "generate-lockfile" "--manifest-path" "Cargo.toml" "-Zno-index-update", kill_on_drop: false }`
[INFO] running `Command { std: "/workspace/cargo-home/bin/cargo" "+beta-2021-08-01" "fetch" "--manifest-path" "Cargo.toml", kill_on_drop: false }`
[INFO] running `Command { std: "docker" "create" "-v" "/var/lib/crater-agent-workspace/builds/worker-10/target:/opt/rustwide/target:rw,Z" "-v" "/var/lib/crater-agent-workspace/builds/worker-10/source:/opt/rustwide/workdir:ro,Z" "-v" "/var/lib/crater-agent-workspace/cargo-home:/opt/rustwide/cargo-home:ro,Z" "-v" "/var/lib/crater-agent-workspace/rustup-home:/opt/rustwide/rustup-home:ro,Z" "-e" "SOURCE_DIR=/opt/rustwide/workdir" "-e" "CARGO_TARGET_DIR=/opt/rustwide/target" "-e" "CARGO_HOME=/opt/rustwide/cargo-home" "-e" "RUSTUP_HOME=/opt/rustwide/rustup-home" "-w" "/opt/rustwide/workdir" "-m" "1610612736" "--user" "0:0" "--network" "none" "ghcr.io/rust-lang/crates-build-env/linux@sha256:34b6a614d2c27851fe6cbf88fbd1137609cefab8b10d0615aaeb6fd47975d74e" "/opt/rustwide/cargo-home/bin/cargo" "+beta-2021-08-01" "metadata" "--no-deps" "--format-version=1", kill_on_drop: false }`
[INFO] [stdout] 1312101a7ab4b0fd56df8930cdbff6b35bd992fdda1ffa8cb648fc6b6866e797
[INFO] running `Command { std: "docker" "start" "-a" "1312101a7ab4b0fd56df8930cdbff6b35bd992fdda1ffa8cb648fc6b6866e797", kill_on_drop: false }`
[INFO] running `Command { std: "docker" "inspect" "1312101a7ab4b0fd56df8930cdbff6b35bd992fdda1ffa8cb648fc6b6866e797", kill_on_drop: false }`
[INFO] running `Command { std: "docker" "rm" "-f" "1312101a7ab4b0fd56df8930cdbff6b35bd992fdda1ffa8cb648fc6b6866e797", kill_on_drop: false }`
[INFO] [stdout] 1312101a7ab4b0fd56df8930cdbff6b35bd992fdda1ffa8cb648fc6b6866e797
[INFO] running `Command { std: "docker" "create" "-v" "/var/lib/crater-agent-workspace/builds/worker-10/target:/opt/rustwide/target:rw,Z" "-v" "/var/lib/crater-agent-workspace/builds/worker-10/source:/opt/rustwide/workdir:ro,Z" "-v" "/var/lib/crater-agent-workspace/cargo-home:/opt/rustwide/cargo-home:ro,Z" "-v" "/var/lib/crater-agent-workspace/rustup-home:/opt/rustwide/rustup-home:ro,Z" "-e" "SOURCE_DIR=/opt/rustwide/workdir" "-e" "CARGO_TARGET_DIR=/opt/rustwide/target" "-e" "CARGO_INCREMENTAL=0" "-e" "RUST_BACKTRACE=full" "-e" "RUSTDOCFLAGS=--cap-lints=warn" "-e" "CARGO_HOME=/opt/rustwide/cargo-home" "-e" "RUSTUP_HOME=/opt/rustwide/rustup-home" "-w" "/opt/rustwide/workdir" "-m" "1610612736" "--user" "0:0" "--network" "none" "ghcr.io/rust-lang/crates-build-env/linux@sha256:34b6a614d2c27851fe6cbf88fbd1137609cefab8b10d0615aaeb6fd47975d74e" "/opt/rustwide/cargo-home/bin/cargo" "+beta-2021-08-01" "doc" "--frozen" "--no-deps" "--document-private-items" "--message-format=json", kill_on_drop: false }`
[INFO] [stdout] 6fb32ee255383945b716ee7a994c1a3046de16992a13ac190125c87318afdbc7
[INFO] running `Command { std: "docker" "start" "-a" "6fb32ee255383945b716ee7a994c1a3046de16992a13ac190125c87318afdbc7", kill_on_drop: false }`
[INFO] [stderr]  Documenting bson-rs v0.0.3 (/opt/rustwide/workdir)
[INFO] [stdout] error[E0432]: unresolved import `chrono::UTC`
[INFO] [stdout]   --> src/bson.rs:27:24
[INFO] [stdout]    |
[INFO] [stdout] 27 | use chrono::{DateTime, UTC};
[INFO] [stdout]    |                        ^^^ no `UTC` in the root
[INFO] [stdout] 
[INFO] [stdout] 
[INFO] [stdout] error[E0432]: unresolved import `chrono::UTC`
[INFO] [stdout]   --> src/encoder.rs:29:24
[INFO] [stdout]    |
[INFO] [stdout] 29 | use chrono::{DateTime, UTC};
[INFO] [stdout]    |                        ^^^ no `UTC` in the root
[INFO] [stdout] 
[INFO] [stdout] 
[INFO] [stdout] error[E0432]: unresolved import `chrono::UTC`
[INFO] [stdout]   --> src/decoder.rs:29:39
[INFO] [stdout]    |
[INFO] [stdout] 29 | use chrono::{DateTime, NaiveDateTime, UTC};
[INFO] [stdout]    |                                       ^^^ no `UTC` in the root
[INFO] [stdout] 
[INFO] [stdout] 
[INFO] [stdout] error[E0412]: cannot find type `Error` in crate `byteorder`
[INFO] [stdout]   --> src/encoder.rs:45:22
[INFO] [stdout]    |
[INFO] [stdout] 45 | impl From<byteorder::Error> for EncoderError {
[INFO] [stdout]    |                      ^^^^^ not found in `byteorder`
[INFO] [stdout]    |
[INFO] [stdout] help: consider importing one of these items
[INFO] [stdout]    |
[INFO] [stdout] 24 | use std::error::Error;
[INFO] [stdout]    |
[INFO] [stdout] 24 | use std::fmt::Error;
[INFO] [stdout]    |
[INFO] [stdout] 
[INFO] [stdout] 
[INFO] [stdout] error[E0412]: cannot find type `Error` in crate `byteorder`
[INFO] [stdout]   --> src/encoder.rs:46:29
[INFO] [stdout]    |
[INFO] [stdout] 46 |     fn from(err: byteorder::Error) -> EncoderError {
[INFO] [stdout]    |                             ^^^^^ not found in `byteorder`
[INFO] [stdout]    |
[INFO] [stdout] help: consider importing one of these items
[INFO] [stdout]    |
[INFO] [stdout] 24 | use std::error::Error;
[INFO] [stdout]    |
[INFO] [stdout] 24 | use std::fmt::Error;
[INFO] [stdout]    |
[INFO] [stdout] 
[INFO] [stdout] 
[INFO] [stdout] error[E0412]: cannot find type `Error` in crate `byteorder`
[INFO] [stdout]   --> src/decoder.rs:54:22
[INFO] [stdout]    |
[INFO] [stdout] 54 | impl From<byteorder::Error> for DecoderError {
[INFO] [stdout]    |                      ^^^^^ not found in `byteorder`
[INFO] [stdout]    |
[INFO] [stdout] help: consider importing one of these items
[INFO] [stdout]    |
[INFO] [stdout] 24 | use decoder::io::Error;
[INFO] [stdout]    |
[INFO] [stdout] 24 | use std::error::Error;
[INFO] [stdout]    |
[INFO] [stdout] 24 | use std::fmt::Error;
[INFO] [stdout]    |
[INFO] [stdout] 
[INFO] [stdout] 
[INFO] [stdout] error[E0412]: cannot find type `Error` in crate `byteorder`
[INFO] [stdout]   --> src/decoder.rs:55:29
[INFO] [stdout]    |
[INFO] [stdout] 55 |     fn from(err: byteorder::Error) -> DecoderError {
[INFO] [stdout]    |                             ^^^^^ not found in `byteorder`
[INFO] [stdout]    |
[INFO] [stdout] help: consider importing one of these items
[INFO] [stdout]    |
[INFO] [stdout] 24 | use decoder::io::Error;
[INFO] [stdout]    |
[INFO] [stdout] 24 | use std::error::Error;
[INFO] [stdout]    |
[INFO] [stdout] 24 | use std::fmt::Error;
[INFO] [stdout]    |
[INFO] [stdout] 
[INFO] [stdout] 
[INFO] [stdout] error: Compilation failed, aborting rustdoc
[INFO] [stdout] 
[INFO] [stdout] 
[INFO] [stdout] error: aborting due to 8 previous errors
[INFO] [stdout] 
[INFO] [stdout] 
[INFO] [stdout] Some errors have detailed explanations: E0412, E0432.
[INFO] [stdout] 
[INFO] [stdout] For more information about an error, try `rustc --explain E0412`.
[INFO] [stdout] 
[INFO] [stderr] error: could not document `bson-rs`
[INFO] [stderr] 
[INFO] [stderr] Caused by:
[INFO] [stderr]   process didn't exit successfully: `rustdoc --crate-type lib --crate-name bson src/lib.rs -o /opt/rustwide/target/doc --error-format=json --json=diagnostic-rendered-ansi --document-private-items -L dependency=/opt/rustwide/target/debug/deps --extern byteorder=/opt/rustwide/target/debug/deps/libbyteorder-bd8a801b2746a03c.rmeta --extern chrono=/opt/rustwide/target/debug/deps/libchrono-6046d8ef431e5dbf.rmeta --extern rustc_serialize=/opt/rustwide/target/debug/deps/librustc_serialize-ee311ccec3574ca0.rmeta --cap-lints=warn --crate-version 0.0.3` (exit status: 1)
[INFO] running `Command { std: "docker" "inspect" "6fb32ee255383945b716ee7a994c1a3046de16992a13ac190125c87318afdbc7", kill_on_drop: false }`
[INFO] running `Command { std: "docker" "rm" "-f" "6fb32ee255383945b716ee7a994c1a3046de16992a13ac190125c87318afdbc7", kill_on_drop: false }`
[INFO] [stdout] 6fb32ee255383945b716ee7a994c1a3046de16992a13ac190125c87318afdbc7
