[INFO] fetching crate borealis_codegen 0.1.0...
[INFO] documenting borealis_codegen-0.1.0 against beta-2021-08-01 for beta-1.55-rustdoc-1
[INFO] extracting crate borealis_codegen 0.1.0 into /workspace/builds/worker-14/source
[INFO] validating manifest of crates.io crate borealis_codegen 0.1.0 on toolchain beta-2021-08-01
[INFO] running `Command { std: "/workspace/cargo-home/bin/cargo" "+beta-2021-08-01" "metadata" "--manifest-path" "Cargo.toml" "--no-deps", kill_on_drop: false }`
[INFO] started tweaking crates.io crate borealis_codegen 0.1.0
[INFO] finished tweaking crates.io crate borealis_codegen 0.1.0
[INFO] tweaked toml for crates.io crate borealis_codegen 0.1.0 written to /workspace/builds/worker-14/source/Cargo.toml
[INFO] running `Command { std: "/workspace/cargo-home/bin/cargo" "+beta-2021-08-01" "generate-lockfile" "--manifest-path" "Cargo.toml" "-Zno-index-update", kill_on_drop: false }`
[INFO] [stderr]     Blocking waiting for file lock on package cache
[INFO] running `Command { std: "/workspace/cargo-home/bin/cargo" "+beta-2021-08-01" "fetch" "--manifest-path" "Cargo.toml", kill_on_drop: false }`
[INFO] [stderr]     Blocking waiting for file lock on package cache
[INFO] [stderr]  Downloading crates ...
[INFO] [stderr]   Downloaded regex_macros v0.1.38
[INFO] [stderr]   Downloaded borealis v0.1.0
[INFO] [stderr]   Downloaded quasi v0.9.0
[INFO] [stderr]   Downloaded quasi_codegen v0.9.0
[INFO] [stderr]   Downloaded quasi_macros v0.9.0
[INFO] [stderr]   Downloaded aster v0.15.0
[INFO] running `Command { std: "docker" "create" "-v" "/var/lib/crater-agent-workspace/builds/worker-14/target:/opt/rustwide/target:rw,Z" "-v" "/var/lib/crater-agent-workspace/builds/worker-14/source:/opt/rustwide/workdir:ro,Z" "-v" "/var/lib/crater-agent-workspace/cargo-home:/opt/rustwide/cargo-home:ro,Z" "-v" "/var/lib/crater-agent-workspace/rustup-home:/opt/rustwide/rustup-home:ro,Z" "-e" "SOURCE_DIR=/opt/rustwide/workdir" "-e" "CARGO_TARGET_DIR=/opt/rustwide/target" "-e" "CARGO_HOME=/opt/rustwide/cargo-home" "-e" "RUSTUP_HOME=/opt/rustwide/rustup-home" "-w" "/opt/rustwide/workdir" "-m" "1610612736" "--user" "0:0" "--network" "none" "ghcr.io/rust-lang/crates-build-env/linux@sha256:34b6a614d2c27851fe6cbf88fbd1137609cefab8b10d0615aaeb6fd47975d74e" "/opt/rustwide/cargo-home/bin/cargo" "+beta-2021-08-01" "metadata" "--no-deps" "--format-version=1", kill_on_drop: false }`
[INFO] [stdout] e49838639e840de6a67b036a0be36bb4de944720d3b36cab109f5fb3e2d26900
[INFO] running `Command { std: "docker" "start" "-a" "e49838639e840de6a67b036a0be36bb4de944720d3b36cab109f5fb3e2d26900", kill_on_drop: false }`
[INFO] running `Command { std: "docker" "inspect" "e49838639e840de6a67b036a0be36bb4de944720d3b36cab109f5fb3e2d26900", kill_on_drop: false }`
[INFO] running `Command { std: "docker" "rm" "-f" "e49838639e840de6a67b036a0be36bb4de944720d3b36cab109f5fb3e2d26900", kill_on_drop: false }`
[INFO] [stdout] e49838639e840de6a67b036a0be36bb4de944720d3b36cab109f5fb3e2d26900
[INFO] running `Command { std: "docker" "create" "-v" "/var/lib/crater-agent-workspace/builds/worker-14/target:/opt/rustwide/target:rw,Z" "-v" "/var/lib/crater-agent-workspace/builds/worker-14/source:/opt/rustwide/workdir:ro,Z" "-v" "/var/lib/crater-agent-workspace/cargo-home:/opt/rustwide/cargo-home:ro,Z" "-v" "/var/lib/crater-agent-workspace/rustup-home:/opt/rustwide/rustup-home:ro,Z" "-e" "SOURCE_DIR=/opt/rustwide/workdir" "-e" "CARGO_TARGET_DIR=/opt/rustwide/target" "-e" "CARGO_INCREMENTAL=0" "-e" "RUST_BACKTRACE=full" "-e" "RUSTDOCFLAGS=--cap-lints=warn" "-e" "CARGO_HOME=/opt/rustwide/cargo-home" "-e" "RUSTUP_HOME=/opt/rustwide/rustup-home" "-w" "/opt/rustwide/workdir" "-m" "1610612736" "--user" "0:0" "--network" "none" "ghcr.io/rust-lang/crates-build-env/linux@sha256:34b6a614d2c27851fe6cbf88fbd1137609cefab8b10d0615aaeb6fd47975d74e" "/opt/rustwide/cargo-home/bin/cargo" "+beta-2021-08-01" "doc" "--frozen" "--no-deps" "--document-private-items" "--message-format=json", kill_on_drop: false }`
[INFO] [stdout] e1b138c6d91f25f5d1a5db1007c1980dc0c125fce489d8c2775f29bbf4ad791a
[INFO] running `Command { std: "docker" "start" "-a" "e1b138c6d91f25f5d1a5db1007c1980dc0c125fce489d8c2775f29bbf4ad791a", kill_on_drop: false }`
[INFO] [stderr]    Compiling winapi-build v0.1.1
[INFO] [stderr]     Checking encoding_index_tests v0.1.4
[INFO] [stderr]    Compiling winapi v0.2.8
[INFO] [stderr]     Checking mac v0.1.1
[INFO] [stderr]    Compiling rustc-serialize v0.3.24
[INFO] [stderr]     Checking new_debug_unreachable v1.0.4
[INFO] [stderr]    Compiling aster v0.15.0
[INFO] [stderr]    Compiling regex-syntax v0.3.9
[INFO] [stderr]    Compiling utf8-ranges v0.1.3
[INFO] [stderr]     Checking time v0.3.1
[INFO] [stderr]     Checking quasi v0.9.0
[INFO] [stderr]    Compiling phf_shared v0.7.24
[INFO] [stderr]     Checking unreachable v0.1.1
[INFO] [stderr]     Checking utf-8 v0.6.0
[INFO] [stderr]    Compiling rand_os v0.1.3
[INFO] [stderr]    Compiling memchr v0.1.11
[INFO] [stdout] error[E0463]: can't find crate for `syntax`
[INFO] [stdout]   --> /opt/rustwide/cargo-home/registry/src/github.com-1ecc6299db9ec823/quasi-0.9.0/src/lib.rs:19:1
[INFO] [stdout]    |
[INFO] [stdout] 19 | extern crate syntax;
[INFO] [stdout]    | ^^^^^^^^^^^^^^^^^^^^ can't find crate
[INFO] [stdout] 
[INFO] [stdout] 
[INFO] [stdout] error: aborting due to previous error
[INFO] [stdout] 
[INFO] [stdout] 
[INFO] [stdout] For more information about this error, try `rustc --explain E0463`.
[INFO] [stdout] 
[INFO] [stderr] error: could not compile `quasi` due to 2 previous errors
[INFO] [stderr] warning: build failed, waiting for other jobs to finish...
[INFO] [stdout] error[E0463]: can't find crate for `syntax`
[INFO] [stdout]   --> /opt/rustwide/cargo-home/registry/src/github.com-1ecc6299db9ec823/aster-0.15.0/src/lib.rs:10:1
[INFO] [stdout]    |
[INFO] [stdout] 10 | extern crate syntax;
[INFO] [stdout]    | ^^^^^^^^^^^^^^^^^^^^ can't find crate
[INFO] [stdout] 
[INFO] [stdout] 
[INFO] [stdout] error: aborting due to previous error
[INFO] [stdout] 
[INFO] [stdout] 
[INFO] [stdout] For more information about this error, try `rustc --explain E0463`.
[INFO] [stdout] 
[INFO] [stdout] error[E0463]: can't find crate for `syntax`
[INFO] [stdout]   --> /opt/rustwide/cargo-home/registry/src/github.com-1ecc6299db9ec823/aster-0.15.0/src/lib.rs:10:1
[INFO] [stdout]    |
[INFO] [stdout] 10 | extern crate syntax;
[INFO] [stdout]    | ^^^^^^^^^^^^^^^^^^^^ can't find crate
[INFO] [stdout] 
[INFO] [stdout] 
[INFO] [stdout] error: aborting due to previous error
[INFO] [stdout] 
[INFO] [stdout] 
[INFO] [stdout] For more information about this error, try `rustc --explain E0463`.
[INFO] [stdout] 
[INFO] [stderr] error: build failed
[INFO] running `Command { std: "docker" "inspect" "e1b138c6d91f25f5d1a5db1007c1980dc0c125fce489d8c2775f29bbf4ad791a", kill_on_drop: false }`
[INFO] running `Command { std: "docker" "rm" "-f" "e1b138c6d91f25f5d1a5db1007c1980dc0c125fce489d8c2775f29bbf4ad791a", kill_on_drop: false }`
[INFO] [stdout] e1b138c6d91f25f5d1a5db1007c1980dc0c125fce489d8c2775f29bbf4ad791a
