[INFO] fetching crate bns 0.1.0...
[INFO] documenting bns-0.1.0 against 1.54.0 for beta-1.55-rustdoc-1
[INFO] extracting crate bns 0.1.0 into /workspace/builds/worker-15/source
[INFO] validating manifest of crates.io crate bns 0.1.0 on toolchain 1.54.0
[INFO] running `Command { std: "/workspace/cargo-home/bin/cargo" "+1.54.0" "metadata" "--manifest-path" "Cargo.toml" "--no-deps", kill_on_drop: false }`
[INFO] started tweaking crates.io crate bns 0.1.0
[INFO] finished tweaking crates.io crate bns 0.1.0
[INFO] tweaked toml for crates.io crate bns 0.1.0 written to /workspace/builds/worker-15/source/Cargo.toml
[INFO] running `Command { std: "/workspace/cargo-home/bin/cargo" "+1.54.0" "generate-lockfile" "--manifest-path" "Cargo.toml" "-Zno-index-update", kill_on_drop: false }`
[INFO] running `Command { std: "/workspace/cargo-home/bin/cargo" "+1.54.0" "fetch" "--manifest-path" "Cargo.toml", kill_on_drop: false }`
[INFO] [stderr]     Blocking waiting for file lock on package cache
[INFO] running `Command { std: "docker" "create" "-v" "/var/lib/crater-agent-workspace/builds/worker-15/target:/opt/rustwide/target:rw,Z" "-v" "/var/lib/crater-agent-workspace/builds/worker-15/source:/opt/rustwide/workdir:ro,Z" "-v" "/var/lib/crater-agent-workspace/cargo-home:/opt/rustwide/cargo-home:ro,Z" "-v" "/var/lib/crater-agent-workspace/rustup-home:/opt/rustwide/rustup-home:ro,Z" "-e" "SOURCE_DIR=/opt/rustwide/workdir" "-e" "CARGO_TARGET_DIR=/opt/rustwide/target" "-e" "CARGO_HOME=/opt/rustwide/cargo-home" "-e" "RUSTUP_HOME=/opt/rustwide/rustup-home" "-w" "/opt/rustwide/workdir" "-m" "1610612736" "--user" "0:0" "--network" "none" "ghcr.io/rust-lang/crates-build-env/linux@sha256:34b6a614d2c27851fe6cbf88fbd1137609cefab8b10d0615aaeb6fd47975d74e" "/opt/rustwide/cargo-home/bin/cargo" "+1.54.0" "metadata" "--no-deps" "--format-version=1", kill_on_drop: false }`
[INFO] [stdout] 94c689923cac56390ccbbd9bbf779fab8180f1092f68cb43e5cb7bb6c1d842f8
[INFO] running `Command { std: "docker" "start" "-a" "94c689923cac56390ccbbd9bbf779fab8180f1092f68cb43e5cb7bb6c1d842f8", kill_on_drop: false }`
[INFO] running `Command { std: "docker" "inspect" "94c689923cac56390ccbbd9bbf779fab8180f1092f68cb43e5cb7bb6c1d842f8", kill_on_drop: false }`
[INFO] running `Command { std: "docker" "rm" "-f" "94c689923cac56390ccbbd9bbf779fab8180f1092f68cb43e5cb7bb6c1d842f8", kill_on_drop: false }`
[INFO] [stdout] 94c689923cac56390ccbbd9bbf779fab8180f1092f68cb43e5cb7bb6c1d842f8
[INFO] running `Command { std: "docker" "create" "-v" "/var/lib/crater-agent-workspace/builds/worker-15/target:/opt/rustwide/target:rw,Z" "-v" "/var/lib/crater-agent-workspace/builds/worker-15/source:/opt/rustwide/workdir:ro,Z" "-v" "/var/lib/crater-agent-workspace/cargo-home:/opt/rustwide/cargo-home:ro,Z" "-v" "/var/lib/crater-agent-workspace/rustup-home:/opt/rustwide/rustup-home:ro,Z" "-e" "SOURCE_DIR=/opt/rustwide/workdir" "-e" "CARGO_TARGET_DIR=/opt/rustwide/target" "-e" "CARGO_INCREMENTAL=0" "-e" "RUST_BACKTRACE=full" "-e" "RUSTDOCFLAGS=--cap-lints=warn" "-e" "CARGO_HOME=/opt/rustwide/cargo-home" "-e" "RUSTUP_HOME=/opt/rustwide/rustup-home" "-w" "/opt/rustwide/workdir" "-m" "1610612736" "--user" "0:0" "--network" "none" "ghcr.io/rust-lang/crates-build-env/linux@sha256:34b6a614d2c27851fe6cbf88fbd1137609cefab8b10d0615aaeb6fd47975d74e" "/opt/rustwide/cargo-home/bin/cargo" "+1.54.0" "doc" "--frozen" "--no-deps" "--document-private-items" "--message-format=json", kill_on_drop: false }`
[INFO] [stdout] eb96e3d21137f4ae232bbdf6c8c74234f94ce7f0b0110e9b1748555321a1f514
[INFO] running `Command { std: "docker" "start" "-a" "eb96e3d21137f4ae232bbdf6c8c74234f94ce7f0b0110e9b1748555321a1f514", kill_on_drop: false }`
[INFO] [stderr]    Compiling gcc v0.3.55
[INFO] [stderr]     Checking smallvec v0.1.8
[INFO] [stderr]     Checking bitflags v0.7.0
[INFO] [stderr]     Checking ego-tree v0.1.1
[INFO] [stderr]    Compiling openssl-sys v0.7.17
[INFO] [stderr]     Checking cssparser v0.5.8
[INFO] [stderr]     Checking quickersort v2.2.0
[INFO] [stderr]     Checking html5ever v0.5.4
[INFO] [stdout] error[E0425]: cannot find function `precise_time_ns` in crate `time`
[INFO] [stdout]    --> /opt/rustwide/cargo-home/registry/src/github.com-1ecc6299db9ec823/html5ever-0.5.4/src/macros.rs:27:26
[INFO] [stdout]     |
[INFO] [stdout] 27  |         let t0 = ::time::precise_time_ns();
[INFO] [stdout]     |                          ^^^^^^^^^^^^^^^ not found in `time`
[INFO] [stdout]     | 
[INFO] [stdout]    ::: /opt/rustwide/cargo-home/registry/src/github.com-1ecc6299db9ec823/html5ever-0.5.4/src/tokenizer/mod.rs:230:27
[INFO] [stdout]     |
[INFO] [stdout] 230 |             let (_, dt) = time!(self.sink.process_token(token));
[INFO] [stdout]     |                           ------------------------------------- in this macro invocation
[INFO] [stdout]     |
[INFO] [stdout]     = note: this error originates in the macro `time` (in Nightly builds, run with -Z macro-backtrace for more info)
[INFO] [stdout] 
[INFO] [stdout] 
[INFO] [stdout] error[E0425]: cannot find function `precise_time_ns` in crate `time`
[INFO] [stdout]    --> /opt/rustwide/cargo-home/registry/src/github.com-1ecc6299db9ec823/html5ever-0.5.4/src/macros.rs:29:26
[INFO] [stdout]     |
[INFO] [stdout] 29  |         let dt = ::time::precise_time_ns() - t0;
[INFO] [stdout]     |                          ^^^^^^^^^^^^^^^ not found in `time`
[INFO] [stdout]     | 
[INFO] [stdout]    ::: /opt/rustwide/cargo-home/registry/src/github.com-1ecc6299db9ec823/html5ever-0.5.4/src/tokenizer/mod.rs:230:27
[INFO] [stdout]     |
[INFO] [stdout] 230 |             let (_, dt) = time!(self.sink.process_token(token));
[INFO] [stdout]     |                           ------------------------------------- in this macro invocation
[INFO] [stdout]     |
[INFO] [stdout]     = note: this error originates in the macro `time` (in Nightly builds, run with -Z macro-backtrace for more info)
[INFO] [stdout] 
[INFO] [stdout] 
[INFO] [stdout] error[E0425]: cannot find function `precise_time_ns` in crate `time`
[INFO] [stdout]    --> /opt/rustwide/cargo-home/registry/src/github.com-1ecc6299db9ec823/html5ever-0.5.4/src/macros.rs:27:26
[INFO] [stdout]     |
[INFO] [stdout] 27  |         let t0 = ::time::precise_time_ns();
[INFO] [stdout]     |                          ^^^^^^^^^^^^^^^ not found in `time`
[INFO] [stdout]     | 
[INFO] [stdout]    ::: /opt/rustwide/cargo-home/registry/src/github.com-1ecc6299db9ec823/html5ever-0.5.4/src/tokenizer/mod.rs:318:37
[INFO] [stdout]     |
[INFO] [stdout] 318 |                 let (run, mut dt) = time!(self.step());
[INFO] [stdout]     |                                     ------------------ in this macro invocation
[INFO] [stdout]     |
[INFO] [stdout]     = note: this error originates in the macro `time` (in Nightly builds, run with -Z macro-backtrace for more info)
[INFO] [stdout] 
[INFO] [stdout] 
[INFO] [stdout] error[E0425]: cannot find function `precise_time_ns` in crate `time`
[INFO] [stdout]    --> /opt/rustwide/cargo-home/registry/src/github.com-1ecc6299db9ec823/html5ever-0.5.4/src/macros.rs:29:26
[INFO] [stdout]     |
[INFO] [stdout] 29  |         let dt = ::time::precise_time_ns() - t0;
[INFO] [stdout]     |                          ^^^^^^^^^^^^^^^ not found in `time`
[INFO] [stdout]     | 
[INFO] [stdout]    ::: /opt/rustwide/cargo-home/registry/src/github.com-1ecc6299db9ec823/html5ever-0.5.4/src/tokenizer/mod.rs:318:37
[INFO] [stdout]     |
[INFO] [stdout] 318 |                 let (run, mut dt) = time!(self.step());
[INFO] [stdout]     |                                     ------------------ in this macro invocation
[INFO] [stdout]     |
[INFO] [stdout]     = note: this error originates in the macro `time` (in Nightly builds, run with -Z macro-backtrace for more info)
[INFO] [stdout] 
[INFO] [stdout] 
[INFO] [stderr]     Checking selectors v0.5.9
[INFO] [stderr]    Compiling curl-sys v0.2.5
[INFO] [stdout] error: aborting due to 4 previous errors
[INFO] [stdout] 
[INFO] [stdout] 
[INFO] [stdout] For more information about this error, try `rustc --explain E0425`.
[INFO] [stdout] 
[INFO] [stderr] error: could not compile `html5ever`
[INFO] [stderr] 
[INFO] [stderr] To learn more, run the command again with --verbose.
[INFO] [stderr] warning: build failed, waiting for other jobs to finish...
[INFO] [stderr] error: build failed
[INFO] running `Command { std: "docker" "inspect" "eb96e3d21137f4ae232bbdf6c8c74234f94ce7f0b0110e9b1748555321a1f514", kill_on_drop: false }`
[INFO] running `Command { std: "docker" "rm" "-f" "eb96e3d21137f4ae232bbdf6c8c74234f94ce7f0b0110e9b1748555321a1f514", kill_on_drop: false }`
[INFO] [stdout] eb96e3d21137f4ae232bbdf6c8c74234f94ce7f0b0110e9b1748555321a1f514
