[INFO] fetching crate bitboard 0.1.2...
[INFO] documenting bitboard-0.1.2 against 1.54.0 for beta-1.55-rustdoc-1
[INFO] extracting crate bitboard 0.1.2 into /workspace/builds/worker-38/source
[INFO] validating manifest of crates.io crate bitboard 0.1.2 on toolchain 1.54.0
[INFO] running `Command { std: "/workspace/cargo-home/bin/cargo" "+1.54.0" "metadata" "--manifest-path" "Cargo.toml" "--no-deps", kill_on_drop: false }`
[INFO] started tweaking crates.io crate bitboard 0.1.2
[INFO] finished tweaking crates.io crate bitboard 0.1.2
[INFO] tweaked toml for crates.io crate bitboard 0.1.2 written to /workspace/builds/worker-38/source/Cargo.toml
[INFO] crate crates.io crate bitboard 0.1.2 already has a lockfile, it will not be regenerated
[INFO] running `Command { std: "/workspace/cargo-home/bin/cargo" "+1.54.0" "fetch" "--manifest-path" "Cargo.toml", kill_on_drop: false }`
[INFO] [stderr] warning: file found to be present in multiple build targets: /workspace/builds/worker-38/source/tests/nqueens.rs
[INFO] [stderr]     Blocking waiting for file lock on package cache
[INFO] running `Command { std: "docker" "create" "-v" "/var/lib/crater-agent-workspace/builds/worker-38/target:/opt/rustwide/target:rw,Z" "-v" "/var/lib/crater-agent-workspace/builds/worker-38/source:/opt/rustwide/workdir:ro,Z" "-v" "/var/lib/crater-agent-workspace/cargo-home:/opt/rustwide/cargo-home:ro,Z" "-v" "/var/lib/crater-agent-workspace/rustup-home:/opt/rustwide/rustup-home:ro,Z" "-e" "SOURCE_DIR=/opt/rustwide/workdir" "-e" "CARGO_TARGET_DIR=/opt/rustwide/target" "-e" "CARGO_HOME=/opt/rustwide/cargo-home" "-e" "RUSTUP_HOME=/opt/rustwide/rustup-home" "-w" "/opt/rustwide/workdir" "-m" "1610612736" "--user" "0:0" "--network" "none" "ghcr.io/rust-lang/crates-build-env/linux@sha256:34b6a614d2c27851fe6cbf88fbd1137609cefab8b10d0615aaeb6fd47975d74e" "/opt/rustwide/cargo-home/bin/cargo" "+1.54.0" "metadata" "--no-deps" "--format-version=1", kill_on_drop: false }`
[INFO] [stdout] e298978e08ea824eb1b148711266e884cdf4c19d5a1c23a985b2f7a67466705e
[INFO] running `Command { std: "docker" "start" "-a" "e298978e08ea824eb1b148711266e884cdf4c19d5a1c23a985b2f7a67466705e", kill_on_drop: false }`
[INFO] running `Command { std: "docker" "inspect" "e298978e08ea824eb1b148711266e884cdf4c19d5a1c23a985b2f7a67466705e", kill_on_drop: false }`
[INFO] running `Command { std: "docker" "rm" "-f" "e298978e08ea824eb1b148711266e884cdf4c19d5a1c23a985b2f7a67466705e", kill_on_drop: false }`
[INFO] [stdout] e298978e08ea824eb1b148711266e884cdf4c19d5a1c23a985b2f7a67466705e
[INFO] running `Command { std: "docker" "create" "-v" "/var/lib/crater-agent-workspace/builds/worker-38/target:/opt/rustwide/target:rw,Z" "-v" "/var/lib/crater-agent-workspace/builds/worker-38/source:/opt/rustwide/workdir:ro,Z" "-v" "/var/lib/crater-agent-workspace/cargo-home:/opt/rustwide/cargo-home:ro,Z" "-v" "/var/lib/crater-agent-workspace/rustup-home:/opt/rustwide/rustup-home:ro,Z" "-e" "SOURCE_DIR=/opt/rustwide/workdir" "-e" "CARGO_TARGET_DIR=/opt/rustwide/target" "-e" "CARGO_INCREMENTAL=0" "-e" "RUST_BACKTRACE=full" "-e" "RUSTDOCFLAGS=--cap-lints=warn" "-e" "CARGO_HOME=/opt/rustwide/cargo-home" "-e" "RUSTUP_HOME=/opt/rustwide/rustup-home" "-w" "/opt/rustwide/workdir" "-m" "1610612736" "--user" "0:0" "--network" "none" "ghcr.io/rust-lang/crates-build-env/linux@sha256:34b6a614d2c27851fe6cbf88fbd1137609cefab8b10d0615aaeb6fd47975d74e" "/opt/rustwide/cargo-home/bin/cargo" "+1.54.0" "doc" "--frozen" "--no-deps" "--document-private-items" "--message-format=json", kill_on_drop: false }`
[INFO] [stdout] 1f97467415fc8145e6b986d0404ca9b09651e6c1aed5b4b179556e114865be9e
[INFO] running `Command { std: "docker" "start" "-a" "1f97467415fc8145e6b986d0404ca9b09651e6c1aed5b4b179556e114865be9e", kill_on_drop: false }`
[INFO] [stderr] warning: file found to be present in multiple build targets: /opt/rustwide/workdir/tests/nqueens.rs
[INFO] [stderr]    Compiling typenum v1.9.0
[INFO] [stderr]     Checking bitboard v0.1.2 (/opt/rustwide/workdir)
[INFO] [stderr]  Documenting bitboard v0.1.2 (/opt/rustwide/workdir)
[INFO] [stdout] error[E0432]: unresolved import `std::heap`
[INFO] [stdout]   --> src/lib.rs:18:10
[INFO] [stdout]    |
[INFO] [stdout] 18 | use std::heap::{Alloc, Layout, Heap};
[INFO] [stdout]    |          ^^^^ could not find `heap` in `std`
[INFO] [stdout] 
[INFO] [stdout] 
[INFO] [stdout] error[E0432]: unresolved import `std::heap`
[INFO] [stdout]   --> src/lib.rs:18:10
[INFO] [stdout]    |
[INFO] [stdout] 18 | use std::heap::{Alloc, Layout, Heap};
[INFO] [stdout]    |          ^^^^ could not find `heap` in `std`
[INFO] [stdout] 
[INFO] [stdout] 
[INFO] [stdout] error[E0554]: `#![feature]` may not be used on the stable release channel
[INFO] [stdout]  --> src/lib.rs:1:1
[INFO] [stdout]   |
[INFO] [stdout] 1 | #![feature(unique, alloc, heap_api, allocator_api, test)]
[INFO] [stdout]   | ^^^^^^^^^^^^^^^^^^^^^^^^^^^^^^^^^^^^^^^^^^^^^^^^^^^^^^^^^
[INFO] [stdout] 
[INFO] [stdout] 
[INFO] [stdout] error[E0554]: `#![feature]` may not be used on the stable release channel
[INFO] [stdout]  --> src/lib.rs:1:1
[INFO] [stdout]   |
[INFO] [stdout] 1 | #![feature(unique, alloc, heap_api, allocator_api, test)]
[INFO] [stdout]   | ^^^^^^^^^^^^^^^^^^^^^^^^^^^^^^^^^^^^^^^^^^^^^^^^^^^^^^^^^
[INFO] [stdout] 
[INFO] [stdout] 
[INFO] [stdout] error: Compilation failed, aborting rustdoc
[INFO] [stdout] 
[INFO] [stdout] 
[INFO] [stdout] error: aborting due to 3 previous errors
[INFO] [stdout] 
[INFO] [stdout] 
[INFO] [stdout] Some errors have detailed explanations: E0432, E0554.
[INFO] [stdout] 
[INFO] [stdout] For more information about an error, try `rustc --explain E0432`.
[INFO] [stdout] 
[INFO] [stderr] error: could not document `bitboard`
[INFO] [stderr] 
[INFO] [stderr] Caused by:
[INFO] [stderr]   process didn't exit successfully: `rustdoc --crate-type lib --crate-name bitboard src/lib.rs -o /opt/rustwide/target/doc --error-format=json --json=diagnostic-rendered-ansi --document-private-items -L dependency=/opt/rustwide/target/debug/deps --extern typenum=/opt/rustwide/target/debug/deps/libtypenum-6d09c4f65b744671.rmeta --cap-lints=warn --crate-version 0.1.2` (exit status: 1)
[INFO] [stderr] warning: build failed, waiting for other jobs to finish...
[INFO] [stdout] error: aborting due to 2 previous errors
[INFO] [stdout] 
[INFO] [stdout] 
[INFO] [stdout] Some errors have detailed explanations: E0432, E0554.
[INFO] [stdout] 
[INFO] [stdout] For more information about an error, try `rustc --explain E0432`.
[INFO] [stdout] 
[INFO] [stderr] error: build failed
[INFO] running `Command { std: "docker" "inspect" "1f97467415fc8145e6b986d0404ca9b09651e6c1aed5b4b179556e114865be9e", kill_on_drop: false }`
[INFO] running `Command { std: "docker" "rm" "-f" "1f97467415fc8145e6b986d0404ca9b09651e6c1aed5b4b179556e114865be9e", kill_on_drop: false }`
[INFO] [stdout] 1f97467415fc8145e6b986d0404ca9b09651e6c1aed5b4b179556e114865be9e
