[INFO] fetching crate bian-rs 0.2.0...
[INFO] documenting bian-rs-0.2.0 against beta-2021-08-01 for beta-1.55-rustdoc-1
[INFO] extracting crate bian-rs 0.2.0 into /workspace/builds/worker-71/source
[INFO] validating manifest of crates.io crate bian-rs 0.2.0 on toolchain beta-2021-08-01
[INFO] running `Command { std: "/workspace/cargo-home/bin/cargo" "+beta-2021-08-01" "metadata" "--manifest-path" "Cargo.toml" "--no-deps", kill_on_drop: false }`
[INFO] started tweaking crates.io crate bian-rs 0.2.0
[INFO] finished tweaking crates.io crate bian-rs 0.2.0
[INFO] tweaked toml for crates.io crate bian-rs 0.2.0 written to /workspace/builds/worker-71/source/Cargo.toml
[INFO] running `Command { std: "/workspace/cargo-home/bin/cargo" "+beta-2021-08-01" "generate-lockfile" "--manifest-path" "Cargo.toml" "-Zno-index-update", kill_on_drop: false }`
[INFO] running `Command { std: "/workspace/cargo-home/bin/cargo" "+beta-2021-08-01" "fetch" "--manifest-path" "Cargo.toml", kill_on_drop: false }`
[INFO] [stderr]     Blocking waiting for file lock on package cache
[INFO] [stderr]     Blocking waiting for file lock on package cache
[INFO] [stderr]  Downloading crates ...
[INFO] [stderr]   Downloaded bian-proc v0.2.0
[INFO] running `Command { std: "docker" "create" "-v" "/var/lib/crater-agent-workspace/builds/worker-71/target:/opt/rustwide/target:rw,Z" "-v" "/var/lib/crater-agent-workspace/builds/worker-71/source:/opt/rustwide/workdir:ro,Z" "-v" "/var/lib/crater-agent-workspace/cargo-home:/opt/rustwide/cargo-home:ro,Z" "-v" "/var/lib/crater-agent-workspace/rustup-home:/opt/rustwide/rustup-home:ro,Z" "-e" "SOURCE_DIR=/opt/rustwide/workdir" "-e" "CARGO_TARGET_DIR=/opt/rustwide/target" "-e" "CARGO_HOME=/opt/rustwide/cargo-home" "-e" "RUSTUP_HOME=/opt/rustwide/rustup-home" "-w" "/opt/rustwide/workdir" "-m" "1610612736" "--user" "0:0" "--network" "none" "ghcr.io/rust-lang/crates-build-env/linux@sha256:34b6a614d2c27851fe6cbf88fbd1137609cefab8b10d0615aaeb6fd47975d74e" "/opt/rustwide/cargo-home/bin/cargo" "+beta-2021-08-01" "metadata" "--no-deps" "--format-version=1", kill_on_drop: false }`
[INFO] [stdout] 73bc4c9c3b8e4fd726d7a70a25063bb7c0ba9b489e87afac899a4a69d804a604
[INFO] running `Command { std: "docker" "start" "-a" "73bc4c9c3b8e4fd726d7a70a25063bb7c0ba9b489e87afac899a4a69d804a604", kill_on_drop: false }`
[INFO] running `Command { std: "docker" "inspect" "73bc4c9c3b8e4fd726d7a70a25063bb7c0ba9b489e87afac899a4a69d804a604", kill_on_drop: false }`
[INFO] running `Command { std: "docker" "rm" "-f" "73bc4c9c3b8e4fd726d7a70a25063bb7c0ba9b489e87afac899a4a69d804a604", kill_on_drop: false }`
[INFO] [stdout] 73bc4c9c3b8e4fd726d7a70a25063bb7c0ba9b489e87afac899a4a69d804a604
[INFO] running `Command { std: "docker" "create" "-v" "/var/lib/crater-agent-workspace/builds/worker-71/target:/opt/rustwide/target:rw,Z" "-v" "/var/lib/crater-agent-workspace/builds/worker-71/source:/opt/rustwide/workdir:ro,Z" "-v" "/var/lib/crater-agent-workspace/cargo-home:/opt/rustwide/cargo-home:ro,Z" "-v" "/var/lib/crater-agent-workspace/rustup-home:/opt/rustwide/rustup-home:ro,Z" "-e" "SOURCE_DIR=/opt/rustwide/workdir" "-e" "CARGO_TARGET_DIR=/opt/rustwide/target" "-e" "CARGO_INCREMENTAL=0" "-e" "RUST_BACKTRACE=full" "-e" "RUSTDOCFLAGS=--cap-lints=warn" "-e" "CARGO_HOME=/opt/rustwide/cargo-home" "-e" "RUSTUP_HOME=/opt/rustwide/rustup-home" "-w" "/opt/rustwide/workdir" "-m" "1610612736" "--user" "0:0" "--network" "none" "ghcr.io/rust-lang/crates-build-env/linux@sha256:34b6a614d2c27851fe6cbf88fbd1137609cefab8b10d0615aaeb6fd47975d74e" "/opt/rustwide/cargo-home/bin/cargo" "+beta-2021-08-01" "doc" "--frozen" "--no-deps" "--document-private-items" "--message-format=json", kill_on_drop: false }`
[INFO] [stdout] 57eb84a301f8f3c54151945831bf66766cbdf5be8d0b856458e1c9806d2d64fe
[INFO] running `Command { std: "docker" "start" "-a" "57eb84a301f8f3c54151945831bf66766cbdf5be8d0b856458e1c9806d2d64fe", kill_on_drop: false }`
[INFO] [stderr]    Compiling syn v1.0.74
[INFO] [stderr]     Checking bytes v1.0.1
[INFO] [stderr]    Compiling serde_derive v1.0.127
[INFO] [stderr]    Compiling openssl v0.10.35
[INFO] [stderr]    Compiling futures-task v0.3.16
[INFO] [stderr]    Compiling httparse v1.4.1
[INFO] [stderr]     Checking openssl-probe v0.1.4
[INFO] [stderr]     Checking hashbrown v0.11.2
[INFO] [stderr]     Checking futures-sink v0.3.16
[INFO] [stderr]    Compiling futures-channel v0.3.16
[INFO] [stderr]     Checking try-lock v0.2.3
[INFO] [stderr]     Checking tower-service v0.3.1
[INFO] [stderr]     Checking httpdate v1.0.1
[INFO] [stderr]    Compiling serde_json v1.0.66
[INFO] [stderr]     Checking cpufeatures v0.1.5
[INFO] [stderr]     Checking opaque-debug v0.3.0
[INFO] [stderr]     Checking subtle v2.4.1
[INFO] [stderr]     Checking mime v0.3.16
[INFO] [stderr]     Checking byteorder v1.4.3
[INFO] [stderr]     Checking ipnet v2.3.1
[INFO] [stderr]     Checking utf-8 v0.7.6
[INFO] [stderr]     Checking dotenv v0.15.0
[INFO] [stderr]     Checking hex v0.4.3
[INFO] [stderr]    Compiling tokio v1.9.0
[INFO] [stderr]    Compiling futures-util v0.3.16
[INFO] [stderr]    Compiling indexmap v1.7.0
[INFO] [stderr]    Compiling openssl-sys v0.9.65
[INFO] [stderr]     Checking instant v0.1.10
[INFO] [stderr]     Checking lock_api v0.4.4
[INFO] [stderr]    Compiling serde v1.0.127
[INFO] [stderr]     Checking tinyvec v1.3.1
[INFO] [stderr]     Checking tracing-core v0.1.18
[INFO] [stderr]     Checking unicode-bidi v0.3.5
[INFO] [stderr]     Checking signal-hook-registry v1.4.0
[INFO] [stderr]     Checking getrandom v0.2.3
[INFO] [stderr]     Checking socket2 v0.4.1
[INFO] [stderr]     Checking mio v0.7.13
[INFO] [stderr]     Checking digest v0.9.0
[INFO] [stderr]     Checking block-buffer v0.9.0
[INFO] [stderr]     Checking want v0.3.0
[INFO] [stderr]     Checking parking_lot_core v0.8.3
[INFO] [stderr]     Checking crypto-mac v0.10.1
[INFO] [stderr]     Checking sha-1 v0.9.7
[INFO] [stderr]     Checking sha2 v0.9.5
[INFO] [stderr]     Checking http v0.2.4
[INFO] [stderr]     Checking input_buffer v0.4.0
[INFO] [stderr]     Checking rand_core v0.6.3
[INFO] [stderr]     Checking hmac v0.10.1
[INFO] [stderr]     Checking parking_lot v0.11.1
[INFO] [stderr]     Checking tracing v0.1.26
[INFO] [stderr]     Checking rand_chacha v0.3.1
[INFO] [stderr]    Compiling native-tls v0.2.7
[INFO] [stderr]     Checking rand v0.8.4
[INFO] [stderr]     Checking unicode-normalization v0.1.19
[INFO] [stderr]     Checking idna v0.2.3
[INFO] [stderr]     Checking http-body v0.4.3
[INFO] [stderr]     Checking url v2.2.2
[INFO] [stderr]    Compiling tokio-macros v1.3.0
[INFO] [stderr]    Compiling thiserror-impl v1.0.26
[INFO] [stderr]    Compiling bian-proc v0.2.0
[INFO] [stderr]     Checking thiserror v1.0.26
[INFO] [stderr]     Checking tungstenite v0.13.0
[INFO] [stderr]     Checking tokio-util v0.6.7
[INFO] [stderr]     Checking tokio-native-tls v0.3.0
[INFO] [stderr]     Checking h2 v0.3.3
[INFO] [stderr]     Checking serde_urlencoded v0.7.0
[INFO] [stderr]     Checking serde_qs v0.8.4
[INFO] [stderr]     Checking chrono v0.4.19
[INFO] [stderr]     Checking hyper v0.14.11
[INFO] [stderr]     Checking hyper-tls v0.5.0
[INFO] [stderr]     Checking reqwest v0.11.4
[INFO] [stderr]  Documenting bian-rs v0.2.0 (/opt/rustwide/workdir)
[INFO] [stdout] error[E0432]: unresolved import `tungstenite::client::AutoGenericStream`
[INFO] [stdout]   --> src/client/coin_futures.rs:11:35
[INFO] [stdout]    |
[INFO] [stdout] 11 |     client::{connect_with_config, AutoGenericStream},
[INFO] [stdout]    |                                   ^^^^^^^^^^^^^^^^^ no `AutoGenericStream` in `client`
[INFO] [stdout] 
[INFO] [stdout] 
[INFO] [stdout] error[E0432]: unresolved import `tungstenite::client::AutoGenericStream`
[INFO] [stdout]   --> src/client/spot.rs:13:35
[INFO] [stdout]    |
[INFO] [stdout] 13 |     client::{connect_with_config, AutoGenericStream},
[INFO] [stdout]    |                                   ^^^^^^^^^^^^^^^^^ no `AutoGenericStream` in `client`
[INFO] [stdout] 
[INFO] [stdout] 
[INFO] [stdout] error[E0432]: unresolved import `tungstenite::client::AutoGenericStream`
[INFO] [stdout]   --> src/client/usd_futures.rs:11:35
[INFO] [stdout]    |
[INFO] [stdout] 11 |     client::{connect_with_config, AutoGenericStream},
[INFO] [stdout]    |                                   ^^^^^^^^^^^^^^^^^ no `AutoGenericStream` in `client`
[INFO] [stdout] 
[INFO] [stdout] 
[INFO] [stdout] error[E0432]: unresolved import `tungstenite::client::AutoGenericStream`
[INFO] [stdout]   --> src/response/ws.rs:10:5
[INFO] [stdout]    |
[INFO] [stdout] 10 | use tungstenite::client::AutoGenericStream;
[INFO] [stdout]    |     ^^^^^^^^^^^^^^^^^^^^^^^^^^^^^^^^^^^^^^ no `AutoGenericStream` in `client`
[INFO] [stdout] 
[INFO] [stdout] 
[INFO] [stdout] error: Compilation failed, aborting rustdoc
[INFO] [stdout] 
[INFO] [stdout] 
[INFO] [stdout] error: aborting due to 5 previous errors
[INFO] [stdout] 
[INFO] [stdout] 
[INFO] [stdout] For more information about this error, try `rustc --explain E0432`.
[INFO] [stdout] 
[INFO] [stderr] error: could not document `bian-rs`
[INFO] [stderr] 
[INFO] [stderr] Caused by:
[INFO] [stderr]   process didn't exit successfully: `rustdoc --edition=2018 --crate-type lib --crate-name bian_rs src/lib.rs -o /opt/rustwide/target/doc --error-format=json --json=diagnostic-rendered-ansi --document-private-items -L dependency=/opt/rustwide/target/debug/deps --extern bian_proc=/opt/rustwide/target/debug/deps/libbian_proc-2f9108e7b32d1027.so --extern chrono=/opt/rustwide/target/debug/deps/libchrono-b7e177d838e7f5e3.rmeta --extern dotenv=/opt/rustwide/target/debug/deps/libdotenv-9165642b04647e23.rmeta --extern hex=/opt/rustwide/target/debug/deps/libhex-3303e62dbe377562.rmeta --extern hmac=/opt/rustwide/target/debug/deps/libhmac-1bd18291746c7046.rmeta --extern log=/opt/rustwide/target/debug/deps/liblog-be8c314c6d97e413.rmeta --extern reqwest=/opt/rustwide/target/debug/deps/libreqwest-85d81408ab31a9fd.rmeta --extern serde=/opt/rustwide/target/debug/deps/libserde-c6bb9e4f02b9d50e.rmeta --extern serde_json=/opt/rustwide/target/debug/deps/libserde_json-d50d356ce26335e9.rmeta --extern serde_qs=/opt/rustwide/target/debug/deps/libserde_qs-62cc769aee5e0555.rmeta --extern sha2=/opt/rustwide/target/debug/deps/libsha2-f9db1dff45806c4a.rmeta --extern thiserror=/opt/rustwide/target/debug/deps/libthiserror-c9abece7e2ba8f25.rmeta --extern tokio=/opt/rustwide/target/debug/deps/libtokio-7bca8ad2f87808dc.rmeta --extern tungstenite=/opt/rustwide/target/debug/deps/libtungstenite-7db4abfb60e0761a.rmeta --extern url=/opt/rustwide/target/debug/deps/liburl-806d79d4acc77e1f.rmeta --cap-lints=warn --crate-version 0.2.0` (exit status: 1)
[INFO] running `Command { std: "docker" "inspect" "57eb84a301f8f3c54151945831bf66766cbdf5be8d0b856458e1c9806d2d64fe", kill_on_drop: false }`
[INFO] running `Command { std: "docker" "rm" "-f" "57eb84a301f8f3c54151945831bf66766cbdf5be8d0b856458e1c9806d2d64fe", kill_on_drop: false }`
[INFO] [stdout] 57eb84a301f8f3c54151945831bf66766cbdf5be8d0b856458e1c9806d2d64fe
