[INFO] fetching crate bevy_mod_debug_console 0.0.1...
[INFO] documenting bevy_mod_debug_console-0.0.1 against 1.54.0 for beta-1.55-rustdoc-1
[INFO] extracting crate bevy_mod_debug_console 0.0.1 into /workspace/builds/worker-65/source
[INFO] validating manifest of crates.io crate bevy_mod_debug_console 0.0.1 on toolchain 1.54.0
[INFO] running `Command { std: "/workspace/cargo-home/bin/cargo" "+1.54.0" "metadata" "--manifest-path" "Cargo.toml" "--no-deps", kill_on_drop: false }`
[INFO] started tweaking crates.io crate bevy_mod_debug_console 0.0.1
[INFO] removed 0 missing examples
[INFO] finished tweaking crates.io crate bevy_mod_debug_console 0.0.1
[INFO] tweaked toml for crates.io crate bevy_mod_debug_console 0.0.1 written to /workspace/builds/worker-65/source/Cargo.toml
[INFO] crate crates.io crate bevy_mod_debug_console 0.0.1 already has a lockfile, it will not be regenerated
[INFO] running `Command { std: "/workspace/cargo-home/bin/cargo" "+1.54.0" "fetch" "--manifest-path" "Cargo.toml", kill_on_drop: false }`
[INFO] [stderr]     Blocking waiting for file lock on package cache
[INFO] [stderr]     Blocking waiting for file lock on package cache
[INFO] running `Command { std: "docker" "create" "-v" "/var/lib/crater-agent-workspace/builds/worker-65/target:/opt/rustwide/target:rw,Z" "-v" "/var/lib/crater-agent-workspace/builds/worker-65/source:/opt/rustwide/workdir:ro,Z" "-v" "/var/lib/crater-agent-workspace/cargo-home:/opt/rustwide/cargo-home:ro,Z" "-v" "/var/lib/crater-agent-workspace/rustup-home:/opt/rustwide/rustup-home:ro,Z" "-e" "SOURCE_DIR=/opt/rustwide/workdir" "-e" "CARGO_TARGET_DIR=/opt/rustwide/target" "-e" "CARGO_HOME=/opt/rustwide/cargo-home" "-e" "RUSTUP_HOME=/opt/rustwide/rustup-home" "-w" "/opt/rustwide/workdir" "-m" "1610612736" "--user" "0:0" "--network" "none" "ghcr.io/rust-lang/crates-build-env/linux@sha256:34b6a614d2c27851fe6cbf88fbd1137609cefab8b10d0615aaeb6fd47975d74e" "/opt/rustwide/cargo-home/bin/cargo" "+1.54.0" "metadata" "--no-deps" "--format-version=1", kill_on_drop: false }`
[INFO] [stdout] b7685de967b6a97b0b2013139c39070d8a0ee8e1a33879668ea010c2d1d682f3
[INFO] running `Command { std: "docker" "start" "-a" "b7685de967b6a97b0b2013139c39070d8a0ee8e1a33879668ea010c2d1d682f3", kill_on_drop: false }`
[INFO] running `Command { std: "docker" "inspect" "b7685de967b6a97b0b2013139c39070d8a0ee8e1a33879668ea010c2d1d682f3", kill_on_drop: false }`
[INFO] running `Command { std: "docker" "rm" "-f" "b7685de967b6a97b0b2013139c39070d8a0ee8e1a33879668ea010c2d1d682f3", kill_on_drop: false }`
[INFO] [stdout] b7685de967b6a97b0b2013139c39070d8a0ee8e1a33879668ea010c2d1d682f3
[INFO] running `Command { std: "docker" "create" "-v" "/var/lib/crater-agent-workspace/builds/worker-65/target:/opt/rustwide/target:rw,Z" "-v" "/var/lib/crater-agent-workspace/builds/worker-65/source:/opt/rustwide/workdir:ro,Z" "-v" "/var/lib/crater-agent-workspace/cargo-home:/opt/rustwide/cargo-home:ro,Z" "-v" "/var/lib/crater-agent-workspace/rustup-home:/opt/rustwide/rustup-home:ro,Z" "-e" "SOURCE_DIR=/opt/rustwide/workdir" "-e" "CARGO_TARGET_DIR=/opt/rustwide/target" "-e" "CARGO_INCREMENTAL=0" "-e" "RUST_BACKTRACE=full" "-e" "RUSTDOCFLAGS=--cap-lints=warn" "-e" "CARGO_HOME=/opt/rustwide/cargo-home" "-e" "RUSTUP_HOME=/opt/rustwide/rustup-home" "-w" "/opt/rustwide/workdir" "-m" "1610612736" "--user" "0:0" "--network" "none" "ghcr.io/rust-lang/crates-build-env/linux@sha256:34b6a614d2c27851fe6cbf88fbd1137609cefab8b10d0615aaeb6fd47975d74e" "/opt/rustwide/cargo-home/bin/cargo" "+1.54.0" "doc" "--frozen" "--no-deps" "--document-private-items" "--message-format=json", kill_on_drop: false }`
[INFO] [stdout] 52627925942e6b78348dc96b96b839c50846eee149ec596c1e7be57bdd8a4b05
[INFO] running `Command { std: "docker" "start" "-a" "52627925942e6b78348dc96b96b839c50846eee149ec596c1e7be57bdd8a4b05", kill_on_drop: false }`
[INFO] [stderr]     Blocking waiting for file lock on package cache
[INFO] [stderr]    Compiling libc v0.2.94
[INFO] [stderr]     Checking slab v0.4.3
[INFO] [stderr]     Checking futures-core v0.3.14
[INFO] [stderr]     Checking futures-io v0.3.14
[INFO] [stderr]     Checking fastrand v1.4.1
[INFO] [stderr]     Checking bytemuck v1.5.1
[INFO] [stderr]     Checking ttf-parser v0.12.0
[INFO] [stderr]    Compiling unicode-segmentation v1.7.1
[INFO] [stderr]     Checking unicode-width v0.1.8
[INFO] [stderr]     Checking strsim v0.10.0
[INFO] [stderr]     Checking os_str_bytes v2.4.0
[INFO] [stderr]     Checking ash v0.31.0
[INFO] [stderr]    Compiling syn v1.0.65
[INFO] [stderr]     Checking regex v1.4.6
[INFO] [stderr]     Checking crossbeam-channel v0.5.1
[INFO] [stderr]    Compiling proc-macro-error-attr v1.0.4
[INFO] [stderr]     Checking textwrap v0.12.1
[INFO] [stderr]     Checking image v0.23.14
[INFO] [stderr]     Checking async-channel v1.6.1
[INFO] [stderr]     Checking futures-lite v1.11.3
[INFO] [stderr]    Compiling heck v0.3.2
[INFO] [stderr]     Checking async-executor v1.4.1
[INFO] [stderr]     Checking owned_ttf_parser v0.12.0
[INFO] [stderr]     Checking getrandom v0.2.2
[INFO] [stderr]     Checking num_cpus v1.13.0
[INFO] [stderr]     Checking chrono v0.4.19
[INFO] [stderr]     Checking inotify-sys v0.1.5
[INFO] [stderr]     Checking filetime v0.2.14
[INFO] [stderr]     Checking mio v0.7.11
[INFO] [stderr]     Checking raw-window-handle v0.3.3
[INFO] [stderr]     Checking nix v0.20.0
[INFO] [stderr]     Checking net2 v0.2.37
[INFO] [stderr]     Checking iovec v0.1.4
[INFO] [stderr]     Checking alsa-sys v0.3.1
[INFO] [stderr]     Checking khronos-egl v3.0.2
[INFO] [stderr]     Checking libudev-sys v0.1.4
[INFO] [stderr]     Checking x11-dl v2.18.5
[INFO] [stderr]     Checking slice-deque v0.3.0
[INFO] [stderr]     Checking atty v0.2.14
[INFO] [stderr]    Compiling proc-macro-error v1.0.4
[INFO] [stderr]    Compiling jobserver v0.1.22
[INFO] [stderr]     Checking ab_glyph v0.2.10
[INFO] [stderr]     Checking inotify v0.9.2
[INFO] [stderr]     Checking mio v0.6.23
[INFO] [stderr]     Checking bevy_tasks v0.5.0
[INFO] [stderr]    Compiling cc v1.0.67
[INFO] [stderr]     Checking glyph_brush_layout v0.2.1
[INFO] [stderr]     Checking ahash v0.7.2
[INFO] [stderr]     Checking rand_core v0.6.2
[INFO] [stderr]     Checking notify v5.0.0-pre.7
[INFO] [stderr]     Checking rand_chacha v0.3.0
[INFO] [stderr]     Checking mio-extras v2.0.6
[INFO] [stderr]    Compiling spirv-reflect v0.2.3
[INFO] [stderr]    Compiling spirv_cross v0.23.1
[INFO] [stderr]    Compiling minimp3-sys v0.3.2
[INFO] [stderr]     Checking rand v0.8.3
[INFO] [stderr]     Checking alsa v0.5.0
[INFO] [stderr]    Compiling serde_derive v1.0.125
[INFO] [stderr]    Compiling thiserror-impl v1.0.24
[INFO] [stderr]    Compiling tracing-attributes v0.1.15
[INFO] [stderr]    Compiling gltf-derive v0.15.2
[INFO] [stderr]    Compiling clap_derive v3.0.0-beta.2
[INFO] [stderr] error: could not compile `serde_derive`
[INFO] [stderr] 
[INFO] [stderr] Caused by:
[INFO] [stderr]   process didn't exit successfully: `rustc --crate-name serde_derive /opt/rustwide/cargo-home/registry/src/github.com-1ecc6299db9ec823/serde_derive-1.0.125/src/lib.rs --error-format=json --json=diagnostic-rendered-ansi --crate-type proc-macro --emit=dep-info,link -C prefer-dynamic -C embed-bitcode=no -C debuginfo=2 --cfg 'feature="default"' -C metadata=90762821ec6778f4 -C extra-filename=-90762821ec6778f4 --out-dir /opt/rustwide/target/debug/deps -L dependency=/opt/rustwide/target/debug/deps --extern proc_macro2=/opt/rustwide/target/debug/deps/libproc_macro2-5d20935e74fe9af6.rlib --extern quote=/opt/rustwide/target/debug/deps/libquote-b55a1e2670e4074e.rlib --extern syn=/opt/rustwide/target/debug/deps/libsyn-3d4339e9292fe11d.rlib --extern proc_macro --cap-lints allow --cfg underscore_consts` (signal: 9, SIGKILL: kill)
[INFO] [stderr] warning: build failed, waiting for other jobs to finish...
[INFO] [stderr] The following warnings were emitted during compilation:
[INFO] [stderr] 
[INFO] [stderr] warning: src/wrapper.cpp:2: warning: ignoring #pragma warning  [-Wunknown-pragmas]
[INFO] [stderr] warning:     2 | #pragma warning(disable : 4996 4101)
[INFO] [stderr] warning:       | 
[INFO] [stderr] warning: c++: fatal error: Killed signal terminated program cc1plus
[INFO] [stderr] warning: compilation terminated.
[INFO] [stderr] warning: c++: fatal error: Killed signal terminated program cc1plus
[INFO] [stderr] warning: compilation terminated.
[INFO] [stderr] warning: c++: fatal error: Killed signal terminated program cc1plus
[INFO] [stderr] warning: compilation terminated.
[INFO] [stderr] 
[INFO] [stderr] error: build failed
[INFO] running `Command { std: "docker" "inspect" "52627925942e6b78348dc96b96b839c50846eee149ec596c1e7be57bdd8a4b05", kill_on_drop: false }`
[INFO] running `Command { std: "docker" "rm" "-f" "52627925942e6b78348dc96b96b839c50846eee149ec596c1e7be57bdd8a4b05", kill_on_drop: false }`
[INFO] [stdout] 52627925942e6b78348dc96b96b839c50846eee149ec596c1e7be57bdd8a4b05
