[INFO] fetching crate bevy_canvas 0.1.0...
[INFO] documenting bevy_canvas-0.1.0 against 1.54.0 for beta-1.55-rustdoc-1
[INFO] extracting crate bevy_canvas 0.1.0 into /workspace/builds/worker-14/source
[INFO] validating manifest of crates.io crate bevy_canvas 0.1.0 on toolchain 1.54.0
[INFO] running `Command { std: "/workspace/cargo-home/bin/cargo" "+1.54.0" "metadata" "--manifest-path" "Cargo.toml" "--no-deps", kill_on_drop: false }`
[INFO] removed /workspace/builds/worker-14/source/.cargo/config
[INFO] started tweaking crates.io crate bevy_canvas 0.1.0
[INFO] finished tweaking crates.io crate bevy_canvas 0.1.0
[INFO] tweaked toml for crates.io crate bevy_canvas 0.1.0 written to /workspace/builds/worker-14/source/Cargo.toml
[INFO] crate crates.io crate bevy_canvas 0.1.0 already has a lockfile, it will not be regenerated
[INFO] running `Command { std: "/workspace/cargo-home/bin/cargo" "+1.54.0" "fetch" "--manifest-path" "Cargo.toml", kill_on_drop: false }`
[INFO] running `Command { std: "docker" "create" "-v" "/var/lib/crater-agent-workspace/builds/worker-14/target:/opt/rustwide/target:rw,Z" "-v" "/var/lib/crater-agent-workspace/builds/worker-14/source:/opt/rustwide/workdir:ro,Z" "-v" "/var/lib/crater-agent-workspace/cargo-home:/opt/rustwide/cargo-home:ro,Z" "-v" "/var/lib/crater-agent-workspace/rustup-home:/opt/rustwide/rustup-home:ro,Z" "-e" "SOURCE_DIR=/opt/rustwide/workdir" "-e" "CARGO_TARGET_DIR=/opt/rustwide/target" "-e" "CARGO_HOME=/opt/rustwide/cargo-home" "-e" "RUSTUP_HOME=/opt/rustwide/rustup-home" "-w" "/opt/rustwide/workdir" "-m" "1610612736" "--user" "0:0" "--network" "none" "ghcr.io/rust-lang/crates-build-env/linux@sha256:34b6a614d2c27851fe6cbf88fbd1137609cefab8b10d0615aaeb6fd47975d74e" "/opt/rustwide/cargo-home/bin/cargo" "+1.54.0" "metadata" "--no-deps" "--format-version=1", kill_on_drop: false }`
[INFO] [stderr] WARNING: Your kernel does not support swap limit capabilities or the cgroup is not mounted. Memory limited without swap.
[INFO] [stdout] 56fe001bdb041098f8eda64ff685e96c33df47e740cf68c7ec3e7ad4bfa95c19
[INFO] running `Command { std: "docker" "start" "-a" "56fe001bdb041098f8eda64ff685e96c33df47e740cf68c7ec3e7ad4bfa95c19", kill_on_drop: false }`
[INFO] running `Command { std: "docker" "inspect" "56fe001bdb041098f8eda64ff685e96c33df47e740cf68c7ec3e7ad4bfa95c19", kill_on_drop: false }`
[INFO] running `Command { std: "docker" "rm" "-f" "56fe001bdb041098f8eda64ff685e96c33df47e740cf68c7ec3e7ad4bfa95c19", kill_on_drop: false }`
[INFO] [stdout] 56fe001bdb041098f8eda64ff685e96c33df47e740cf68c7ec3e7ad4bfa95c19
[INFO] running `Command { std: "docker" "create" "-v" "/var/lib/crater-agent-workspace/builds/worker-14/target:/opt/rustwide/target:rw,Z" "-v" "/var/lib/crater-agent-workspace/builds/worker-14/source:/opt/rustwide/workdir:ro,Z" "-v" "/var/lib/crater-agent-workspace/cargo-home:/opt/rustwide/cargo-home:ro,Z" "-v" "/var/lib/crater-agent-workspace/rustup-home:/opt/rustwide/rustup-home:ro,Z" "-e" "SOURCE_DIR=/opt/rustwide/workdir" "-e" "CARGO_TARGET_DIR=/opt/rustwide/target" "-e" "CARGO_INCREMENTAL=0" "-e" "RUST_BACKTRACE=full" "-e" "RUSTDOCFLAGS=--cap-lints=warn" "-e" "CARGO_HOME=/opt/rustwide/cargo-home" "-e" "RUSTUP_HOME=/opt/rustwide/rustup-home" "-w" "/opt/rustwide/workdir" "-m" "1610612736" "--user" "0:0" "--network" "none" "ghcr.io/rust-lang/crates-build-env/linux@sha256:34b6a614d2c27851fe6cbf88fbd1137609cefab8b10d0615aaeb6fd47975d74e" "/opt/rustwide/cargo-home/bin/cargo" "+1.54.0" "doc" "--frozen" "--no-deps" "--document-private-items" "--message-format=json", kill_on_drop: false }`
[INFO] [stdout] b544be03590588fb9b2e205430021dc49548319d37c79778ed83c1913ac41c66
[INFO] [stderr] WARNING: Your kernel does not support swap limit capabilities or the cgroup is not mounted. Memory limited without swap.
[INFO] running `Command { std: "docker" "start" "-a" "b544be03590588fb9b2e205430021dc49548319d37c79778ed83c1913ac41c66", kill_on_drop: false }`
[INFO] [stderr]    Compiling libc v0.2.94
[INFO] [stderr]    Compiling proc-macro2 v1.0.26
[INFO] [stderr]    Compiling serde_derive v1.0.125
[INFO] [stderr]    Compiling serde v1.0.125
[INFO] [stderr]    Compiling getrandom v0.2.2
[INFO] [stderr]    Compiling memchr v2.4.0
[INFO] [stderr]     Checking futures-core v0.3.14
[INFO] [stderr]     Checking futures-io v0.3.14
[INFO] [stderr]    Compiling serde_json v1.0.64
[INFO] [stderr]     Checking regex-syntax v0.6.24
[INFO] [stderr]    Compiling crc32fast v1.2.1
[INFO] [stderr]     Checking anymap v0.12.1
[INFO] [stderr]     Checking adler32 v1.2.0
[INFO] [stderr]     Checking scoped_threadpool v0.1.9
[INFO] [stderr]     Checking ttf-parser v0.12.0
[INFO] [stderr]    Compiling inflections v1.1.1
[INFO] [stderr]    Compiling cpal v0.13.3
[INFO] [stderr]     Checking vec_map v0.8.2
[INFO] [stderr]     Checking fnv v1.0.7
[INFO] [stderr]    Compiling ahash v0.7.2
[INFO] [stderr]    Compiling alsa-sys v0.3.1
[INFO] [stderr]    Compiling libudev-sys v0.1.4
[INFO] [stderr]     Checking miniz_oxide v0.3.7
[INFO] [stderr]     Checking deflate v0.8.6
[INFO] [stderr]     Checking ash v0.31.0
[INFO] [stderr]     Checking async-channel v1.6.1
[INFO] [stderr]     Checking euclid v0.22.3
[INFO] [stderr]     Checking sid v0.6.1
[INFO] [stderr]     Checking png v0.16.8
[INFO] [stderr]     Checking futures-lite v1.11.3
[INFO] [stderr]     Checking aho-corasick v0.7.18
[INFO] [stderr]    Compiling quote v1.0.9
[INFO] [stderr]     Checking owned_ttf_parser v0.12.0
[INFO] [stderr]     Checking guillotiere v0.6.0
[INFO] [stderr]     Checking lyon_geom v0.17.0
[INFO] [stderr]     Checking ab_glyph v0.2.10
[INFO] [stderr]    Compiling syn v1.0.65
[INFO] [stderr]     Checking image v0.23.14
[INFO] [stderr]     Checking glyph_brush_layout v0.2.1
[INFO] [stderr]     Checking lyon_path v0.17.2
[INFO] [stderr]     Checking async-executor v1.4.1
[INFO] [stderr]     Checking lyon_tessellation v0.17.6
[INFO] [stderr]     Checking regex-automata v0.1.9
[INFO] [stderr]     Checking regex v1.5.2
[INFO] [stderr]    Compiling jobserver v0.1.22
[INFO] [stderr]     Checking num_cpus v1.13.0
[INFO] [stderr]     Checking chrono v0.4.19
[INFO] [stderr]     Checking inotify-sys v0.1.5
[INFO] [stderr]     Checking filetime v0.2.14
[INFO] [stderr]     Checking mio v0.7.11
[INFO] [stderr]     Checking raw-window-handle v0.3.3
[INFO] [stderr]     Checking nix v0.20.0
[INFO] [stderr]     Checking net2 v0.2.37
[INFO] [stderr]     Checking iovec v0.1.4
[INFO] [stderr]     Checking khronos-egl v3.0.2
[INFO] [stderr]     Checking x11-dl v2.18.5
[INFO] [stderr]     Checking slice-deque v0.3.0
[INFO] [stderr]     Checking bevy_tasks v0.5.0
[INFO] [stderr]     Checking inotify v0.9.2
[INFO] [stderr]    Compiling cc v1.0.67
[INFO] [stderr]     Checking rand_core v0.6.2
[INFO] [stderr]     Checking mio v0.6.23
[INFO] [stderr]     Checking notify v5.0.0-pre.7
[INFO] [stderr]     Checking matchers v0.0.1
[INFO] [stderr]     Checking rand_chacha v0.3.0
[INFO] [stderr]     Checking rand v0.8.3
[INFO] [stderr]     Checking mio-extras v2.0.6
[INFO] [stderr]    Compiling spirv-reflect v0.2.3
[INFO] [stderr]    Compiling spirv_cross v0.23.1
[INFO] [stderr]    Compiling minimp3-sys v0.3.2
[INFO] [stderr] error: could not compile `ash`
[INFO] [stderr] 
[INFO] [stderr] Caused by:
[INFO] [stderr]   process didn't exit successfully: `rustc --crate-name ash --edition=2018 /opt/rustwide/cargo-home/registry/src/github.com-1ecc6299db9ec823/ash-0.31.0/src/lib.rs --error-format=json --json=diagnostic-rendered-ansi --crate-type lib --emit=dep-info,metadata -C embed-bitcode=no -C debuginfo=2 --cfg 'feature="default"' --cfg 'feature="libloading"' -C metadata=780d707f8e79f145 -C extra-filename=-780d707f8e79f145 --out-dir /opt/rustwide/target/debug/deps -L dependency=/opt/rustwide/target/debug/deps --extern libloading=/opt/rustwide/target/debug/deps/liblibloading-436bb1e630c71493.rmeta --cap-lints allow` (signal: 9, SIGKILL: kill)
[INFO] [stderr] warning: build failed, waiting for other jobs to finish...
[INFO] [stderr] The following warnings were emitted during compilation:
[INFO] [stderr] 
[INFO] [stderr] warning: src/wrapper.cpp:2: warning: ignoring #pragma warning  [-Wunknown-pragmas]
[INFO] [stderr] warning:     2 | #pragma warning(disable : 4996 4101)
[INFO] [stderr] warning:       | 
[INFO] [stderr] warning: c++: fatal error: Killed signal terminated program cc1plus
[INFO] [stderr] warning: compilation terminated.
[INFO] [stderr] warning: c++: fatal error: Killed signal terminated program cc1plus
[INFO] [stderr] warning: compilation terminated.
[INFO] [stderr] warning: c++: fatal error: Killed signal terminated program cc1plus
[INFO] [stderr] warning: compilation terminated.
[INFO] [stderr] 
[INFO] [stderr] error: build failed
[INFO] running `Command { std: "docker" "inspect" "b544be03590588fb9b2e205430021dc49548319d37c79778ed83c1913ac41c66", kill_on_drop: false }`
[INFO] running `Command { std: "docker" "rm" "-f" "b544be03590588fb9b2e205430021dc49548319d37c79778ed83c1913ac41c66", kill_on_drop: false }`
[INFO] [stdout] b544be03590588fb9b2e205430021dc49548319d37c79778ed83c1913ac41c66
