[INFO] fetching crate bern-kernel 0.2.5...
[INFO] documenting bern-kernel-0.2.5 against beta-2021-08-01 for beta-1.55-rustdoc-1
[INFO] extracting crate bern-kernel 0.2.5 into /workspace/builds/worker-14/source
[INFO] validating manifest of crates.io crate bern-kernel 0.2.5 on toolchain beta-2021-08-01
[INFO] running `Command { std: "/workspace/cargo-home/bin/cargo" "+beta-2021-08-01" "metadata" "--manifest-path" "Cargo.toml" "--no-deps", kill_on_drop: false }`
[INFO] started tweaking crates.io crate bern-kernel 0.2.5
[INFO] finished tweaking crates.io crate bern-kernel 0.2.5
[INFO] tweaked toml for crates.io crate bern-kernel 0.2.5 written to /workspace/builds/worker-14/source/Cargo.toml
[INFO] running `Command { std: "/workspace/cargo-home/bin/cargo" "+beta-2021-08-01" "generate-lockfile" "--manifest-path" "Cargo.toml" "-Zno-index-update", kill_on_drop: false }`
[INFO] [stderr]     Blocking waiting for file lock on package cache
[INFO] running `Command { std: "/workspace/cargo-home/bin/cargo" "+beta-2021-08-01" "fetch" "--manifest-path" "Cargo.toml", kill_on_drop: false }`
[INFO] [stderr]  Downloading crates ...
[INFO] [stderr]   Downloaded cortex-m-rt v0.6.15
[INFO] [stderr]   Downloaded nb v0.1.3
[INFO] [stderr]   Downloaded cortex-m-rt-macros v0.6.15
[INFO] [stderr]   Downloaded bern-conf v0.1.1
[INFO] [stderr]   Downloaded r0 v1.0.0
[INFO] [stderr]   Downloaded embedded-hal v0.2.6
[INFO] [stderr]   Downloaded bern-kernel-macros v0.2.0
[INFO] [stderr]   Downloaded cortex-m v0.7.3
[INFO] [stderr]   Downloaded bern-arch v0.2.3
[INFO] [stderr]   Downloaded bern-conf-type v0.1.1
[INFO] running `Command { std: "docker" "create" "-v" "/var/lib/crater-agent-workspace/builds/worker-14/target:/opt/rustwide/target:rw,Z" "-v" "/var/lib/crater-agent-workspace/builds/worker-14/source:/opt/rustwide/workdir:ro,Z" "-v" "/var/lib/crater-agent-workspace/cargo-home:/opt/rustwide/cargo-home:ro,Z" "-v" "/var/lib/crater-agent-workspace/rustup-home:/opt/rustwide/rustup-home:ro,Z" "-e" "SOURCE_DIR=/opt/rustwide/workdir" "-e" "CARGO_TARGET_DIR=/opt/rustwide/target" "-e" "CARGO_HOME=/opt/rustwide/cargo-home" "-e" "RUSTUP_HOME=/opt/rustwide/rustup-home" "-w" "/opt/rustwide/workdir" "-m" "1610612736" "--user" "0:0" "--network" "none" "ghcr.io/rust-lang/crates-build-env/linux@sha256:34b6a614d2c27851fe6cbf88fbd1137609cefab8b10d0615aaeb6fd47975d74e" "/opt/rustwide/cargo-home/bin/cargo" "+beta-2021-08-01" "metadata" "--no-deps" "--format-version=1", kill_on_drop: false }`
[INFO] [stdout] 639ed009837d9bafb0243fe214446417164c1103ed6b7b949e2d0c9a47672f25
[INFO] [stderr] WARNING: Your kernel does not support swap limit capabilities or the cgroup is not mounted. Memory limited without swap.
[INFO] running `Command { std: "docker" "start" "-a" "639ed009837d9bafb0243fe214446417164c1103ed6b7b949e2d0c9a47672f25", kill_on_drop: false }`
[INFO] running `Command { std: "docker" "inspect" "639ed009837d9bafb0243fe214446417164c1103ed6b7b949e2d0c9a47672f25", kill_on_drop: false }`
[INFO] running `Command { std: "docker" "rm" "-f" "639ed009837d9bafb0243fe214446417164c1103ed6b7b949e2d0c9a47672f25", kill_on_drop: false }`
[INFO] [stdout] 639ed009837d9bafb0243fe214446417164c1103ed6b7b949e2d0c9a47672f25
[INFO] running `Command { std: "docker" "create" "-v" "/var/lib/crater-agent-workspace/builds/worker-14/target:/opt/rustwide/target:rw,Z" "-v" "/var/lib/crater-agent-workspace/builds/worker-14/source:/opt/rustwide/workdir:ro,Z" "-v" "/var/lib/crater-agent-workspace/cargo-home:/opt/rustwide/cargo-home:ro,Z" "-v" "/var/lib/crater-agent-workspace/rustup-home:/opt/rustwide/rustup-home:ro,Z" "-e" "SOURCE_DIR=/opt/rustwide/workdir" "-e" "CARGO_TARGET_DIR=/opt/rustwide/target" "-e" "CARGO_INCREMENTAL=0" "-e" "RUST_BACKTRACE=full" "-e" "RUSTDOCFLAGS=--cap-lints=warn" "-e" "CARGO_HOME=/opt/rustwide/cargo-home" "-e" "RUSTUP_HOME=/opt/rustwide/rustup-home" "-w" "/opt/rustwide/workdir" "-m" "1610612736" "--user" "0:0" "--network" "none" "ghcr.io/rust-lang/crates-build-env/linux@sha256:34b6a614d2c27851fe6cbf88fbd1137609cefab8b10d0615aaeb6fd47975d74e" "/opt/rustwide/cargo-home/bin/cargo" "+beta-2021-08-01" "doc" "--frozen" "--no-deps" "--document-private-items" "--message-format=json", kill_on_drop: false }`
[INFO] [stdout] 29efa61f92a6ae3d18105dfb120a922cdfe93ded65f8dbe828f2b58f4c211f33
[INFO] [stderr] WARNING: Your kernel does not support swap limit capabilities or the cgroup is not mounted. Memory limited without swap.
[INFO] running `Command { std: "docker" "start" "-a" "29efa61f92a6ae3d18105dfb120a922cdfe93ded65f8dbe828f2b58f4c211f33", kill_on_drop: false }`
[INFO] [stderr]    Compiling syn v1.0.74
[INFO] [stderr]     Checking predicates-core v1.0.2
[INFO] [stderr]     Checking normalize-line-endings v0.3.0
[INFO] [stderr]     Checking difference v2.0.0
[INFO] [stderr]     Checking treeline v0.1.0
[INFO] [stderr]    Compiling bern-arch v0.2.3
[INFO] [stderr]     Checking fragile v1.0.0
[INFO] [stderr]     Checking downcast v0.10.0
[INFO] [stderr]    Compiling serde v1.0.127
[INFO] [stderr]    Compiling num-traits v0.2.14
[INFO] [stderr]     Checking aho-corasick v0.7.18
[INFO] [stderr]     Checking predicates-tree v1.0.3
[INFO] [stderr]     Checking regex v1.5.4
[INFO] [stderr]     Checking float-cmp v0.8.0
[INFO] [stderr]     Checking predicates v1.0.8
[INFO] [stderr]    Compiling toml v0.5.8
[INFO] [stderr]    Compiling mockall_derive v0.9.1
[INFO] [stderr]    Compiling serde_derive v1.0.127
[INFO] [stderr]     Checking mockall v0.9.1
[INFO] [stdout] error[E0432]: unresolved import `crate::mock::MockArch`
[INFO] [stdout]   --> /opt/rustwide/cargo-home/registry/src/github.com-1ecc6299db9ec823/bern-arch-0.2.3/src/mock/mod.rs:15:9
[INFO] [stdout]    |
[INFO] [stdout] 15 | pub use crate::mock::MockArch as Arch;
[INFO] [stdout]    |         ^^^^^^^^^^^^^^^^^^^^^^^^^^^^^ no `MockArch` in `mock`
[INFO] [stdout] 
[INFO] [stdout] 
[INFO] [stdout] error[E0432]: unresolved import `crate::mock::MockArchCore`
[INFO] [stdout]   --> /opt/rustwide/cargo-home/registry/src/github.com-1ecc6299db9ec823/bern-arch-0.2.3/src/mock/mod.rs:16:9
[INFO] [stdout]    |
[INFO] [stdout] 16 | pub use crate::mock::MockArchCore as ArchCore;
[INFO] [stdout]    |         ^^^^^^^^^^^^^^^^^^^^^^^^^^^^^^^^^^^^^ no `MockArchCore` in `mock`
[INFO] [stdout] 
[INFO] [stdout] 
[INFO] [stdout] error[E0432]: unresolved import `crate::arch::memory_protection`
[INFO] [stdout]  --> /opt/rustwide/cargo-home/registry/src/github.com-1ecc6299db9ec823/bern-arch-0.2.3/src/memory_protection.rs:3:18
[INFO] [stdout]   |
[INFO] [stdout] 3 | use crate::arch::memory_protection::MemoryRegion;
[INFO] [stdout]   |                  ^^^^^^^^^^^^^^^^^ could not find `memory_protection` in `arch`
[INFO] [stdout] 
[INFO] [stdout] 
[INFO] [stdout] error: cannot find attribute `never_type` in this scope
[INFO] [stdout]   --> /opt/rustwide/cargo-home/registry/src/github.com-1ecc6299db9ec823/bern-arch-0.2.3/src/lib.rs:18:38
[INFO] [stdout]    |
[INFO] [stdout] 18 | #![cfg_attr(not(target_os = "none"), never_type)]
[INFO] [stdout]    |                                      ^^^^^^^^^^
[INFO] [stdout] 
[INFO] [stdout] 
[INFO] [stdout] error: cannot determine resolution for the attribute macro `derive`
[INFO] [stdout]  --> /opt/rustwide/cargo-home/registry/src/github.com-1ecc6299db9ec823/bern-arch-0.2.3/src/startup.rs:4:3
[INFO] [stdout]   |
[INFO] [stdout] 4 | #[derive(Copy, Clone)]
[INFO] [stdout]   |   ^^^^^^
[INFO] [stdout]   |
[INFO] [stdout]   = note: import resolution is stuck, try simplifying macro imports
[INFO] [stdout] 
[INFO] [stdout] 
[INFO] [stdout] error: cannot determine resolution for the macro `mock`
[INFO] [stdout]   --> /opt/rustwide/cargo-home/registry/src/github.com-1ecc6299db9ec823/bern-arch-0.2.3/src/mock/mod.rs:18:1
[INFO] [stdout]    |
[INFO] [stdout] 18 | mock!{
[INFO] [stdout]    | ^^^^
[INFO] [stdout]    |
[INFO] [stdout]    = note: import resolution is stuck, try simplifying macro imports
[INFO] [stdout] 
[INFO] [stdout] 
[INFO] [stdout] error: cannot determine resolution for the macro `mock`
[INFO] [stdout]   --> /opt/rustwide/cargo-home/registry/src/github.com-1ecc6299db9ec823/bern-arch-0.2.3/src/mock/mod.rs:41:1
[INFO] [stdout]    |
[INFO] [stdout] 41 | mock!{
[INFO] [stdout]    | ^^^^
[INFO] [stdout]    |
[INFO] [stdout]    = note: import resolution is stuck, try simplifying macro imports
[INFO] [stdout] 
[INFO] [stdout] 
[INFO] [stdout] error[E0554]: `#![feature]` may not be used on the beta release channel
[INFO] [stdout]   --> /opt/rustwide/cargo-home/registry/src/github.com-1ecc6299db9ec823/bern-arch-0.2.3/src/lib.rs:15:1
[INFO] [stdout]    |
[INFO] [stdout] 15 | #![feature(asm)]
[INFO] [stdout]    | ^^^^^^^^^^^^^^^^
[INFO] [stdout] 
[INFO] [stdout] 
[INFO] [stdout] error[E0554]: `#![feature]` may not be used on the beta release channel
[INFO] [stdout]   --> /opt/rustwide/cargo-home/registry/src/github.com-1ecc6299db9ec823/bern-arch-0.2.3/src/lib.rs:16:1
[INFO] [stdout]    |
[INFO] [stdout] 16 | #![feature(naked_functions)]
[INFO] [stdout]    | ^^^^^^^^^^^^^^^^^^^^^^^^^^^^
[INFO] [stdout] 
[INFO] [stdout] 
[INFO] [stdout] error: aborting due to 9 previous errors
[INFO] [stdout] 
[INFO] [stdout] 
[INFO] [stdout] Some errors have detailed explanations: E0432, E0554.
[INFO] [stdout] 
[INFO] [stdout] For more information about an error, try `rustc --explain E0432`.
[INFO] [stdout] 
[INFO] [stderr] error: could not compile `bern-arch` due to 10 previous errors
[INFO] [stderr] warning: build failed, waiting for other jobs to finish...
[INFO] [stderr] error: build failed
[INFO] running `Command { std: "docker" "inspect" "29efa61f92a6ae3d18105dfb120a922cdfe93ded65f8dbe828f2b58f4c211f33", kill_on_drop: false }`
[INFO] running `Command { std: "docker" "rm" "-f" "29efa61f92a6ae3d18105dfb120a922cdfe93ded65f8dbe828f2b58f4c211f33", kill_on_drop: false }`
[INFO] [stdout] 29efa61f92a6ae3d18105dfb120a922cdfe93ded65f8dbe828f2b58f4c211f33
