[INFO] fetching crate ber 0.0.6...
[INFO] documenting ber-0.0.6 against beta-2021-08-01 for beta-1.55-rustdoc-1
[INFO] extracting crate ber 0.0.6 into /workspace/builds/worker-7/source
[INFO] validating manifest of crates.io crate ber 0.0.6 on toolchain beta-2021-08-01
[INFO] running `Command { std: "/workspace/cargo-home/bin/cargo" "+beta-2021-08-01" "metadata" "--manifest-path" "Cargo.toml" "--no-deps", kill_on_drop: false }`
[INFO] started tweaking crates.io crate ber 0.0.6
[INFO] finished tweaking crates.io crate ber 0.0.6
[INFO] tweaked toml for crates.io crate ber 0.0.6 written to /workspace/builds/worker-7/source/Cargo.toml
[INFO] running `Command { std: "/workspace/cargo-home/bin/cargo" "+beta-2021-08-01" "generate-lockfile" "--manifest-path" "Cargo.toml" "-Zno-index-update", kill_on_drop: false }`
[INFO] running `Command { std: "/workspace/cargo-home/bin/cargo" "+beta-2021-08-01" "fetch" "--manifest-path" "Cargo.toml", kill_on_drop: false }`
[INFO] running `Command { std: "docker" "create" "-v" "/var/lib/crater-agent-workspace/builds/worker-7/target:/opt/rustwide/target:rw,Z" "-v" "/var/lib/crater-agent-workspace/builds/worker-7/source:/opt/rustwide/workdir:ro,Z" "-v" "/var/lib/crater-agent-workspace/cargo-home:/opt/rustwide/cargo-home:ro,Z" "-v" "/var/lib/crater-agent-workspace/rustup-home:/opt/rustwide/rustup-home:ro,Z" "-e" "SOURCE_DIR=/opt/rustwide/workdir" "-e" "CARGO_TARGET_DIR=/opt/rustwide/target" "-e" "CARGO_HOME=/opt/rustwide/cargo-home" "-e" "RUSTUP_HOME=/opt/rustwide/rustup-home" "-w" "/opt/rustwide/workdir" "-m" "1610612736" "--user" "0:0" "--network" "none" "ghcr.io/rust-lang/crates-build-env/linux@sha256:34b6a614d2c27851fe6cbf88fbd1137609cefab8b10d0615aaeb6fd47975d74e" "/opt/rustwide/cargo-home/bin/cargo" "+beta-2021-08-01" "metadata" "--no-deps" "--format-version=1", kill_on_drop: false }`
[INFO] [stdout] a0423d849e7617887455e87e1ffe9f9f47f4821baf11f6a14c60c019baa88030
[INFO] [stderr] WARNING: Your kernel does not support swap limit capabilities or the cgroup is not mounted. Memory limited without swap.
[INFO] running `Command { std: "docker" "start" "-a" "a0423d849e7617887455e87e1ffe9f9f47f4821baf11f6a14c60c019baa88030", kill_on_drop: false }`
[INFO] running `Command { std: "docker" "inspect" "a0423d849e7617887455e87e1ffe9f9f47f4821baf11f6a14c60c019baa88030", kill_on_drop: false }`
[INFO] running `Command { std: "docker" "rm" "-f" "a0423d849e7617887455e87e1ffe9f9f47f4821baf11f6a14c60c019baa88030", kill_on_drop: false }`
[INFO] [stdout] a0423d849e7617887455e87e1ffe9f9f47f4821baf11f6a14c60c019baa88030
[INFO] running `Command { std: "docker" "create" "-v" "/var/lib/crater-agent-workspace/builds/worker-7/target:/opt/rustwide/target:rw,Z" "-v" "/var/lib/crater-agent-workspace/builds/worker-7/source:/opt/rustwide/workdir:ro,Z" "-v" "/var/lib/crater-agent-workspace/cargo-home:/opt/rustwide/cargo-home:ro,Z" "-v" "/var/lib/crater-agent-workspace/rustup-home:/opt/rustwide/rustup-home:ro,Z" "-e" "SOURCE_DIR=/opt/rustwide/workdir" "-e" "CARGO_TARGET_DIR=/opt/rustwide/target" "-e" "CARGO_INCREMENTAL=0" "-e" "RUST_BACKTRACE=full" "-e" "RUSTDOCFLAGS=--cap-lints=warn" "-e" "CARGO_HOME=/opt/rustwide/cargo-home" "-e" "RUSTUP_HOME=/opt/rustwide/rustup-home" "-w" "/opt/rustwide/workdir" "-m" "1610612736" "--user" "0:0" "--network" "none" "ghcr.io/rust-lang/crates-build-env/linux@sha256:34b6a614d2c27851fe6cbf88fbd1137609cefab8b10d0615aaeb6fd47975d74e" "/opt/rustwide/cargo-home/bin/cargo" "+beta-2021-08-01" "doc" "--frozen" "--no-deps" "--document-private-items" "--message-format=json", kill_on_drop: false }`
[INFO] [stderr] WARNING: Your kernel does not support swap limit capabilities or the cgroup is not mounted. Memory limited without swap.
[INFO] [stdout] d8a8531e6bc24b5970ef020f0d833686a285509e4d6ea982bb91683ba5aa5222
[INFO] running `Command { std: "docker" "start" "-a" "d8a8531e6bc24b5970ef020f0d833686a285509e4d6ea982bb91683ba5aa5222", kill_on_drop: false }`
[INFO] [stderr]  Documenting ber v0.0.6 (/opt/rustwide/workdir)
[INFO] [stdout] error[E0412]: cannot find type `Error` in crate `byteorder`
[INFO] [stdout]   --> src/err.rs:13:26
[INFO] [stdout]    |
[INFO] [stdout] 13 |     Byteorder(byteorder::Error),
[INFO] [stdout]    |                          ^^^^^ not found in `byteorder`
[INFO] [stdout]    |
[INFO] [stdout] help: consider importing one of these items
[INFO] [stdout]    |
[INFO] [stdout] 1  | use Error;
[INFO] [stdout]    |
[INFO] [stdout] 1  | use err::error::Error;
[INFO] [stdout]    |
[INFO] [stdout] 1  | use err::fmt::Error;
[INFO] [stdout]    |
[INFO] [stdout] 
[INFO] [stdout] 
[INFO] [stdout] error[E0412]: cannot find type `Error` in crate `byteorder`
[INFO] [stdout]   --> src/err.rs:76:22
[INFO] [stdout]    |
[INFO] [stdout] 76 | impl From<byteorder::Error> for Error {
[INFO] [stdout]    |                      ^^^^^ not found in `byteorder`
[INFO] [stdout]    |
[INFO] [stdout] help: consider importing one of these items
[INFO] [stdout]    |
[INFO] [stdout] 1  | use Error;
[INFO] [stdout]    |
[INFO] [stdout] 1  | use err::error::Error;
[INFO] [stdout]    |
[INFO] [stdout] 1  | use err::fmt::Error;
[INFO] [stdout]    |
[INFO] [stdout] 
[INFO] [stdout] 
[INFO] [stdout] error[E0412]: cannot find type `Error` in crate `byteorder`
[INFO] [stdout]   --> src/err.rs:77:30
[INFO] [stdout]    |
[INFO] [stdout] 77 |     fn from (err: byteorder::Error) -> Error {
[INFO] [stdout]    |                              ^^^^^ not found in `byteorder`
[INFO] [stdout]    |
[INFO] [stdout] help: consider importing one of these items
[INFO] [stdout]    |
[INFO] [stdout] 1  | use Error;
[INFO] [stdout]    |
[INFO] [stdout] 1  | use err::error::Error;
[INFO] [stdout]    |
[INFO] [stdout] 1  | use err::fmt::Error;
[INFO] [stdout]    |
[INFO] [stdout] 
[INFO] [stdout] 
[INFO] [stdout] error[E0412]: cannot find type `Result` in crate `byteorder`
[INFO] [stdout]    --> src/tag.rs:311:68
[INFO] [stdout]     |
[INFO] [stdout] 311 | fn write_length (mut w: &mut Write, length: &Length) -> byteorder::Result<()> {
[INFO] [stdout]     |                                                                    ^^^^^^ not found in `byteorder`
[INFO] [stdout]     |
[INFO] [stdout] help: consider importing one of these items
[INFO] [stdout]     |
[INFO] [stdout] 1   | use std::result::Result;
[INFO] [stdout]     |
[INFO] [stdout] 1   | use std::thread::Result;
[INFO] [stdout]     |
[INFO] [stdout] 
[INFO] [stdout] 
[INFO] [stdout] error: Compilation failed, aborting rustdoc
[INFO] [stdout] 
[INFO] [stdout] 
[INFO] [stdout] error: aborting due to 5 previous errors
[INFO] [stdout] 
[INFO] [stdout] 
[INFO] [stdout] For more information about this error, try `rustc --explain E0412`.
[INFO] [stdout] 
[INFO] [stderr] error: could not document `ber`
[INFO] [stderr] 
[INFO] [stderr] Caused by:
[INFO] [stderr]   process didn't exit successfully: `rustdoc --crate-type lib --crate-name ber src/lib.rs -o /opt/rustwide/target/doc --error-format=json --json=diagnostic-rendered-ansi --document-private-items -L dependency=/opt/rustwide/target/debug/deps --extern byteorder=/opt/rustwide/target/debug/deps/libbyteorder-bd8a801b2746a03c.rmeta --cap-lints=warn --crate-version 0.0.6` (exit status: 1)
[INFO] running `Command { std: "docker" "inspect" "d8a8531e6bc24b5970ef020f0d833686a285509e4d6ea982bb91683ba5aa5222", kill_on_drop: false }`
[INFO] running `Command { std: "docker" "rm" "-f" "d8a8531e6bc24b5970ef020f0d833686a285509e4d6ea982bb91683ba5aa5222", kill_on_drop: false }`
[INFO] [stdout] d8a8531e6bc24b5970ef020f0d833686a285509e4d6ea982bb91683ba5aa5222
