[INFO] fetching crate azure-functions-codegen 0.11.0...
[INFO] documenting azure-functions-codegen-0.11.0 against 1.54.0 for beta-1.55-rustdoc-1
[INFO] extracting crate azure-functions-codegen 0.11.0 into /workspace/builds/worker-13/source
[INFO] validating manifest of crates.io crate azure-functions-codegen 0.11.0 on toolchain 1.54.0
[INFO] running `Command { std: "/workspace/cargo-home/bin/cargo" "+1.54.0" "metadata" "--manifest-path" "Cargo.toml" "--no-deps", kill_on_drop: false }`
[INFO] started tweaking crates.io crate azure-functions-codegen 0.11.0
[INFO] finished tweaking crates.io crate azure-functions-codegen 0.11.0
[INFO] tweaked toml for crates.io crate azure-functions-codegen 0.11.0 written to /workspace/builds/worker-13/source/Cargo.toml
[INFO] running `Command { std: "/workspace/cargo-home/bin/cargo" "+1.54.0" "generate-lockfile" "--manifest-path" "Cargo.toml" "-Zno-index-update", kill_on_drop: false }`
[INFO] running `Command { std: "/workspace/cargo-home/bin/cargo" "+1.54.0" "fetch" "--manifest-path" "Cargo.toml", kill_on_drop: false }`
[INFO] running `Command { std: "docker" "create" "-v" "/var/lib/crater-agent-workspace/builds/worker-13/target:/opt/rustwide/target:rw,Z" "-v" "/var/lib/crater-agent-workspace/builds/worker-13/source:/opt/rustwide/workdir:ro,Z" "-v" "/var/lib/crater-agent-workspace/cargo-home:/opt/rustwide/cargo-home:ro,Z" "-v" "/var/lib/crater-agent-workspace/rustup-home:/opt/rustwide/rustup-home:ro,Z" "-e" "SOURCE_DIR=/opt/rustwide/workdir" "-e" "CARGO_TARGET_DIR=/opt/rustwide/target" "-e" "CARGO_HOME=/opt/rustwide/cargo-home" "-e" "RUSTUP_HOME=/opt/rustwide/rustup-home" "-w" "/opt/rustwide/workdir" "-m" "1610612736" "--user" "0:0" "--network" "none" "ghcr.io/rust-lang/crates-build-env/linux@sha256:34b6a614d2c27851fe6cbf88fbd1137609cefab8b10d0615aaeb6fd47975d74e" "/opt/rustwide/cargo-home/bin/cargo" "+1.54.0" "metadata" "--no-deps" "--format-version=1", kill_on_drop: false }`
[INFO] [stdout] 84cdfb847d5196188145f1c64d01a4272c609f1a84c8e1d8e77c7a9569366d29
[INFO] [stderr] WARNING: Your kernel does not support swap limit capabilities or the cgroup is not mounted. Memory limited without swap.
[INFO] running `Command { std: "docker" "start" "-a" "84cdfb847d5196188145f1c64d01a4272c609f1a84c8e1d8e77c7a9569366d29", kill_on_drop: false }`
[INFO] running `Command { std: "docker" "inspect" "84cdfb847d5196188145f1c64d01a4272c609f1a84c8e1d8e77c7a9569366d29", kill_on_drop: false }`
[INFO] running `Command { std: "docker" "rm" "-f" "84cdfb847d5196188145f1c64d01a4272c609f1a84c8e1d8e77c7a9569366d29", kill_on_drop: false }`
[INFO] [stdout] 84cdfb847d5196188145f1c64d01a4272c609f1a84c8e1d8e77c7a9569366d29
[INFO] running `Command { std: "docker" "create" "-v" "/var/lib/crater-agent-workspace/builds/worker-13/target:/opt/rustwide/target:rw,Z" "-v" "/var/lib/crater-agent-workspace/builds/worker-13/source:/opt/rustwide/workdir:ro,Z" "-v" "/var/lib/crater-agent-workspace/cargo-home:/opt/rustwide/cargo-home:ro,Z" "-v" "/var/lib/crater-agent-workspace/rustup-home:/opt/rustwide/rustup-home:ro,Z" "-e" "SOURCE_DIR=/opt/rustwide/workdir" "-e" "CARGO_TARGET_DIR=/opt/rustwide/target" "-e" "CARGO_INCREMENTAL=0" "-e" "RUST_BACKTRACE=full" "-e" "RUSTDOCFLAGS=--cap-lints=warn" "-e" "CARGO_HOME=/opt/rustwide/cargo-home" "-e" "RUSTUP_HOME=/opt/rustwide/rustup-home" "-w" "/opt/rustwide/workdir" "-m" "1610612736" "--user" "0:0" "--network" "none" "ghcr.io/rust-lang/crates-build-env/linux@sha256:34b6a614d2c27851fe6cbf88fbd1137609cefab8b10d0615aaeb6fd47975d74e" "/opt/rustwide/cargo-home/bin/cargo" "+1.54.0" "doc" "--frozen" "--no-deps" "--document-private-items" "--message-format=json", kill_on_drop: false }`
[INFO] [stdout] 559a2dbe2181e2fbf74779cda701bee52c9f24af31ac5c6523e74daed35c0b86
[INFO] [stderr] WARNING: Your kernel does not support swap limit capabilities or the cgroup is not mounted. Memory limited without swap.
[INFO] running `Command { std: "docker" "start" "-a" "559a2dbe2181e2fbf74779cda701bee52c9f24af31ac5c6523e74daed35c0b86", kill_on_drop: false }`
[INFO] [stderr]    Compiling libc v0.2.98
[INFO] [stderr]    Compiling either v1.6.1
[INFO] [stderr]    Compiling futures-task v0.3.16
[INFO] [stderr]     Checking tower-layer v0.3.1
[INFO] [stderr]    Compiling bytes v0.5.6
[INFO] [stderr]    Compiling hashbrown v0.11.2
[INFO] [stderr]    Compiling async-trait v0.1.51
[INFO] [stderr]     Checking httpdate v0.3.2
[INFO] [stderr]    Compiling futures-util v0.3.16
[INFO] [stderr]    Compiling addr2line v0.16.0
[INFO] [stderr]    Compiling memchr v2.4.0
[INFO] [stderr]    Compiling log v0.4.14
[INFO] [stderr]    Compiling anyhow v1.0.42
[INFO] [stderr]     Checking http-body v0.3.1
[INFO] [stderr]     Checking syn v1.0.74
[INFO] [stderr]    Compiling pin-project-internal v0.4.28
[INFO] [stderr]    Compiling pin-project-internal v1.0.8
[INFO] [stderr]    Compiling async-stream-impl v0.2.1
[INFO] [stderr]    Compiling azure-functions-shared-codegen v0.11.0
[INFO] [stderr]     Checking tracing v0.1.26
[INFO] [stderr]    Compiling itertools v0.8.2
[INFO] [stderr]     Checking serde_json v1.0.66
[INFO] [stderr]    Compiling indexmap v1.7.0
[INFO] [stderr]    Compiling object v0.26.0
[INFO] [stderr]    Compiling petgraph v0.5.1
[INFO] [stderr]     Checking iovec v0.1.4
[INFO] [stderr]     Checking net2 v0.2.37
[INFO] [stderr]     Checking getrandom v0.1.16
[INFO] [stderr]     Checking socket2 v0.3.19
[INFO] [stderr]    Compiling getrandom v0.2.3
[INFO] [stderr]    Compiling which v3.1.1
[INFO] [stderr]    Compiling prost-derive v0.6.1
[INFO] [stderr]     Checking bytes v0.4.12
[INFO] [stderr]     Checking rand_core v0.5.1
[INFO] [stderr]     Checking async-stream v0.2.1
[INFO] [stderr]     Checking mio v0.6.23
[INFO] [stderr]    Compiling rand_core v0.6.3
[INFO] [stderr]    Compiling prost-build v0.6.1
[INFO] [stderr]     Checking rand_pcg v0.2.1
[INFO] [stderr]     Checking rand_chacha v0.2.2
[INFO] [stderr]    Compiling rand_chacha v0.3.1
[INFO] [stderr]     Checking rand v0.7.3
[INFO] [stderr]     Checking tokio v0.2.25
[INFO] [stderr]    Compiling rand v0.8.4
[INFO] [stderr]     Checking pin-project v0.4.28
[INFO] [stderr]     Checking tower-discover v0.3.0
[INFO] [stderr]     Checking tower-load-shed v0.3.0
[INFO] [stderr]     Checking tower-util v0.3.1
[INFO] [stderr]     Checking pin-project v1.0.8
[INFO] [stderr]     Checking tracing-futures v0.2.5
[INFO] [stderr]    Compiling tempfile v3.2.0
[INFO] [stderr]    Compiling backtrace v0.3.61
[INFO] [stderr]    Compiling prost v0.6.1
[INFO] [stderr]    Compiling failure v0.1.8
[INFO] [stderr]     Checking tower-load v0.3.0
[INFO] [stderr]     Checking tokio-util v0.3.1
[INFO] [stderr]     Checking tower-buffer v0.3.0
[INFO] [stderr]     Checking tower-ready-cache v0.3.1
[INFO] [stderr]     Checking tower-timeout v0.3.0
[INFO] [stderr]     Checking tower-retry v0.3.0
[INFO] [stderr]     Checking tower-make v0.3.0
[INFO] [stderr]     Checking tokio-util v0.2.0
[INFO] [stderr]    Compiling prost-types v0.6.1
[INFO] [stderr]     Checking tower-limit v0.3.1
[INFO] [stderr]     Checking tower-balance v0.3.0
[INFO] [stderr]    Compiling prost-derive v0.5.0
[INFO] [stderr]     Checking h2 v0.2.7
[INFO] [stderr]     Checking tower v0.3.1
[INFO] [stderr]    Compiling tonic-build v0.1.1
[INFO] [stderr]    Compiling azure-functions-shared v0.11.0
[INFO] [stderr]     Checking prost v0.5.0
[INFO] [stderr]     Checking prost-types v0.5.0
[INFO] [stderr]     Checking hyper v0.13.10
[INFO] [stderr]     Checking tonic v0.1.1
[INFO] [stdout] error[E0599]: the function or associated item `new` exists for struct `FunctionRpcClient<Channel>`, but its trait bounds were not satisfied
[INFO] [stdout]    --> /opt/rustwide/target/debug/build/azure-functions-shared-769a9252eb01db2b/out/azure_functions_rpc_messages.rs:583:22
[INFO] [stdout]     |
[INFO] [stdout] 572 |     pub struct FunctionRpcClient<T> {
[INFO] [stdout]     |     ------------------------------- function or associated item `new` not found for this
[INFO] [stdout] ...
[INFO] [stdout] 583 |             Ok(Self::new(conn))
[INFO] [stdout]     |                      ^^^ function or associated item cannot be called on `FunctionRpcClient<Channel>` due to unsatisfied trait bounds
[INFO] [stdout]     | 
[INFO] [stdout]    ::: /opt/rustwide/cargo-home/registry/src/github.com-1ecc6299db9ec823/bytes-0.5.6/src/bytes.rs:71:1
[INFO] [stdout]     |
[INFO] [stdout] 71  | pub struct Bytes {
[INFO] [stdout]     | ---------------- doesn't satisfy `_: Into<NullableString_MESSAGE::_bytes::Bytes>`
[INFO] [stdout]     |
[INFO] [stdout]     = note: the following trait bounds were not satisfied:
[INFO] [stdout]             `bytes::bytes::Bytes: Into<NullableString_MESSAGE::_bytes::Bytes>`
[INFO] [stdout] 
[INFO] [stdout] 
[INFO] [stdout] error[E0277]: the trait bound `rpc::StreamingMessage: prost::message::Message` is not satisfied
[INFO] [stdout]    --> /opt/rustwide/target/debug/build/azure-functions-shared-769a9252eb01db2b/out/azure_functions_rpc_messages.rs:618:68
[INFO] [stdout]     |
[INFO] [stdout] 618 |                 .streaming(request.into_streaming_request(), path, codec)
[INFO] [stdout]     |                                                                    ^^^^^ the trait `prost::message::Message` is not implemented for `rpc::StreamingMessage`
[INFO] [stdout]     |
[INFO] [stdout]     = note: required because of the requirements on the impl of `Codec` for `ProstCodec<rpc::StreamingMessage, _>`
[INFO] [stdout] 
[INFO] [stdout] 
[INFO] [stdout] error[E0277]: the trait bound `rpc::StreamingMessage: prost::message::Message` is not satisfied
[INFO] [stdout]    --> /opt/rustwide/target/debug/build/azure-functions-shared-769a9252eb01db2b/out/azure_functions_rpc_messages.rs:618:18
[INFO] [stdout]     |
[INFO] [stdout] 618 |                 .streaming(request.into_streaming_request(), path, codec)
[INFO] [stdout]     |                  ^^^^^^^^^ the trait `prost::message::Message` is not implemented for `rpc::StreamingMessage`
[INFO] [stdout]     |
[INFO] [stdout]     = note: required because of the requirements on the impl of `Codec` for `ProstCodec<rpc::StreamingMessage, rpc::StreamingMessage>`
[INFO] [stdout] 
[INFO] [stdout] 
[INFO] [stdout] error: aborting due to 3 previous errors
[INFO] [stdout] 
[INFO] [stdout] 
[INFO] [stdout] Some errors have detailed explanations: E0277, E0599.
[INFO] [stdout] 
[INFO] [stdout] For more information about an error, try `rustc --explain E0277`.
[INFO] [stdout] 
[INFO] [stderr] error: could not compile `azure-functions-shared`
[INFO] [stderr] 
[INFO] [stderr] To learn more, run the command again with --verbose.
[INFO] running `Command { std: "docker" "inspect" "559a2dbe2181e2fbf74779cda701bee52c9f24af31ac5c6523e74daed35c0b86", kill_on_drop: false }`
[INFO] running `Command { std: "docker" "rm" "-f" "559a2dbe2181e2fbf74779cda701bee52c9f24af31ac5c6523e74daed35c0b86", kill_on_drop: false }`
[INFO] [stdout] 559a2dbe2181e2fbf74779cda701bee52c9f24af31ac5c6523e74daed35c0b86
