[INFO] fetching crate aliri_clock 0.1.4...
[INFO] documenting aliri_clock-0.1.4 against 1.54.0 for beta-1.55-rustdoc-1
[INFO] extracting crate aliri_clock 0.1.4 into /workspace/builds/worker-27/source
[INFO] validating manifest of crates.io crate aliri_clock 0.1.4 on toolchain 1.54.0
[INFO] running `Command { std: "/workspace/cargo-home/bin/cargo" "+1.54.0" "metadata" "--manifest-path" "Cargo.toml" "--no-deps", kill_on_drop: false }`
[INFO] started tweaking crates.io crate aliri_clock 0.1.4
[INFO] finished tweaking crates.io crate aliri_clock 0.1.4
[INFO] tweaked toml for crates.io crate aliri_clock 0.1.4 written to /workspace/builds/worker-27/source/Cargo.toml
[INFO] running `Command { std: "/workspace/cargo-home/bin/cargo" "+1.54.0" "generate-lockfile" "--manifest-path" "Cargo.toml" "-Zno-index-update", kill_on_drop: false }`
[INFO] [stderr]     Blocking waiting for file lock on package cache
[INFO] running `Command { std: "/workspace/cargo-home/bin/cargo" "+1.54.0" "fetch" "--manifest-path" "Cargo.toml", kill_on_drop: false }`
[INFO] [stderr]     Blocking waiting for file lock on package cache
[INFO] [stderr]     Blocking waiting for file lock on package cache
[INFO] running `Command { std: "docker" "create" "-v" "/var/lib/crater-agent-workspace/builds/worker-27/target:/opt/rustwide/target:rw,Z" "-v" "/var/lib/crater-agent-workspace/builds/worker-27/source:/opt/rustwide/workdir:ro,Z" "-v" "/var/lib/crater-agent-workspace/cargo-home:/opt/rustwide/cargo-home:ro,Z" "-v" "/var/lib/crater-agent-workspace/rustup-home:/opt/rustwide/rustup-home:ro,Z" "-e" "SOURCE_DIR=/opt/rustwide/workdir" "-e" "CARGO_TARGET_DIR=/opt/rustwide/target" "-e" "CARGO_HOME=/opt/rustwide/cargo-home" "-e" "RUSTUP_HOME=/opt/rustwide/rustup-home" "-w" "/opt/rustwide/workdir" "-m" "1610612736" "--user" "0:0" "--network" "none" "ghcr.io/rust-lang/crates-build-env/linux@sha256:34b6a614d2c27851fe6cbf88fbd1137609cefab8b10d0615aaeb6fd47975d74e" "/opt/rustwide/cargo-home/bin/cargo" "+1.54.0" "metadata" "--no-deps" "--format-version=1", kill_on_drop: false }`
[INFO] [stdout] a405527663df855ca408b6affdbfe4051248cd088c5518dbec24465226f2cecb
[INFO] running `Command { std: "docker" "start" "-a" "a405527663df855ca408b6affdbfe4051248cd088c5518dbec24465226f2cecb", kill_on_drop: false }`
[INFO] running `Command { std: "docker" "inspect" "a405527663df855ca408b6affdbfe4051248cd088c5518dbec24465226f2cecb", kill_on_drop: false }`
[INFO] running `Command { std: "docker" "rm" "-f" "a405527663df855ca408b6affdbfe4051248cd088c5518dbec24465226f2cecb", kill_on_drop: false }`
[INFO] [stdout] a405527663df855ca408b6affdbfe4051248cd088c5518dbec24465226f2cecb
[INFO] running `Command { std: "docker" "create" "-v" "/var/lib/crater-agent-workspace/builds/worker-27/target:/opt/rustwide/target:rw,Z" "-v" "/var/lib/crater-agent-workspace/builds/worker-27/source:/opt/rustwide/workdir:ro,Z" "-v" "/var/lib/crater-agent-workspace/cargo-home:/opt/rustwide/cargo-home:ro,Z" "-v" "/var/lib/crater-agent-workspace/rustup-home:/opt/rustwide/rustup-home:ro,Z" "-e" "SOURCE_DIR=/opt/rustwide/workdir" "-e" "CARGO_TARGET_DIR=/opt/rustwide/target" "-e" "CARGO_INCREMENTAL=0" "-e" "RUST_BACKTRACE=full" "-e" "RUSTDOCFLAGS=--cap-lints=warn" "-e" "CARGO_HOME=/opt/rustwide/cargo-home" "-e" "RUSTUP_HOME=/opt/rustwide/rustup-home" "-w" "/opt/rustwide/workdir" "-m" "1610612736" "--user" "0:0" "--network" "none" "ghcr.io/rust-lang/crates-build-env/linux@sha256:34b6a614d2c27851fe6cbf88fbd1137609cefab8b10d0615aaeb6fd47975d74e" "/opt/rustwide/cargo-home/bin/cargo" "+1.54.0" "doc" "--frozen" "--no-deps" "--document-private-items" "--message-format=json", kill_on_drop: false }`
[INFO] [stdout] 0261733f017acab04dc2742b3e043c0bdab8e11be87af61b73b7bcc234cbdcb7
[INFO] running `Command { std: "docker" "start" "-a" "0261733f017acab04dc2742b3e043c0bdab8e11be87af61b73b7bcc234cbdcb7", kill_on_drop: false }`
[INFO] [stderr]  Documenting aliri_clock v0.1.4 (/opt/rustwide/workdir)
[INFO] [stdout] error[E0405]: cannot find trait `Serialize` in this scope
[INFO] [stdout]    --> src/lib.rs:104:6
[INFO] [stdout]     |
[INFO] [stdout] 104 | impl Serialize for UnixTime {
[INFO] [stdout]     |      ^^^^^^^^^ not found in this scope
[INFO] [stdout] 
[INFO] [stdout] 
[INFO] [stderr] error: could not document `aliri_clock`
[INFO] [stdout] error[E0405]: cannot find trait `Serializer` in this scope
[INFO] [stdout]    --> src/lib.rs:106:21
[INFO] [stdout]     |
[INFO] [stdout] 106 |     fn serialize<S: Serializer>(&self, serializer: S) -> Result<S::Ok, S::Error> {
[INFO] [stdout]     |                     ^^^^^^^^^^ not found in this scope
[INFO] [stdout] 
[INFO] [stdout] 
[INFO] [stderr] 
[INFO] [stdout] error[E0405]: cannot find trait `Deserialize` in this scope
[INFO] [stdout]    --> src/lib.rs:113:11
[INFO] [stdout]     |
[INFO] [stdout] 113 | impl<'de> Deserialize<'de> for UnixTime {
[INFO] [stdout]     |           ^^^^^^^^^^^ not found in this scope
[INFO] [stdout] 
[INFO] [stdout] 
[INFO] [stderr] Caused by:
[INFO] [stdout] error[E0405]: cannot find trait `Deserializer` in this scope
[INFO] [stdout]    --> src/lib.rs:115:23
[INFO] [stdout]     |
[INFO] [stdout] 115 |     fn deserialize<D: Deserializer<'de>>(deserializer: D) -> Result<Self, D::Error> {
[INFO] [stdout]     |                       ^^^^^^^^^^^^ not found in this scope
[INFO] [stdout] 
[INFO] [stdout] 
[INFO] [stderr]   process didn't exit successfully: `rustdoc --edition=2018 --crate-type lib --crate-name aliri_clock src/lib.rs -o /opt/rustwide/target/doc --error-format=json --json=diagnostic-rendered-ansi --document-private-items -L dependency=/opt/rustwide/target/debug/deps --cap-lints=warn --crate-version 0.1.4` (exit status: 1)
[INFO] [stdout] error[E0405]: cannot find trait `Serialize` in this scope
[INFO] [stdout]    --> src/lib.rs:232:6
[INFO] [stdout]     |
[INFO] [stdout] 232 | impl Serialize for DurationSecs {
[INFO] [stdout]     |      ^^^^^^^^^ not found in this scope
[INFO] [stdout] 
[INFO] [stdout] 
[INFO] [stdout] error[E0405]: cannot find trait `Serializer` in this scope
[INFO] [stdout]    --> src/lib.rs:234:21
[INFO] [stdout]     |
[INFO] [stdout] 234 |     fn serialize<S: Serializer>(&self, serializer: S) -> Result<S::Ok, S::Error> {
[INFO] [stdout]     |                     ^^^^^^^^^^ not found in this scope
[INFO] [stdout] 
[INFO] [stdout] 
[INFO] [stdout] error[E0405]: cannot find trait `Deserialize` in this scope
[INFO] [stdout]    --> src/lib.rs:241:11
[INFO] [stdout]     |
[INFO] [stdout] 241 | impl<'de> Deserialize<'de> for DurationSecs {
[INFO] [stdout]     |           ^^^^^^^^^^^ not found in this scope
[INFO] [stdout] 
[INFO] [stdout] 
[INFO] [stdout] error[E0405]: cannot find trait `Deserializer` in this scope
[INFO] [stdout]    --> src/lib.rs:243:23
[INFO] [stdout]     |
[INFO] [stdout] 243 |     fn deserialize<D: Deserializer<'de>>(deserializer: D) -> Result<Self, D::Error> {
[INFO] [stdout]     |                       ^^^^^^^^^^^^ not found in this scope
[INFO] [stdout] 
[INFO] [stdout] 
[INFO] [stdout] error: Compilation failed, aborting rustdoc
[INFO] [stdout] 
[INFO] [stdout] 
[INFO] [stdout] error: aborting due to 9 previous errors
[INFO] [stdout] 
[INFO] [stdout] 
[INFO] [stdout] For more information about this error, try `rustc --explain E0405`.
[INFO] [stdout] 
[INFO] running `Command { std: "docker" "inspect" "0261733f017acab04dc2742b3e043c0bdab8e11be87af61b73b7bcc234cbdcb7", kill_on_drop: false }`
[INFO] running `Command { std: "docker" "rm" "-f" "0261733f017acab04dc2742b3e043c0bdab8e11be87af61b73b7bcc234cbdcb7", kill_on_drop: false }`
[INFO] [stdout] 0261733f017acab04dc2742b3e043c0bdab8e11be87af61b73b7bcc234cbdcb7
