[INFO] fetching crate alef 0.0.1-alpha...
[INFO] documenting alef-0.0.1-alpha against beta-2021-08-01 for beta-1.55-rustdoc-1
[INFO] extracting crate alef 0.0.1-alpha into /workspace/builds/worker-34/source
[INFO] validating manifest of crates.io crate alef 0.0.1-alpha on toolchain beta-2021-08-01
[INFO] running `Command { std: "/workspace/cargo-home/bin/cargo" "+beta-2021-08-01" "metadata" "--manifest-path" "Cargo.toml" "--no-deps", kill_on_drop: false }`
[INFO] started tweaking crates.io crate alef 0.0.1-alpha
[INFO] finished tweaking crates.io crate alef 0.0.1-alpha
[INFO] tweaked toml for crates.io crate alef 0.0.1-alpha written to /workspace/builds/worker-34/source/Cargo.toml
[INFO] running `Command { std: "/workspace/cargo-home/bin/cargo" "+beta-2021-08-01" "generate-lockfile" "--manifest-path" "Cargo.toml" "-Zno-index-update", kill_on_drop: false }`
[INFO] running `Command { std: "/workspace/cargo-home/bin/cargo" "+beta-2021-08-01" "fetch" "--manifest-path" "Cargo.toml", kill_on_drop: false }`
[INFO] [stderr]  Downloading crates ...
[INFO] [stderr]   Downloaded swc_ecma_codegen_macros v0.5.2
[INFO] [stderr]   Downloaded swc_ecma_parser v0.44.2
[INFO] [stderr]   Downloaded swc_ecma_transforms_macros v0.1.2
[INFO] [stderr]   Downloaded sourcemap v6.0.1
[INFO] [stderr]   Downloaded swc_visit v0.2.5
[INFO] [stderr]   Downloaded swc_common v0.10.23
[INFO] [stderr]   Downloaded swc_ecma_transforms v0.31.2
[INFO] [stderr]   Downloaded swc_ecma_codegen v0.42.2
[INFO] [stderr]   Downloaded swc_ecma_visit v0.22.0
[INFO] [stderr]   Downloaded swc_ecma_ast v0.36.3
[INFO] [stderr]   Downloaded swc_ecma_utils v0.26.1
[INFO] [stderr]   Downloaded swc_ecmascript v0.16.1
[INFO] [stderr]   Downloaded jsdoc v0.12.0
[INFO] running `Command { std: "docker" "create" "-v" "/var/lib/crater-agent-workspace/builds/worker-34/target:/opt/rustwide/target:rw,Z" "-v" "/var/lib/crater-agent-workspace/builds/worker-34/source:/opt/rustwide/workdir:ro,Z" "-v" "/var/lib/crater-agent-workspace/cargo-home:/opt/rustwide/cargo-home:ro,Z" "-v" "/var/lib/crater-agent-workspace/rustup-home:/opt/rustwide/rustup-home:ro,Z" "-e" "SOURCE_DIR=/opt/rustwide/workdir" "-e" "CARGO_TARGET_DIR=/opt/rustwide/target" "-e" "CARGO_HOME=/opt/rustwide/cargo-home" "-e" "RUSTUP_HOME=/opt/rustwide/rustup-home" "-w" "/opt/rustwide/workdir" "-m" "1610612736" "--user" "0:0" "--network" "none" "ghcr.io/rust-lang/crates-build-env/linux@sha256:34b6a614d2c27851fe6cbf88fbd1137609cefab8b10d0615aaeb6fd47975d74e" "/opt/rustwide/cargo-home/bin/cargo" "+beta-2021-08-01" "metadata" "--no-deps" "--format-version=1", kill_on_drop: false }`
[INFO] [stdout] e04005c03879191fb1229e50952511d4c0ec6d796104f49f78c4b1e10b331299
[INFO] running `Command { std: "docker" "start" "-a" "e04005c03879191fb1229e50952511d4c0ec6d796104f49f78c4b1e10b331299", kill_on_drop: false }`
[INFO] running `Command { std: "docker" "inspect" "e04005c03879191fb1229e50952511d4c0ec6d796104f49f78c4b1e10b331299", kill_on_drop: false }`
[INFO] running `Command { std: "docker" "rm" "-f" "e04005c03879191fb1229e50952511d4c0ec6d796104f49f78c4b1e10b331299", kill_on_drop: false }`
[INFO] [stdout] e04005c03879191fb1229e50952511d4c0ec6d796104f49f78c4b1e10b331299
[INFO] running `Command { std: "docker" "create" "-v" "/var/lib/crater-agent-workspace/builds/worker-34/target:/opt/rustwide/target:rw,Z" "-v" "/var/lib/crater-agent-workspace/builds/worker-34/source:/opt/rustwide/workdir:ro,Z" "-v" "/var/lib/crater-agent-workspace/cargo-home:/opt/rustwide/cargo-home:ro,Z" "-v" "/var/lib/crater-agent-workspace/rustup-home:/opt/rustwide/rustup-home:ro,Z" "-e" "SOURCE_DIR=/opt/rustwide/workdir" "-e" "CARGO_TARGET_DIR=/opt/rustwide/target" "-e" "CARGO_INCREMENTAL=0" "-e" "RUST_BACKTRACE=full" "-e" "RUSTDOCFLAGS=--cap-lints=warn" "-e" "CARGO_HOME=/opt/rustwide/cargo-home" "-e" "RUSTUP_HOME=/opt/rustwide/rustup-home" "-w" "/opt/rustwide/workdir" "-m" "1610612736" "--user" "0:0" "--network" "none" "ghcr.io/rust-lang/crates-build-env/linux@sha256:34b6a614d2c27851fe6cbf88fbd1137609cefab8b10d0615aaeb6fd47975d74e" "/opt/rustwide/cargo-home/bin/cargo" "+beta-2021-08-01" "doc" "--frozen" "--no-deps" "--document-private-items" "--message-format=json", kill_on_drop: false }`
[INFO] [stdout] 05a9c9d9e59ff7398b7cb02fb740bf4cd046df30c1d80caee2ce0bc74a1d23eb
[INFO] running `Command { std: "docker" "start" "-a" "05a9c9d9e59ff7398b7cb02fb740bf4cd046df30c1d80caee2ce0bc74a1d23eb", kill_on_drop: false }`
[INFO] [stderr]     Blocking waiting for file lock on package cache
[INFO] [stderr]     Blocking waiting for file lock on package cache
[INFO] [stderr]     Blocking waiting for file lock on package cache
[INFO] [stderr]    Compiling syn v1.0.65
[INFO] [stderr]    Compiling memchr v2.4.0
[INFO] [stderr]    Compiling libc v0.2.98
[INFO] [stderr]    Compiling autocfg v1.0.1
[INFO] [stderr]    Compiling getrandom v0.1.16
[INFO] [stderr]    Compiling ppv-lite86 v0.2.10
[INFO] [stderr]    Compiling serde v1.0.127
[INFO] [stderr]    Compiling siphasher v0.3.6
[INFO] [stderr]    Compiling regex-syntax v0.6.25
[INFO] [stderr]     Checking matches v0.1.8
[INFO] [stderr]     Checking tinyvec_macros v0.1.0
[INFO] [stderr]    Compiling strsim v0.9.3
[INFO] [stderr]     Checking lazy_static v1.4.0
[INFO] [stderr]    Compiling ident_case v1.0.1
[INFO] [stderr]    Compiling fnv v1.0.7
[INFO] [stderr]     Checking percent-encoding v2.1.0
[INFO] [stderr]     Checking new_debug_unreachable v1.0.4
[INFO] [stderr]     Checking precomputed-hash v0.1.1
[INFO] [stderr]     Checking either v1.6.1
[INFO] [stderr]     Checking stable_deref_trait v1.2.0
[INFO] [stderr]     Checking base64 v0.11.0
[INFO] [stderr]     Checking if_chain v1.0.1
[INFO] [stderr]     Checking byteorder v1.4.3
[INFO] [stderr]     Checking scoped-tls v1.0.0
[INFO] [stderr]     Checking cfg-if v0.1.10
[INFO] [stderr]     Checking unicode-width v0.1.8
[INFO] [stderr]     Checking once_cell v1.8.0
[INFO] [stderr]    Compiling bitflags v1.2.1
[INFO] [stderr]    Compiling lexical-core v0.7.6
[INFO] [stderr]    Compiling version_check v0.9.3
[INFO] [stderr]    Compiling proc-macro-hack v0.5.19
[INFO] [stderr]     Checking static_assertions v1.1.0
[INFO] [stderr]     Checking unicode-xid v0.2.2
[INFO] [stderr]     Checking arrayvec v0.5.2
[INFO] [stderr]     Checking smallvec v1.6.1
[INFO] [stderr]     Checking hashbrown v0.11.2
[INFO] [stderr]    Compiling anyhow v1.0.42
[INFO] [stderr]     Checking retain_mut v0.1.1
[INFO] [stderr]     Checking log v0.4.14
[INFO] [stderr]    Compiling phf_shared v0.8.0
[INFO] [stderr]     Checking unicode-bidi v0.3.5
[INFO] [stderr]     Checking form_urlencoded v1.0.1
[INFO] [stderr]     Checking owning_ref v0.4.1
[INFO] [stderr]     Checking tinyvec v1.3.1
[INFO] [stderr]     Checking fxhash v0.2.1
[INFO] [stderr]    Compiling num-traits v0.2.14
[INFO] [stderr]    Compiling num-integer v0.1.44
[INFO] [stderr]    Compiling num-bigint v0.2.6
[INFO] [stderr]    Compiling indexmap v1.7.0
[INFO] [stderr]    Compiling nom v5.1.2
[INFO] [stderr]    Compiling aho-corasick v0.7.18
[INFO] [stderr]     Checking unicode-normalization v0.1.19
[INFO] [stderr]    Compiling rand_core v0.5.1
[INFO] [stderr]    Compiling rand_pcg v0.2.1
[INFO] [stderr]    Compiling rand_chacha v0.2.2
[INFO] [stderr]    Compiling rand v0.7.3
[INFO] [stderr]     Checking ordered-float v1.1.1
[INFO] [stderr]     Checking idna v0.2.3
[INFO] [stderr]    Compiling regex v1.5.4
[INFO] [stderr]    Compiling phf_generator v0.8.0
[INFO] [stderr]     Checking url v2.2.2
[INFO] [stderr]    Compiling string_cache_codegen v0.5.1
[INFO] [stderr]     Checking Inflector v0.11.4
[INFO] [stderr]    Compiling swc_atoms v0.2.6
[INFO] [stderr]    Compiling pmutil v0.5.3
[INFO] [stderr]    Compiling darling_core v0.10.2
[INFO] [stderr]    Compiling swc_macros_common v0.3.3
[INFO] [stderr]    Compiling serde_derive v1.0.127
[INFO] [stderr]    Compiling swc_visit_macros v0.2.3
[INFO] [stderr]    Compiling from_variant v0.1.3
[INFO] [stderr]    Compiling swc_eq_ignore_macros v0.1.0
[INFO] [stderr]    Compiling string_enum v0.3.1
[INFO] [stderr]    Compiling is-macro v0.1.9
[INFO] [stderr]    Compiling enum_kind v0.2.1
[INFO] [stderr]    Compiling phf_macros v0.8.0
[INFO] [stderr]    Compiling swc_ecma_codegen_macros v0.5.2
[INFO] [stderr]    Compiling swc_ecma_transforms_macros v0.1.2
[INFO] [stderr]    Compiling darling_macro v0.10.2
[INFO] [stderr]     Checking phf v0.8.0
[INFO] [stderr]    Compiling darling v0.10.2
[INFO] [stderr]    Compiling ast_node v0.7.3
[INFO] [stderr]     Checking swc_visit v0.2.5
[INFO] [stderr]     Checking serde_json v1.0.66
[INFO] [stderr]     Checking string_cache v0.8.1
[INFO] [stderr]     Checking sourcemap v6.0.1
[INFO] [stderr]     Checking swc_common v0.10.23
[INFO] [stderr]     Checking swc_ecma_ast v0.36.3
[INFO] [stderr]     Checking jsdoc v0.12.0
[INFO] [stderr]     Checking swc_ecma_visit v0.22.0
[INFO] [stderr]     Checking swc_ecma_parser v0.44.2
[INFO] [stderr]     Checking swc_ecma_utils v0.26.1
[INFO] [stderr]     Checking swc_ecma_transforms v0.31.2
[INFO] [stderr]     Checking swc_ecma_codegen v0.42.2
[INFO] [stdout] error[E0433]: failed to resolve: use of undeclared crate or module `swc_ecma_transforms_base`
[INFO] [stdout]   --> /opt/rustwide/cargo-home/registry/src/github.com-1ecc6299db9ec823/swc_ecma_transforms-0.31.2/src/compat/es2015/arrow.rs:65:1
[INFO] [stdout]    |
[INFO] [stdout] 65 | #[fast_path(ArrowVisitor)]
[INFO] [stdout]    | ^^^^^^^^^^^^^^^^^^^^^^^^^^ use of undeclared crate or module `swc_ecma_transforms_base`
[INFO] [stdout]    |
[INFO] [stdout]    = note: this error originates in the attribute macro `fast_path` (in Nightly builds, run with -Z macro-backtrace for more info)
[INFO] [stdout] 
[INFO] [stdout] 
[INFO] [stdout] error[E0433]: failed to resolve: use of undeclared crate or module `swc_ecma_transforms_base`
[INFO] [stdout]   --> /opt/rustwide/cargo-home/registry/src/github.com-1ecc6299db9ec823/swc_ecma_transforms-0.31.2/src/compat/es2016/exponentation.rs:42:1
[INFO] [stdout]    |
[INFO] [stdout] 42 | #[fast_path(ShouldFold)]
[INFO] [stdout]    | ^^^^^^^^^^^^^^^^^^^^^^^^ use of undeclared crate or module `swc_ecma_transforms_base`
[INFO] [stdout]    |
[INFO] [stdout]    = note: this error originates in the attribute macro `fast_path` (in Nightly builds, run with -Z macro-backtrace for more info)
[INFO] [stdout] 
[INFO] [stdout] 
[INFO] [stdout] error[E0433]: failed to resolve: use of undeclared crate or module `swc_ecma_transforms_base`
[INFO] [stdout]   --> /opt/rustwide/cargo-home/registry/src/github.com-1ecc6299db9ec823/swc_ecma_transforms-0.31.2/src/compat/es2016/exponentation.rs:99:1
[INFO] [stdout]    |
[INFO] [stdout] 99 | #[fast_path(ShouldFold)]
[INFO] [stdout]    | ^^^^^^^^^^^^^^^^^^^^^^^^ use of undeclared crate or module `swc_ecma_transforms_base`
[INFO] [stdout]    |
[INFO] [stdout]    = note: this error originates in the attribute macro `fast_path` (in Nightly builds, run with -Z macro-backtrace for more info)
[INFO] [stdout] 
[INFO] [stdout] 
[INFO] [stdout] error[E0433]: failed to resolve: use of undeclared crate or module `swc_ecma_transforms_base`
[INFO] [stdout]   --> /opt/rustwide/cargo-home/registry/src/github.com-1ecc6299db9ec823/swc_ecma_transforms-0.31.2/src/compat/es2017/async_to_generator.rs:43:1
[INFO] [stdout]    |
[INFO] [stdout] 43 | #[fast_path(ShouldWork)]
[INFO] [stdout]    | ^^^^^^^^^^^^^^^^^^^^^^^^ use of undeclared crate or module `swc_ecma_transforms_base`
[INFO] [stdout]    |
[INFO] [stdout]    = note: this error originates in the attribute macro `fast_path` (in Nightly builds, run with -Z macro-backtrace for more info)
[INFO] [stdout] 
[INFO] [stdout] 
[INFO] [stdout] error[E0433]: failed to resolve: use of undeclared crate or module `swc_ecma_transforms_base`
[INFO] [stdout]   --> /opt/rustwide/cargo-home/registry/src/github.com-1ecc6299db9ec823/swc_ecma_transforms-0.31.2/src/compat/es2017/async_to_generator.rs:80:1
[INFO] [stdout]    |
[INFO] [stdout] 80 | #[fast_path(ShouldWork)]
[INFO] [stdout]    | ^^^^^^^^^^^^^^^^^^^^^^^^ use of undeclared crate or module `swc_ecma_transforms_base`
[INFO] [stdout]    |
[INFO] [stdout]    = note: this error originates in the attribute macro `fast_path` (in Nightly builds, run with -Z macro-backtrace for more info)
[INFO] [stdout] 
[INFO] [stdout] 
[INFO] [stdout] error[E0433]: failed to resolve: use of undeclared crate or module `swc_ecma_transforms_base`
[INFO] [stdout]     --> /opt/rustwide/cargo-home/registry/src/github.com-1ecc6299db9ec823/swc_ecma_transforms-0.31.2/src/compat/es2018/object_rest_spread.rs:1094:1
[INFO] [stdout]      |
[INFO] [stdout] 1094 | #[fast_path(SpreadVisitor)]
[INFO] [stdout]      | ^^^^^^^^^^^^^^^^^^^^^^^^^^^ use of undeclared crate or module `swc_ecma_transforms_base`
[INFO] [stdout]      |
[INFO] [stdout]      = note: this error originates in the attribute macro `fast_path` (in Nightly builds, run with -Z macro-backtrace for more info)
[INFO] [stdout] 
[INFO] [stdout] 
[INFO] [stdout] error[E0433]: failed to resolve: use of undeclared crate or module `swc_ecma_transforms_base`
[INFO] [stdout]   --> /opt/rustwide/cargo-home/registry/src/github.com-1ecc6299db9ec823/swc_ecma_transforms-0.31.2/src/compat/es2018/optional_catch_binding.rs:12:1
[INFO] [stdout]    |
[INFO] [stdout] 12 | #[fast_path(ShouldWork)]
[INFO] [stdout]    | ^^^^^^^^^^^^^^^^^^^^^^^^ use of undeclared crate or module `swc_ecma_transforms_base`
[INFO] [stdout]    |
[INFO] [stdout]    = note: this error originates in the attribute macro `fast_path` (in Nightly builds, run with -Z macro-backtrace for more info)
[INFO] [stdout] 
[INFO] [stdout] 
[INFO] [stdout] error[E0433]: failed to resolve: use of undeclared crate or module `swc_ecma_transforms_base`
[INFO] [stdout]   --> /opt/rustwide/cargo-home/registry/src/github.com-1ecc6299db9ec823/swc_ecma_transforms-0.31.2/src/compat/es2020/class_properties.rs:55:1
[INFO] [stdout]    |
[INFO] [stdout] 55 | #[fast_path(ShouldWork)]
[INFO] [stdout]    | ^^^^^^^^^^^^^^^^^^^^^^^^ use of undeclared crate or module `swc_ecma_transforms_base`
[INFO] [stdout]    |
[INFO] [stdout]    = note: this error originates in the attribute macro `fast_path` (in Nightly builds, run with -Z macro-backtrace for more info)
[INFO] [stdout] 
[INFO] [stdout] 
[INFO] [stdout] error[E0433]: failed to resolve: use of undeclared crate or module `swc_ecma_transforms_base`
[INFO] [stdout]   --> /opt/rustwide/cargo-home/registry/src/github.com-1ecc6299db9ec823/swc_ecma_transforms-0.31.2/src/compat/es2020/nullish_coalescing/mod.rs:50:1
[INFO] [stdout]    |
[INFO] [stdout] 50 | #[fast_path(ShouldWork)]
[INFO] [stdout]    | ^^^^^^^^^^^^^^^^^^^^^^^^ use of undeclared crate or module `swc_ecma_transforms_base`
[INFO] [stdout]    |
[INFO] [stdout]    = note: this error originates in the attribute macro `fast_path` (in Nightly builds, run with -Z macro-backtrace for more info)
[INFO] [stdout] 
[INFO] [stdout] 
[INFO] [stdout] error[E0433]: failed to resolve: use of undeclared crate or module `swc_ecma_transforms_base`
[INFO] [stdout]   --> /opt/rustwide/cargo-home/registry/src/github.com-1ecc6299db9ec823/swc_ecma_transforms-0.31.2/src/compat/es2020/opt_chaining.rs:22:1
[INFO] [stdout]    |
[INFO] [stdout] 22 | #[fast_path(ShouldWork)]
[INFO] [stdout]    | ^^^^^^^^^^^^^^^^^^^^^^^^ use of undeclared crate or module `swc_ecma_transforms_base`
[INFO] [stdout]    |
[INFO] [stdout]    = note: this error originates in the attribute macro `fast_path` (in Nightly builds, run with -Z macro-backtrace for more info)
[INFO] [stdout] 
[INFO] [stdout] 
[INFO] [stdout] error[E0433]: failed to resolve: use of undeclared crate or module `swc_ecma_transforms_base`
[INFO] [stdout]   --> /opt/rustwide/cargo-home/registry/src/github.com-1ecc6299db9ec823/swc_ecma_transforms-0.31.2/src/compat/reserved_words.rs:15:1
[INFO] [stdout]    |
[INFO] [stdout] 15 | #[fast_path(ShouldWork)]
[INFO] [stdout]    | ^^^^^^^^^^^^^^^^^^^^^^^^ use of undeclared crate or module `swc_ecma_transforms_base`
[INFO] [stdout]    |
[INFO] [stdout]    = note: this error originates in the attribute macro `fast_path` (in Nightly builds, run with -Z macro-backtrace for more info)
[INFO] [stdout] 
[INFO] [stdout] 
[INFO] [stdout] error: aborting due to 11 previous errors
[INFO] [stdout] 
[INFO] [stdout] 
[INFO] [stdout] For more information about this error, try `rustc --explain E0433`.
[INFO] [stdout] 
[INFO] [stderr] error: could not compile `swc_ecma_transforms` due to 12 previous errors
[INFO] running `Command { std: "docker" "inspect" "05a9c9d9e59ff7398b7cb02fb740bf4cd046df30c1d80caee2ce0bc74a1d23eb", kill_on_drop: false }`
[INFO] running `Command { std: "docker" "rm" "-f" "05a9c9d9e59ff7398b7cb02fb740bf4cd046df30c1d80caee2ce0bc74a1d23eb", kill_on_drop: false }`
[INFO] [stdout] 05a9c9d9e59ff7398b7cb02fb740bf4cd046df30c1d80caee2ce0bc74a1d23eb
