[INFO] fetching crate actori-web-httpauth 0.4.0...
[INFO] documenting actori-web-httpauth-0.4.0 against 1.54.0 for beta-1.55-rustdoc-1
[INFO] extracting crate actori-web-httpauth 0.4.0 into /workspace/builds/worker-6/source
[INFO] validating manifest of crates.io crate actori-web-httpauth 0.4.0 on toolchain 1.54.0
[INFO] running `Command { std: "/workspace/cargo-home/bin/cargo" "+1.54.0" "metadata" "--manifest-path" "Cargo.toml" "--no-deps", kill_on_drop: false }`
[INFO] started tweaking crates.io crate actori-web-httpauth 0.4.0
[INFO] finished tweaking crates.io crate actori-web-httpauth 0.4.0
[INFO] tweaked toml for crates.io crate actori-web-httpauth 0.4.0 written to /workspace/builds/worker-6/source/Cargo.toml
[INFO] crate crates.io crate actori-web-httpauth 0.4.0 already has a lockfile, it will not be regenerated
[INFO] running `Command { std: "/workspace/cargo-home/bin/cargo" "+1.54.0" "fetch" "--manifest-path" "Cargo.toml", kill_on_drop: false }`
[INFO] [stderr]     Blocking waiting for file lock on package cache
[INFO] running `Command { std: "docker" "create" "-v" "/var/lib/crater-agent-workspace/builds/worker-6/target:/opt/rustwide/target:rw,Z" "-v" "/var/lib/crater-agent-workspace/builds/worker-6/source:/opt/rustwide/workdir:ro,Z" "-v" "/var/lib/crater-agent-workspace/cargo-home:/opt/rustwide/cargo-home:ro,Z" "-v" "/var/lib/crater-agent-workspace/rustup-home:/opt/rustwide/rustup-home:ro,Z" "-e" "SOURCE_DIR=/opt/rustwide/workdir" "-e" "CARGO_TARGET_DIR=/opt/rustwide/target" "-e" "CARGO_HOME=/opt/rustwide/cargo-home" "-e" "RUSTUP_HOME=/opt/rustwide/rustup-home" "-w" "/opt/rustwide/workdir" "-m" "1610612736" "--user" "0:0" "--network" "none" "ghcr.io/rust-lang/crates-build-env/linux@sha256:34b6a614d2c27851fe6cbf88fbd1137609cefab8b10d0615aaeb6fd47975d74e" "/opt/rustwide/cargo-home/bin/cargo" "+1.54.0" "metadata" "--no-deps" "--format-version=1", kill_on_drop: false }`
[INFO] [stdout] cb28a0e9f312b4f36ceef74a2a8acd76cff5511409e989537954a24c53abdf13
[INFO] running `Command { std: "docker" "start" "-a" "cb28a0e9f312b4f36ceef74a2a8acd76cff5511409e989537954a24c53abdf13", kill_on_drop: false }`
[INFO] running `Command { std: "docker" "inspect" "cb28a0e9f312b4f36ceef74a2a8acd76cff5511409e989537954a24c53abdf13", kill_on_drop: false }`
[INFO] running `Command { std: "docker" "rm" "-f" "cb28a0e9f312b4f36ceef74a2a8acd76cff5511409e989537954a24c53abdf13", kill_on_drop: false }`
[INFO] [stdout] cb28a0e9f312b4f36ceef74a2a8acd76cff5511409e989537954a24c53abdf13
[INFO] running `Command { std: "docker" "create" "-v" "/var/lib/crater-agent-workspace/builds/worker-6/target:/opt/rustwide/target:rw,Z" "-v" "/var/lib/crater-agent-workspace/builds/worker-6/source:/opt/rustwide/workdir:ro,Z" "-v" "/var/lib/crater-agent-workspace/cargo-home:/opt/rustwide/cargo-home:ro,Z" "-v" "/var/lib/crater-agent-workspace/rustup-home:/opt/rustwide/rustup-home:ro,Z" "-e" "SOURCE_DIR=/opt/rustwide/workdir" "-e" "CARGO_TARGET_DIR=/opt/rustwide/target" "-e" "CARGO_INCREMENTAL=0" "-e" "RUST_BACKTRACE=full" "-e" "RUSTDOCFLAGS=--cap-lints=warn" "-e" "CARGO_HOME=/opt/rustwide/cargo-home" "-e" "RUSTUP_HOME=/opt/rustwide/rustup-home" "-w" "/opt/rustwide/workdir" "-m" "1610612736" "--user" "0:0" "--network" "none" "ghcr.io/rust-lang/crates-build-env/linux@sha256:34b6a614d2c27851fe6cbf88fbd1137609cefab8b10d0615aaeb6fd47975d74e" "/opt/rustwide/cargo-home/bin/cargo" "+1.54.0" "doc" "--frozen" "--no-deps" "--document-private-items" "--message-format=json", kill_on_drop: false }`
[INFO] [stdout] 4335a34eb9faf4d3cb73a5a7e84cf7540d54572c81813a8c1c619a039f847946
[INFO] running `Command { std: "docker" "start" "-a" "4335a34eb9faf4d3cb73a5a7e84cf7540d54572c81813a8c1c619a039f847946", kill_on_drop: false }`
[INFO] [stderr]    Compiling syn v1.0.13
[INFO] [stderr]     Checking futures-core v0.3.1
[INFO] [stderr]    Compiling log v0.4.8
[INFO] [stderr]     Checking futures-sink v0.3.1
[INFO] [stderr]     Checking smallvec v1.1.0
[INFO] [stderr]     Checking bytes v0.5.3
[INFO] [stderr]     Checking futures-io v0.3.1
[INFO] [stderr]     Checking futures-task v0.3.1
[INFO] [stderr]     Checking pin-project-lite v0.1.2
[INFO] [stderr]     Checking itoa v0.4.4
[INFO] [stderr]     Checking regex-syntax v0.6.13
[INFO] [stderr]     Checking dtoa v0.4.4
[INFO] [stderr]    Compiling backtrace-sys v0.1.32
[INFO] [stderr]    Compiling num-traits v0.2.11
[INFO] [stderr]     Checking aho-corasick v0.7.6
[INFO] [stderr]     Checking generic-array v0.12.3
[INFO] [stderr]     Checking encoding_rs v0.8.22
[INFO] [stderr]     Checking rand_chacha v0.2.1
[INFO] [stderr]     Checking futures-channel v0.3.1
[INFO] [stderr]     Checking rand v0.7.3
[INFO] [stderr]     Checking parking_lot_core v0.7.0
[INFO] [stderr]     Checking unicode-normalization v0.1.11
[INFO] [stderr]     Checking block-buffer v0.7.3
[INFO] [stderr]     Checking digest v0.8.1
[INFO] [stderr]     Checking sha-1 v0.8.2
[INFO] [stderr]     Checking http v0.2.0
[INFO] [stderr]     Checking bytestring v0.1.4
[INFO] [stderr]     Checking mio v0.6.21
[INFO] [stderr]     Checking parking_lot v0.10.0
[INFO] [stderr]     Checking backtrace v0.3.42
[INFO] [stderr]     Checking idna v0.2.0
[INFO] [stderr]     Checking mio-uds v0.6.7
[INFO] [stderr]     Checking tokio v0.2.9
[INFO] [stderr]     Checking num-integer v0.1.42
[INFO] [stderr]     Checking url v2.1.1
[INFO] [stderr]     Checking chrono v0.4.10
[INFO] [stderr]     Checking tokio-util v0.2.0
[INFO] [stderr]     Checking regex v1.3.3
[INFO] [stderr]     Checking actori-codec v0.2.0
[INFO] [stderr]    Compiling synstructure v0.12.3
[INFO] [stderr]    Compiling proc-macro-hack v0.5.11
[INFO] [stderr]    Compiling pin-project-internal v0.4.6
[INFO] [stderr]    Compiling derive_more v0.99.2
[INFO] [stderr]    Compiling actori-macros v0.1.1
[INFO] [stderr]    Compiling serde_derive v1.0.104
[INFO] [stderr]    Compiling failure_derive v0.1.6
[INFO] [stderr]    Compiling async-trait v0.1.22
[INFO] [stderr]    Compiling enum-as-inner v0.3.0
[INFO] [stderr]    Compiling actori-web-codegen v0.2.0
[INFO] [stderr]    Compiling futures-macro v0.3.1
[INFO] [stderr]     Checking failure v0.1.6
[INFO] [stderr]     Checking pin-project v0.4.6
[INFO] [stderr]     Checking futures-util v0.3.1
[INFO] [stderr]     Checking actori-threadpool v0.3.1
[INFO] [stderr]     Checking futures-executor v0.3.1
[INFO] [stderr]     Checking actori-service v1.0.5
[INFO] [stderr]     Checking h2 v0.2.1
[INFO] [stderr]     Checking futures v0.3.1
[INFO] [stderr]     Checking actori-rt v1.0.0
[INFO] [stderr]     Checking trust-dns-proto v0.18.0-alpha.2
[INFO] [stderr]     Checking serde v1.0.104
[INFO] [stderr]     Checking actori-utils v1.0.6
[INFO] [stderr]     Checking actori-server v1.0.1
[INFO] [stderr]     Checking actori-tls v1.0.0
[INFO] [stderr]     Checking trust-dns-resolver v0.18.0-alpha.2
[INFO] [stderr]     Checking actori-testing v1.0.0
[INFO] [stderr]     Checking actori-connect v1.0.2
[INFO] [stderr]     Checking serde_urlencoded v0.6.1
[INFO] [stderr]     Checking serde_json v1.0.44
[INFO] [stderr]     Checking actori-router v0.2.4
[INFO] [stderr]     Checking actori-http v1.0.1
[INFO] [stderr]     Checking actoriwc v1.0.1
[INFO] [stderr]     Checking actori-web v2.0.0
[INFO] [stdout] error: unexpected token
[INFO] [stdout]    --> /opt/rustwide/cargo-home/registry/src/github.com-1ecc6299db9ec823/actori-web-2.0.0/src/extract.rs:217:20
[INFO] [stdout]     |
[INFO] [stdout] 217 |         futs: ($($T::Future,)+),
[INFO] [stdout]     |                    ^^
[INFO] [stdout] ...
[INFO] [stdout] 255 | tuple_from_req!(TupleFromRequest1, (0, A));
[INFO] [stdout]     | ------------------------------------------- in this macro invocation
[INFO] [stdout]     |
[INFO] [stdout]     = note: this error originates in the macro `tuple_from_req` (in Nightly builds, run with -Z macro-backtrace for more info)
[INFO] [stdout] 
[INFO] [stdout] 
[INFO] [stdout] error: unexpected token
[INFO] [stdout]    --> /opt/rustwide/cargo-home/registry/src/github.com-1ecc6299db9ec823/actori-web-2.0.0/src/extract.rs:217:20
[INFO] [stdout]     |
[INFO] [stdout] 217 |         futs: ($($T::Future,)+),
[INFO] [stdout]     |                    ^^
[INFO] [stdout] ...
[INFO] [stdout] 256 | tuple_from_req!(TupleFromRequest2, (0, A), (1, B));
[INFO] [stdout]     | --------------------------------------------------- in this macro invocation
[INFO] [stdout]     |
[INFO] [stdout]     = note: this error originates in the macro `tuple_from_req` (in Nightly builds, run with -Z macro-backtrace for more info)
[INFO] [stdout] 
[INFO] [stdout] 
[INFO] [stdout] error: unexpected token
[INFO] [stdout]    --> /opt/rustwide/cargo-home/registry/src/github.com-1ecc6299db9ec823/actori-web-2.0.0/src/extract.rs:217:20
[INFO] [stdout]     |
[INFO] [stdout] 217 |         futs: ($($T::Future,)+),
[INFO] [stdout]     |                    ^^
[INFO] [stdout] ...
[INFO] [stdout] 257 | tuple_from_req!(TupleFromRequest3, (0, A), (1, B), (2, C));
[INFO] [stdout]     | ----------------------------------------------------------- in this macro invocation
[INFO] [stdout]     |
[INFO] [stdout]     = note: this error originates in the macro `tuple_from_req` (in Nightly builds, run with -Z macro-backtrace for more info)
[INFO] [stdout] 
[INFO] [stdout] 
[INFO] [stdout] error: unexpected token
[INFO] [stdout]    --> /opt/rustwide/cargo-home/registry/src/github.com-1ecc6299db9ec823/actori-web-2.0.0/src/extract.rs:217:20
[INFO] [stdout]     |
[INFO] [stdout] 217 |         futs: ($($T::Future,)+),
[INFO] [stdout]     |                    ^^
[INFO] [stdout] ...
[INFO] [stdout] 258 | tuple_from_req!(TupleFromRequest4, (0, A), (1, B), (2, C), (3, D));
[INFO] [stdout]     | ------------------------------------------------------------------- in this macro invocation
[INFO] [stdout]     |
[INFO] [stdout]     = note: this error originates in the macro `tuple_from_req` (in Nightly builds, run with -Z macro-backtrace for more info)
[INFO] [stdout] 
[INFO] [stdout] 
[INFO] [stdout] error: unexpected token
[INFO] [stdout]    --> /opt/rustwide/cargo-home/registry/src/github.com-1ecc6299db9ec823/actori-web-2.0.0/src/extract.rs:217:20
[INFO] [stdout]     |
[INFO] [stdout] 217 |         futs: ($($T::Future,)+),
[INFO] [stdout]     |                    ^^
[INFO] [stdout] ...
[INFO] [stdout] 259 | tuple_from_req!(TupleFromRequest5, (0, A), (1, B), (2, C), (3, D), (4, E));
[INFO] [stdout]     | --------------------------------------------------------------------------- in this macro invocation
[INFO] [stdout]     |
[INFO] [stdout]     = note: this error originates in the macro `tuple_from_req` (in Nightly builds, run with -Z macro-backtrace for more info)
[INFO] [stdout] 
[INFO] [stdout] 
[INFO] [stdout] error: unexpected token
[INFO] [stdout]    --> /opt/rustwide/cargo-home/registry/src/github.com-1ecc6299db9ec823/actori-web-2.0.0/src/extract.rs:217:20
[INFO] [stdout]     |
[INFO] [stdout] 217 |         futs: ($($T::Future,)+),
[INFO] [stdout]     |                    ^^
[INFO] [stdout] ...
[INFO] [stdout] 260 | tuple_from_req!(TupleFromRequest6, (0, A), (1, B), (2, C), (3, D), (4, E), (5, F));
[INFO] [stdout]     | ----------------------------------------------------------------------------------- in this macro invocation
[INFO] [stdout]     |
[INFO] [stdout]     = note: this error originates in the macro `tuple_from_req` (in Nightly builds, run with -Z macro-backtrace for more info)
[INFO] [stdout] 
[INFO] [stdout] 
[INFO] [stdout] error: unexpected token
[INFO] [stdout]    --> /opt/rustwide/cargo-home/registry/src/github.com-1ecc6299db9ec823/actori-web-2.0.0/src/extract.rs:217:20
[INFO] [stdout]     |
[INFO] [stdout] 217 |         futs: ($($T::Future,)+),
[INFO] [stdout]     |                    ^^
[INFO] [stdout] ...
[INFO] [stdout] 261 | tuple_from_req!(TupleFromRequest7, (0, A), (1, B), (2, C), (3, D), (4, E), (5, F), (6, G));
[INFO] [stdout]     | ------------------------------------------------------------------------------------------- in this macro invocation
[INFO] [stdout]     |
[INFO] [stdout]     = note: this error originates in the macro `tuple_from_req` (in Nightly builds, run with -Z macro-backtrace for more info)
[INFO] [stdout] 
[INFO] [stdout] 
[INFO] [stdout] error: unexpected token
[INFO] [stdout]    --> /opt/rustwide/cargo-home/registry/src/github.com-1ecc6299db9ec823/actori-web-2.0.0/src/extract.rs:217:20
[INFO] [stdout]     |
[INFO] [stdout] 217 |         futs: ($($T::Future,)+),
[INFO] [stdout]     |                    ^^
[INFO] [stdout] ...
[INFO] [stdout] 262 | tuple_from_req!(TupleFromRequest8, (0, A), (1, B), (2, C), (3, D), (4, E), (5, F), (6, G), (7, H));
[INFO] [stdout]     | --------------------------------------------------------------------------------------------------- in this macro invocation
[INFO] [stdout]     |
[INFO] [stdout]     = note: this error originates in the macro `tuple_from_req` (in Nightly builds, run with -Z macro-backtrace for more info)
[INFO] [stdout] 
[INFO] [stdout] 
[INFO] [stdout] error: unexpected token
[INFO] [stdout]    --> /opt/rustwide/cargo-home/registry/src/github.com-1ecc6299db9ec823/actori-web-2.0.0/src/extract.rs:217:20
[INFO] [stdout]     |
[INFO] [stdout] 217 |         futs: ($($T::Future,)+),
[INFO] [stdout]     |                    ^^
[INFO] [stdout] ...
[INFO] [stdout] 263 | tuple_from_req!(TupleFromRequest9, (0, A), (1, B), (2, C), (3, D), (4, E), (5, F), (6, G), (7, H), (8, I));
[INFO] [stdout]     | ----------------------------------------------------------------------------------------------------------- in this macro invocation
[INFO] [stdout]     |
[INFO] [stdout]     = note: this error originates in the macro `tuple_from_req` (in Nightly builds, run with -Z macro-backtrace for more info)
[INFO] [stdout] 
[INFO] [stdout] 
[INFO] [stdout] error: unexpected token
[INFO] [stdout]    --> /opt/rustwide/cargo-home/registry/src/github.com-1ecc6299db9ec823/actori-web-2.0.0/src/extract.rs:217:20
[INFO] [stdout]     |
[INFO] [stdout] 217 |         futs: ($($T::Future,)+),
[INFO] [stdout]     |                    ^^
[INFO] [stdout] ...
[INFO] [stdout] 264 | tuple_from_req!(TupleFromRequest10, (0, A), (1, B), (2, C), (3, D), (4, E), (5, F), (6, G), (7, H), (8, I), (9, J));
[INFO] [stdout]     | -------------------------------------------------------------------------------------------------------------------- in this macro invocation
[INFO] [stdout]     |
[INFO] [stdout]     = note: this error originates in the macro `tuple_from_req` (in Nightly builds, run with -Z macro-backtrace for more info)
[INFO] [stdout] 
[INFO] [stdout] 
[INFO] [stdout] error[E0599]: no method named `project` found for struct `std::pin::Pin<&mut TupleFromRequest1<A>>` in the current scope
[INFO] [stdout]    --> /opt/rustwide/cargo-home/registry/src/github.com-1ecc6299db9ec823/actori-web-2.0.0/src/extract.rs:225:29
[INFO] [stdout]     |
[INFO] [stdout] 225 |             let this = self.project();
[INFO] [stdout]     |                             ^^^^^^^ method not found in `std::pin::Pin<&mut TupleFromRequest1<A>>`
[INFO] [stdout] ...
[INFO] [stdout] 255 | tuple_from_req!(TupleFromRequest1, (0, A));
[INFO] [stdout]     | ------------------------------------------- in this macro invocation
[INFO] [stdout]     |
[INFO] [stdout]     = note: this error originates in the macro `tuple_from_req` (in Nightly builds, run with -Z macro-backtrace for more info)
[INFO] [stdout] 
[INFO] [stdout] 
[INFO] [stdout] error[E0599]: no method named `project` found for struct `std::pin::Pin<&mut TupleFromRequest2<A, B>>` in the current scope
[INFO] [stdout]    --> /opt/rustwide/cargo-home/registry/src/github.com-1ecc6299db9ec823/actori-web-2.0.0/src/extract.rs:225:29
[INFO] [stdout]     |
[INFO] [stdout] 225 |             let this = self.project();
[INFO] [stdout]     |                             ^^^^^^^ method not found in `std::pin::Pin<&mut TupleFromRequest2<A, B>>`
[INFO] [stdout] ...
[INFO] [stdout] 256 | tuple_from_req!(TupleFromRequest2, (0, A), (1, B));
[INFO] [stdout]     | --------------------------------------------------- in this macro invocation
[INFO] [stdout]     |
[INFO] [stdout]     = note: this error originates in the macro `tuple_from_req` (in Nightly builds, run with -Z macro-backtrace for more info)
[INFO] [stdout] 
[INFO] [stdout] 
[INFO] [stdout] error[E0599]: no method named `project` found for struct `std::pin::Pin<&mut TupleFromRequest3<A, B, C>>` in the current scope
[INFO] [stdout]    --> /opt/rustwide/cargo-home/registry/src/github.com-1ecc6299db9ec823/actori-web-2.0.0/src/extract.rs:225:29
[INFO] [stdout]     |
[INFO] [stdout] 225 |             let this = self.project();
[INFO] [stdout]     |                             ^^^^^^^ method not found in `std::pin::Pin<&mut TupleFromRequest3<A, B, C>>`
[INFO] [stdout] ...
[INFO] [stdout] 257 | tuple_from_req!(TupleFromRequest3, (0, A), (1, B), (2, C));
[INFO] [stdout]     | ----------------------------------------------------------- in this macro invocation
[INFO] [stdout]     |
[INFO] [stdout]     = note: this error originates in the macro `tuple_from_req` (in Nightly builds, run with -Z macro-backtrace for more info)
[INFO] [stdout] 
[INFO] [stdout] 
[INFO] [stdout] error[E0599]: no method named `project` found for struct `std::pin::Pin<&mut TupleFromRequest4<A, B, C, D>>` in the current scope
[INFO] [stdout]    --> /opt/rustwide/cargo-home/registry/src/github.com-1ecc6299db9ec823/actori-web-2.0.0/src/extract.rs:225:29
[INFO] [stdout]     |
[INFO] [stdout] 225 |             let this = self.project();
[INFO] [stdout]     |                             ^^^^^^^ method not found in `std::pin::Pin<&mut TupleFromRequest4<A, B, C, D>>`
[INFO] [stdout] ...
[INFO] [stdout] 258 | tuple_from_req!(TupleFromRequest4, (0, A), (1, B), (2, C), (3, D));
[INFO] [stdout]     | ------------------------------------------------------------------- in this macro invocation
[INFO] [stdout]     |
[INFO] [stdout]     = note: this error originates in the macro `tuple_from_req` (in Nightly builds, run with -Z macro-backtrace for more info)
[INFO] [stdout] 
[INFO] [stdout] 
[INFO] [stdout] error[E0599]: no method named `project` found for struct `std::pin::Pin<&mut TupleFromRequest5<A, B, C, D, E>>` in the current scope
[INFO] [stdout]    --> /opt/rustwide/cargo-home/registry/src/github.com-1ecc6299db9ec823/actori-web-2.0.0/src/extract.rs:225:29
[INFO] [stdout]     |
[INFO] [stdout] 225 |             let this = self.project();
[INFO] [stdout]     |                             ^^^^^^^ method not found in `std::pin::Pin<&mut TupleFromRequest5<A, B, C, D, E>>`
[INFO] [stdout] ...
[INFO] [stdout] 259 | tuple_from_req!(TupleFromRequest5, (0, A), (1, B), (2, C), (3, D), (4, E));
[INFO] [stdout]     | --------------------------------------------------------------------------- in this macro invocation
[INFO] [stdout]     |
[INFO] [stdout]     = note: this error originates in the macro `tuple_from_req` (in Nightly builds, run with -Z macro-backtrace for more info)
[INFO] [stdout] 
[INFO] [stdout] 
[INFO] [stdout] error[E0599]: no method named `project` found for struct `std::pin::Pin<&mut TupleFromRequest6<A, B, C, D, E, F>>` in the current scope
[INFO] [stdout]    --> /opt/rustwide/cargo-home/registry/src/github.com-1ecc6299db9ec823/actori-web-2.0.0/src/extract.rs:225:29
[INFO] [stdout]     |
[INFO] [stdout] 225 |             let this = self.project();
[INFO] [stdout]     |                             ^^^^^^^ method not found in `std::pin::Pin<&mut TupleFromRequest6<A, B, C, D, E, F>>`
[INFO] [stdout] ...
[INFO] [stdout] 260 | tuple_from_req!(TupleFromRequest6, (0, A), (1, B), (2, C), (3, D), (4, E), (5, F));
[INFO] [stdout]     | ----------------------------------------------------------------------------------- in this macro invocation
[INFO] [stdout]     |
[INFO] [stdout]     = note: this error originates in the macro `tuple_from_req` (in Nightly builds, run with -Z macro-backtrace for more info)
[INFO] [stdout] 
[INFO] [stdout] 
[INFO] [stdout] error[E0599]: no method named `project` found for struct `std::pin::Pin<&mut TupleFromRequest7<A, B, C, D, E, F, G>>` in the current scope
[INFO] [stdout]    --> /opt/rustwide/cargo-home/registry/src/github.com-1ecc6299db9ec823/actori-web-2.0.0/src/extract.rs:225:29
[INFO] [stdout]     |
[INFO] [stdout] 225 |             let this = self.project();
[INFO] [stdout]     |                             ^^^^^^^ method not found in `std::pin::Pin<&mut TupleFromRequest7<A, B, C, D, E, F, G>>`
[INFO] [stdout] ...
[INFO] [stdout] 261 | tuple_from_req!(TupleFromRequest7, (0, A), (1, B), (2, C), (3, D), (4, E), (5, F), (6, G));
[INFO] [stdout]     | ------------------------------------------------------------------------------------------- in this macro invocation
[INFO] [stdout]     |
[INFO] [stdout]     = note: this error originates in the macro `tuple_from_req` (in Nightly builds, run with -Z macro-backtrace for more info)
[INFO] [stdout] 
[INFO] [stdout] 
[INFO] [stdout] error[E0599]: no method named `project` found for struct `std::pin::Pin<&mut TupleFromRequest8<A, B, C, D, E, F, G, H>>` in the current scope
[INFO] [stdout]    --> /opt/rustwide/cargo-home/registry/src/github.com-1ecc6299db9ec823/actori-web-2.0.0/src/extract.rs:225:29
[INFO] [stdout]     |
[INFO] [stdout] 225 |             let this = self.project();
[INFO] [stdout]     |                             ^^^^^^^ method not found in `std::pin::Pin<&mut TupleFromRequest8<A, B, C, D, E, F, G, H>>`
[INFO] [stdout] ...
[INFO] [stdout] 262 | tuple_from_req!(TupleFromRequest8, (0, A), (1, B), (2, C), (3, D), (4, E), (5, F), (6, G), (7, H));
[INFO] [stdout]     | --------------------------------------------------------------------------------------------------- in this macro invocation
[INFO] [stdout]     |
[INFO] [stdout]     = note: this error originates in the macro `tuple_from_req` (in Nightly builds, run with -Z macro-backtrace for more info)
[INFO] [stdout] 
[INFO] [stdout] 
[INFO] [stdout] error[E0599]: no method named `project` found for struct `std::pin::Pin<&mut TupleFromRequest9<A, B, C, D, E, F, G, H, I>>` in the current scope
[INFO] [stdout]    --> /opt/rustwide/cargo-home/registry/src/github.com-1ecc6299db9ec823/actori-web-2.0.0/src/extract.rs:225:29
[INFO] [stdout]     |
[INFO] [stdout] 225 |             let this = self.project();
[INFO] [stdout]     |                             ^^^^^^^ method not found in `std::pin::Pin<&mut TupleFromRequest9<A, B, C, D, E, F, G, H, I>>`
[INFO] [stdout] ...
[INFO] [stdout] 263 | tuple_from_req!(TupleFromRequest9, (0, A), (1, B), (2, C), (3, D), (4, E), (5, F), (6, G), (7, H), (8, I));
[INFO] [stdout]     | ----------------------------------------------------------------------------------------------------------- in this macro invocation
[INFO] [stdout]     |
[INFO] [stdout]     = note: this error originates in the macro `tuple_from_req` (in Nightly builds, run with -Z macro-backtrace for more info)
[INFO] [stdout] 
[INFO] [stdout] 
[INFO] [stdout] error[E0599]: no method named `project` found for struct `std::pin::Pin<&mut TupleFromRequest10<A, B, C, D, E, F, G, H, I, J>>` in the current scope
[INFO] [stdout]    --> /opt/rustwide/cargo-home/registry/src/github.com-1ecc6299db9ec823/actori-web-2.0.0/src/extract.rs:225:29
[INFO] [stdout]     |
[INFO] [stdout] 225 |             let this = self.project();
[INFO] [stdout]     |                             ^^^^^^^ method not found in `std::pin::Pin<&mut TupleFromRequest10<A, B, C, D, E, F, G, H, I, J>>`
[INFO] [stdout] ...
[INFO] [stdout] 264 | tuple_from_req!(TupleFromRequest10, (0, A), (1, B), (2, C), (3, D), (4, E), (5, F), (6, G), (7, H), (8, I), (9, J));
[INFO] [stdout]     | -------------------------------------------------------------------------------------------------------------------- in this macro invocation
[INFO] [stdout]     |
[INFO] [stdout]     = note: this error originates in the macro `tuple_from_req` (in Nightly builds, run with -Z macro-backtrace for more info)
[INFO] [stdout] 
[INFO] [stdout] 
[INFO] [stdout] error: aborting due to 20 previous errors
[INFO] [stdout] 
[INFO] [stdout] 
[INFO] [stdout] For more information about this error, try `rustc --explain E0599`.
[INFO] [stdout] 
[INFO] [stderr] error: could not compile `actori-web`
[INFO] [stderr] 
[INFO] [stderr] To learn more, run the command again with --verbose.
[INFO] running `Command { std: "docker" "inspect" "4335a34eb9faf4d3cb73a5a7e84cf7540d54572c81813a8c1c619a039f847946", kill_on_drop: false }`
[INFO] running `Command { std: "docker" "rm" "-f" "4335a34eb9faf4d3cb73a5a7e84cf7540d54572c81813a8c1c619a039f847946", kill_on_drop: false }`
[INFO] [stdout] 4335a34eb9faf4d3cb73a5a7e84cf7540d54572c81813a8c1c619a039f847946
