[INFO] cloning repository https://github.com/zyansheep/Dither
[INFO] running `Command { std: "git" "-c" "credential.helper=" "-c" "credential.helper=/workspace/cargo-home/bin/git-credential-null" "clone" "--bare" "https://github.com/zyansheep/Dither" "/workspace/cache/git-repos/https%3A%2F%2Fgithub.com%2Fzyansheep%2FDither", kill_on_drop: false }`
[INFO] [stderr] Cloning into bare repository '/workspace/cache/git-repos/https%3A%2F%2Fgithub.com%2Fzyansheep%2FDither'...
[INFO] running `Command { std: "git" "rev-parse" "HEAD", kill_on_drop: false }`
[INFO] [stdout] 10a6afa01aa1a10bff789b5311c3b686bb423218
[INFO] documenting zyansheep/Dither against 1.54.0 for beta-1.55-rustdoc-1
[INFO] running `Command { std: "git" "clone" "/workspace/cache/git-repos/https%3A%2F%2Fgithub.com%2Fzyansheep%2FDither" "/workspace/builds/worker-10/source", kill_on_drop: false }`
[INFO] [stderr] Cloning into '/workspace/builds/worker-10/source'...
[INFO] [stderr] done.
[INFO] validating manifest of git repo https://github.com/zyansheep/Dither on toolchain 1.54.0
[INFO] running `Command { std: "/workspace/cargo-home/bin/cargo" "+1.54.0" "metadata" "--manifest-path" "Cargo.toml" "--no-deps", kill_on_drop: false }`
[INFO] started tweaking git repo https://github.com/zyansheep/Dither
[INFO] finished tweaking git repo https://github.com/zyansheep/Dither
[INFO] tweaked toml for git repo https://github.com/zyansheep/Dither written to /workspace/builds/worker-10/source/Cargo.toml
[INFO] crate git repo https://github.com/zyansheep/Dither already has a lockfile, it will not be regenerated
[INFO] running `Command { std: "/workspace/cargo-home/bin/cargo" "+1.54.0" "fetch" "--manifest-path" "Cargo.toml", kill_on_drop: false }`
[INFO] [stderr]     Blocking waiting for file lock on package cache
[INFO] running `Command { std: "docker" "create" "-v" "/var/lib/crater-agent-workspace/builds/worker-10/target:/opt/rustwide/target:rw,Z" "-v" "/var/lib/crater-agent-workspace/builds/worker-10/source:/opt/rustwide/workdir:ro,Z" "-v" "/var/lib/crater-agent-workspace/cargo-home:/opt/rustwide/cargo-home:ro,Z" "-v" "/var/lib/crater-agent-workspace/rustup-home:/opt/rustwide/rustup-home:ro,Z" "-e" "SOURCE_DIR=/opt/rustwide/workdir" "-e" "CARGO_TARGET_DIR=/opt/rustwide/target" "-e" "CARGO_HOME=/opt/rustwide/cargo-home" "-e" "RUSTUP_HOME=/opt/rustwide/rustup-home" "-w" "/opt/rustwide/workdir" "-m" "1610612736" "--user" "0:0" "--network" "none" "ghcr.io/rust-lang/crates-build-env/linux@sha256:34b6a614d2c27851fe6cbf88fbd1137609cefab8b10d0615aaeb6fd47975d74e" "/opt/rustwide/cargo-home/bin/cargo" "+1.54.0" "metadata" "--no-deps" "--format-version=1", kill_on_drop: false }`
[INFO] [stdout] efe90ffcc673700efd6eab00f0f3aeec30f7ba068e334b59fe2cdc1c4940e20f
[INFO] running `Command { std: "docker" "start" "-a" "efe90ffcc673700efd6eab00f0f3aeec30f7ba068e334b59fe2cdc1c4940e20f", kill_on_drop: false }`
[INFO] running `Command { std: "docker" "inspect" "efe90ffcc673700efd6eab00f0f3aeec30f7ba068e334b59fe2cdc1c4940e20f", kill_on_drop: false }`
[INFO] running `Command { std: "docker" "rm" "-f" "efe90ffcc673700efd6eab00f0f3aeec30f7ba068e334b59fe2cdc1c4940e20f", kill_on_drop: false }`
[INFO] [stdout] efe90ffcc673700efd6eab00f0f3aeec30f7ba068e334b59fe2cdc1c4940e20f
[INFO] running `Command { std: "docker" "create" "-v" "/var/lib/crater-agent-workspace/builds/worker-10/target:/opt/rustwide/target:rw,Z" "-v" "/var/lib/crater-agent-workspace/builds/worker-10/source:/opt/rustwide/workdir:ro,Z" "-v" "/var/lib/crater-agent-workspace/cargo-home:/opt/rustwide/cargo-home:ro,Z" "-v" "/var/lib/crater-agent-workspace/rustup-home:/opt/rustwide/rustup-home:ro,Z" "-e" "SOURCE_DIR=/opt/rustwide/workdir" "-e" "CARGO_TARGET_DIR=/opt/rustwide/target" "-e" "CARGO_INCREMENTAL=0" "-e" "RUST_BACKTRACE=full" "-e" "RUSTDOCFLAGS=--cap-lints=warn" "-e" "CARGO_HOME=/opt/rustwide/cargo-home" "-e" "RUSTUP_HOME=/opt/rustwide/rustup-home" "-w" "/opt/rustwide/workdir" "-m" "1610612736" "--user" "0:0" "--network" "none" "ghcr.io/rust-lang/crates-build-env/linux@sha256:34b6a614d2c27851fe6cbf88fbd1137609cefab8b10d0615aaeb6fd47975d74e" "/opt/rustwide/cargo-home/bin/cargo" "+1.54.0" "doc" "--frozen" "--no-deps" "--document-private-items" "--message-format=json", kill_on_drop: false }`
[INFO] [stdout] 33638d6d4f07f4a8a12b612acafe90d05f966ee766ce9b8eb2197b99d40462d8
[INFO] running `Command { std: "docker" "start" "-a" "33638d6d4f07f4a8a12b612acafe90d05f966ee766ce9b8eb2197b99d40462d8", kill_on_drop: false }`
[INFO] [stderr]    Compiling libc v0.2.79
[INFO] [stderr]    Compiling syn v1.0.45
[INFO] [stderr]     Checking once_cell v1.4.1
[INFO] [stderr]    Compiling anyhow v1.0.33
[INFO] [stderr]    Compiling byteorder v1.3.4
[INFO] [stderr]    Compiling cc v1.0.61
[INFO] [stderr]    Compiling either v1.6.1
[INFO] [stderr]     Checking subtle v2.3.0
[INFO] [stderr]    Compiling ppv-lite86 v0.2.9
[INFO] [stderr]     Checking futures-core v0.3.6
[INFO] [stderr]     Checking futures-sink v0.3.6
[INFO] [stderr]    Compiling bytes v0.5.6
[INFO] [stderr]    Compiling fixedbitset v0.2.0
[INFO] [stderr]    Compiling remove_dir_all v0.5.3
[INFO] [stderr]    Compiling multimap v0.8.2
[INFO] [stderr]     Checking futures-io v0.3.6
[INFO] [stderr]     Checking block-padding v0.2.1
[INFO] [stderr]     Checking untrusted v0.7.1
[INFO] [stderr]    Compiling crunchy v0.2.2
[INFO] [stderr]     Checking unsigned-varint v0.5.1
[INFO] [stderr]     Checking signature v1.2.2
[INFO] [stderr]     Checking bs58 v0.3.1
[INFO] [stderr]     Checking data-encoding v2.3.0
[INFO] [stderr]     Checking nohash-hasher v0.2.0
[INFO] [stderr]     Checking lru_time_cache v0.10.0
[INFO] [stderr]     Checking hex_fmt v0.3.0
[INFO] [stderr]     Checking base64 v0.11.0
[INFO] [stderr]     Checking atomic v0.4.6
[INFO] [stderr]     Checking instant v0.1.7
[INFO] [stderr]     Checking block-padding v0.1.5
[INFO] [stderr]     Checking lock_api v0.3.4
[INFO] [stderr]     Checking lock_api v0.4.1
[INFO] [stderr]     Checking blake2b_simd v0.5.10
[INFO] [stderr]     Checking blake2s_simd v0.5.10
[INFO] [stderr]    Compiling log v0.4.11
[INFO] [stderr]     Checking generic-array v0.12.3
[INFO] [stderr]    Compiling indexmap v1.6.0
[INFO] [stderr]    Compiling snow v0.7.2
[INFO] [stderr]     Checking serde_json v1.0.59
[INFO] [stderr]     Checking block-buffer v0.9.0
[INFO] [stderr]     Checking block-cipher v0.8.0
[INFO] [stderr]     Checking aead v0.3.2
[INFO] [stderr]     Checking ed25519 v1.0.3
[INFO] [stderr]     Checking futures-task v0.3.6
[INFO] [stderr]    Compiling itertools v0.8.2
[INFO] [stderr]     Checking futures-channel v0.3.6
[INFO] [stderr]     Checking quicksink v0.1.2
[INFO] [stderr]     Checking universal-hash v0.4.0
[INFO] [stderr]     Checking crypto-mac v0.8.0
[INFO] [stderr]     Checking sha2 v0.9.1
[INFO] [stderr]     Checking sha-1 v0.9.1
[INFO] [stderr]     Checking sha3 v0.9.1
[INFO] [stderr]     Checking stream-cipher v0.7.1
[INFO] [stderr]     Checking polyval v0.4.1
[INFO] [stderr]     Checking poly1305 v0.6.1
[INFO] [stderr]     Checking ghash v0.3.0
[INFO] [stderr]     Checking digest v0.8.1
[INFO] [stderr]     Checking crypto-mac v0.7.0
[INFO] [stderr]     Checking multihash v0.11.4
[INFO] [stderr]     Checking hmac v0.7.1
[INFO] [stderr]    Compiling petgraph v0.5.1
[INFO] [stderr]    Compiling ring v0.16.15
[INFO] [stderr]    Compiling libz-sys v1.1.2
[INFO] [stderr]     Checking block-buffer v0.7.3
[INFO] [stderr]     Checking aes-soft v0.5.0
[INFO] [stderr]     Checking blake2 v0.9.0
[INFO] [stderr]     Checking dns-parser v0.8.0
[INFO] [stderr]     Checking hmac-drbg v0.2.0
[INFO] [stderr]     Checking parity-multiaddr v0.9.3
[INFO] [stderr]     Checking sha2 v0.8.2
[INFO] [stderr]    Compiling getrandom v0.1.15
[INFO] [stderr]    Compiling which v3.1.1
[INFO] [stderr]     Checking num_cpus v1.13.0
[INFO] [stderr]     Checking parking_lot_core v0.7.2
[INFO] [stderr]     Checking parking_lot_core v0.8.0
[INFO] [stderr]     Checking iovec v0.1.4
[INFO] [stderr]     Checking net2 v0.2.35
[INFO] [stderr]     Checking signal-hook-registry v1.2.1
[INFO] [stderr]     Checking rand v0.4.6
[INFO] [stderr]     Checking socket2 v0.3.15
[INFO] [stderr]     Checking get_if_addrs v0.5.3
[INFO] [stderr]    Compiling rand_core v0.5.1
[INFO] [stderr]     Checking aes v0.5.0
[INFO] [stderr]     Checking parking_lot v0.10.2
[INFO] [stderr]     Checking aes-gcm v0.7.0
[INFO] [stderr]     Checking parking_lot v0.11.0
[INFO] [stderr]    Compiling prost-build v0.6.1
[INFO] [stderr]     Checking mio v0.6.22
[INFO] [stderr]     Checking flate2 v1.0.18
[INFO] [stderr]    Compiling rand_chacha v0.2.2
[INFO] [stderr]    Compiling rand v0.7.3
[INFO] [stderr]     Checking rand v0.3.23
[INFO] [stderr]     Checking cuckoofilter v0.3.2
[INFO] [stderr]     Checking mio-uds v0.6.8
[INFO] [stderr]     Checking libsecp256k1 v0.3.5
[INFO] [stderr]    Compiling tempfile v3.1.0
[INFO] [stderr]     Checking webpki v0.21.3
[INFO] [stderr]     Checking sct v0.6.0
[INFO] [stderr]     Checking webpki-roots v0.19.0
[INFO] [stderr]     Checking rustls v0.18.1
[INFO] [stderr]     Checking webpki-roots v0.18.0
[INFO] [stderr]    Compiling synstructure v0.12.4
[INFO] [stderr]    Compiling prost-derive v0.6.1
[INFO] [stderr]    Compiling pin-project-internal v0.4.27
[INFO] [stderr]    Compiling futures-macro v0.3.6
[INFO] [stderr]    Compiling zeroize_derive v1.0.1
[INFO] [stderr]    Compiling pin-project-internal v1.0.1
[INFO] [stderr]    Compiling asn1_der_derive v0.1.2
[INFO] [stderr]    Compiling thiserror-impl v1.0.21
[INFO] [stderr]    Compiling tokio-macros v0.2.5
[INFO] [stderr]    Compiling libp2p-core-derive v0.20.2
[INFO] [stderr]    Compiling serde_derive v1.0.117
[INFO] [stderr]     Checking asn1_der v0.6.3
[INFO] [stderr]     Checking zeroize v1.1.1
[INFO] [stderr]     Checking curve25519-dalek v3.0.0
[INFO] [stderr]     Checking chacha20 v0.5.0
[INFO] [stderr]     Checking curve25519-dalek v2.1.0
[INFO] [stderr]     Checking tokio v0.2.22
[INFO] [stderr]     Checking thiserror v1.0.21
[INFO] [stderr]     Checking chacha20poly1305 v0.6.0
[INFO] [stderr]     Checking x25519-dalek v0.6.0
[INFO] [stderr]     Checking ed25519-dalek v1.0.1
[INFO] [stderr]     Checking x25519-dalek v1.1.0
[INFO] [stderr]    Compiling prost v0.6.1
[INFO] [stderr]     Checking pin-project v1.0.1
[INFO] [stderr]     Checking pin-project v0.4.27
[INFO] [stderr]    Compiling prost-types v0.6.1
[INFO] [stderr]     Checking futures-util v0.3.6
[INFO] [stderr]    Compiling libp2p-core v0.22.1
[INFO] [stderr]    Compiling libp2p-floodsub v0.22.0
[INFO] [stderr]    Compiling libp2p-identify v0.22.0
[INFO] [stderr]    Compiling libp2p-gossipsub v0.22.0
[INFO] [stderr]    Compiling libp2p-noise v0.24.0
[INFO] [stderr]     Checking futures-executor v0.3.6
[INFO] [stderr]     Checking futures v0.3.6
[INFO] [stderr]     Checking futures_codec v0.4.1
[INFO] [stderr]     Checking multistream-select v0.8.4
[INFO] [stderr]     Checking rw-stream-sink v0.2.1
[INFO] [stderr]     Checking wasm-timer v0.2.5
[INFO] [stderr]     Checking soketto v0.4.2
[INFO] [stderr]     Checking yamux v0.8.0
[INFO] [stderr]     Checking async-tls v0.8.0
[INFO] [stderr]     Checking unsigned-varint v0.4.0
[INFO] [stderr]     Checking libp2p-swarm v0.22.0
[INFO] [stderr]     Checking libp2p-websocket v0.23.0
[INFO] [stderr]     Checking libp2p-yamux v0.25.0
[INFO] [stderr]     Checking libp2p-tcp v0.22.0
[INFO] [stderr]     Checking libp2p-dns v0.22.0
[INFO] [stderr]     Checking libp2p-mplex v0.22.0
[INFO] [stderr]     Checking libp2p-mdns v0.22.0
[INFO] [stderr]     Checking libp2p v0.28.1
[INFO] [stderr]  Documenting dither v0.1.0 (/opt/rustwide/workdir)
[INFO] [stdout] error: expected one of `,`, `.`, `?`, `}`, or an operator, found `key`
[INFO] [stdout]    --> src/lib.rs:126:4
[INFO] [stdout]     |
[INFO] [stdout] 122 |         Ok(Dither {
[INFO] [stdout]     |            ------ while parsing this struct
[INFO] [stdout] ...
[INFO] [stdout] 125 |             }
[INFO] [stdout]     |              -
[INFO] [stdout]     |              |
[INFO] [stdout]     |              expected one of `,`, `.`, `?`, `}`, or an operator
[INFO] [stdout]     |              help: try adding a comma: `,`
[INFO] [stdout] 126 |             key: key.clone(),
[INFO] [stdout]     |             ^^^ unexpected token
[INFO] [stdout] 
[INFO] [stdout] 
[INFO] [stdout] error: expected one of `)`, `,`, `@`, or `|`, found `<`
[INFO] [stdout]    --> src/lib.rs:149:32
[INFO] [stdout]     |
[INFO] [stdout] 149 |             SendData(UserConnection, Vec<u8>),
[INFO] [stdout]     |                                         ^
[INFO] [stdout]     |                                         |
[INFO] [stdout]     |                                         expected one of `)`, `,`, `@`, or `|`
[INFO] [stdout]     |                                         help: missing `,`
[INFO] [stdout] 
[INFO] [stdout] 
[INFO] [stdout] error: expected one of `)`, `,`, `@`, or `|`, found `>`
[INFO] [stdout]    --> src/lib.rs:149:35
[INFO] [stdout]     |
[INFO] [stdout] 149 |             SendData(UserConnection, Vec<u8>),
[INFO] [stdout]     |                                            ^ expected one of `)`, `,`, `@`, or `|`
[INFO] [stdout] 
[INFO] [stdout] 
[INFO] [stdout] error: unexpected `,` in pattern
[INFO] [stdout]    --> src/lib.rs:144:16
[INFO] [stdout]     |
[INFO] [stdout] 144 |             CreateUser(),
[INFO] [stdout]     |                         ^
[INFO] [stdout]     |
[INFO] [stdout] help: try adding parentheses to match on a tuple...
[INFO] [stdout]     |
[INFO] [stdout] 144 |             (CreateUser(),
[INFO] [stdout] 145 |             Bootstrap(Multiaddr),
[INFO] [stdout] 146 |             Discover(UserId),
[INFO] [stdout] 147 |             Authenticate(UserId, UserToken),
[INFO] [stdout] 148 |             Connect(UserId, Application),
[INFO] [stdout] 149 |             SendData(UserConnection, Vec<u8)>),
[INFO] [stdout]     |
[INFO] [stdout] help: ...or a vertical bar to match on multiple alternatives
[INFO] [stdout]     |
[INFO] [stdout] 144 |             CreateUser() |
[INFO] [stdout] 145 |             Bootstrap(Multiaddr) |
[INFO] [stdout] 146 |             Discover(UserId) |
[INFO] [stdout] 147 |             Authenticate(UserId | UserToken) |
[INFO] [stdout] 148 |             Connect(UserId | Application) |
[INFO] [stdout] 149 |             SendData(UserConnection | Vec<u8>),
[INFO] [stdout]     |
[INFO] [stdout] 
[INFO] [stdout] 
[INFO] [stdout] error[E0583]: file not found for module `behaviour`
[INFO] [stdout]   --> src/lib.rs:33:1
[INFO] [stdout]    |
[INFO] [stdout] 33 | mod behaviour;
[INFO] [stdout]    | ^^^^^^^^^^^^^^
[INFO] [stdout]    |
[INFO] [stdout]    = help: to create the module `behaviour`, create file "src/behaviour.rs" or "src/behaviour/mod.rs"
[INFO] [stdout] 
[INFO] [stdout] 
[INFO] [stdout] error[E0585]: found a documentation comment that doesn't document anything
[INFO] [stdout]   --> src/user/mod.rs:29:2
[INFO] [stdout]    |
[INFO] [stdout] 29 |     ///ring_signature: nazgul::
[INFO] [stdout]    |     ^^^^^^^^^^^^^^^^^^^^^^^^^^^
[INFO] [stdout]    |
[INFO] [stdout]    = help: doc comments must come before what they document, maybe a comment was intended with `//`?
[INFO] [stdout] 
[INFO] [stdout] 
[INFO] [stdout] error[E0255]: the name `routing` is defined multiple times
[INFO] [stdout]   --> src/lib.rs:44:9
[INFO] [stdout]    |
[INFO] [stdout] 43 | pub mod routing;
[INFO] [stdout]    | ---------------- previous definition of the module `routing` here
[INFO] [stdout] 44 | pub use routing;
[INFO] [stdout]    |         ^^^^^^^ `routing` reimported here
[INFO] [stdout]    |
[INFO] [stdout]    = note: `routing` must be defined only once in the type namespace of this module
[INFO] [stdout] help: you can use `as` to change the binding name of the import
[INFO] [stdout]    |
[INFO] [stdout] 44 | pub use routing as other_routing;
[INFO] [stdout]    |         ^^^^^^^^^^^^^^^^^^^^^^^^
[INFO] [stdout] 
[INFO] [stdout] 
[INFO] [stdout] error[E0432]: unresolved import `behaviour::DitherBehaviour`
[INFO] [stdout]   --> src/lib.rs:34:5
[INFO] [stdout]    |
[INFO] [stdout] 34 | use behaviour::DitherBehaviour;
[INFO] [stdout]    |     ^^^^^^^^^^^^^^^^^^^^^^^^^^ no `DitherBehaviour` in `behaviour`
[INFO] [stdout] 
[INFO] [stdout] 
[INFO] [stdout] error[E0432]: unresolved import `behaviour::DitherEvent`
[INFO] [stdout]   --> src/lib.rs:35:9
[INFO] [stdout]    |
[INFO] [stdout] 35 | pub use behaviour::DitherEvent;
[INFO] [stdout]    |         ^^^^^^^^^^^^^^^^^^^^^^ no `DitherEvent` in `behaviour`
[INFO] [stdout] 
[INFO] [stdout] 
[INFO] [stdout] error[E0412]: cannot find type `PeerId` in this scope
[INFO] [stdout]  --> src/types.rs:8:6
[INFO] [stdout]   |
[INFO] [stdout] 8 |     id: PeerId,
[INFO] [stdout]   |         ^^^^^^ not found in this scope
[INFO] [stdout]   |
[INFO] [stdout] help: consider importing one of these items
[INFO] [stdout]   |
[INFO] [stdout] 3 | use crate::PeerId;
[INFO] [stdout]   |
[INFO] [stdout] 3 | use libp2p::PeerId;
[INFO] [stdout]   |
[INFO] [stdout] 
[INFO] [stdout] 
[INFO] [stdout] error[E0412]: cannot find type `HashMap` in this scope
[INFO] [stdout]   --> src/user/mod.rs:19:8
[INFO] [stdout]    |
[INFO] [stdout] 19 |     data: HashMap<String, Multihash>,
[INFO] [stdout]    |           ^^^^^^^ not found in this scope
[INFO] [stdout]    |
[INFO] [stdout] help: consider importing one of these items
[INFO] [stdout]    |
[INFO] [stdout] 2  | use crate::HashMap;
[INFO] [stdout]    |
[INFO] [stdout] 2  | use std::collections::HashMap;
[INFO] [stdout]    |
[INFO] [stdout] 
[INFO] [stdout] 
[INFO] [stdout] error[E0412]: cannot find type `UserDefinition` in this scope
[INFO] [stdout]   --> src/user/mod.rs:34:10
[INFO] [stdout]    |
[INFO] [stdout] 34 |     public: UserDefinition,
[INFO] [stdout]    |             ^^^^^^^^^^^^^^ not found in this scope
[INFO] [stdout] 
[INFO] [stdout] 
[INFO] [stdout] error[E0412]: cannot find type `UserDefinition` in this scope
[INFO] [stdout]   --> src/user/mod.rs:35:13
[INFO] [stdout]    |
[INFO] [stdout] 35 |     requested: UserDefinition,
[INFO] [stdout]    |                ^^^^^^^^^^^^^^ not found in this scope
[INFO] [stdout] 
[INFO] [stdout] 
[INFO] [stdout] error[E0412]: cannot find type `UserConfig` in this scope
[INFO] [stdout]   --> src/user/mod.rs:36:10
[INFO] [stdout]    |
[INFO] [stdout] 36 |     config: UserConfig,
[INFO] [stdout]    |             ^^^^^^^^^^ not found in this scope
[INFO] [stdout] 
[INFO] [stdout] 
[INFO] [stdout] error[E0412]: cannot find type `UserNode` in this scope
[INFO] [stdout]   --> src/user/mod.rs:45:18
[INFO] [stdout]    |
[INFO] [stdout] 33 | pub struct User {
[INFO] [stdout]    |                - help: you might be missing a type parameter: `<UserNode>`
[INFO] [stdout] ...
[INFO] [stdout] 45 |     user_nodes: Vec<UserNode>, // Nodes connected to
[INFO] [stdout]    |                     ^^^^^^^^ not found in this scope
[INFO] [stdout] 
[INFO] [stdout] 
[INFO] [stdout] error[E0412]: cannot find type `Multiaddr` in this scope
[INFO] [stdout]  --> src/routing.rs:8:22
[INFO] [stdout]   |
[INFO] [stdout] 8 |     pub_address: Option<Multiaddr>,
[INFO] [stdout]   |                         ^^^^^^^^^ not found in this scope
[INFO] [stdout]   |
[INFO] [stdout] help: consider importing one of these items
[INFO] [stdout]   |
[INFO] [stdout] 2 | use crate::Multiaddr;
[INFO] [stdout]   |
[INFO] [stdout] 2 | use libp2p::Multiaddr;
[INFO] [stdout]   |
[INFO] [stdout] 
[INFO] [stdout] 
[INFO] [stdout] error[E0412]: cannot find type `PeerId` in this scope
[INFO] [stdout]   --> src/routing.rs:13:9
[INFO] [stdout]    |
[INFO] [stdout] 13 |     my_id: PeerId,
[INFO] [stdout]    |            ^^^^^^ not found in this scope
[INFO] [stdout]    |
[INFO] [stdout] help: consider importing one of these items
[INFO] [stdout]    |
[INFO] [stdout] 2  | use crate::PeerId;
[INFO] [stdout]    |
[INFO] [stdout] 2  | use libp2p::PeerId;
[INFO] [stdout]    |
[INFO] [stdout] 
[INFO] [stdout] 
[INFO] [stdout] error[E0412]: cannot find type `HashMap` in this scope
[INFO] [stdout]   --> src/routing.rs:15:7
[INFO] [stdout]    |
[INFO] [stdout] 15 |     map: HashMap<(PeerId, PeerId), RouteMeasurement>,
[INFO] [stdout]    |          ^^^^^^^ not found in this scope
[INFO] [stdout]    |
[INFO] [stdout] help: consider importing one of these items
[INFO] [stdout]    |
[INFO] [stdout] 2  | use crate::HashMap;
[INFO] [stdout]    |
[INFO] [stdout] 2  | use std::collections::HashMap;
[INFO] [stdout]    |
[INFO] [stdout] 
[INFO] [stdout] 
[INFO] [stdout] error[E0412]: cannot find type `PeerId` in this scope
[INFO] [stdout]   --> src/routing.rs:15:16
[INFO] [stdout]    |
[INFO] [stdout] 15 |     map: HashMap<(PeerId, PeerId), RouteMeasurement>,
[INFO] [stdout]    |                   ^^^^^^ not found in this scope
[INFO] [stdout]    |
[INFO] [stdout] help: consider importing one of these items
[INFO] [stdout]    |
[INFO] [stdout] 2  | use crate::PeerId;
[INFO] [stdout]    |
[INFO] [stdout] 2  | use libp2p::PeerId;
[INFO] [stdout]    |
[INFO] [stdout] 
[INFO] [stdout] 
[INFO] [stdout] error[E0412]: cannot find type `PeerId` in this scope
[INFO] [stdout]   --> src/routing.rs:15:24
[INFO] [stdout]    |
[INFO] [stdout] 15 |     map: HashMap<(PeerId, PeerId), RouteMeasurement>,
[INFO] [stdout]    |                           ^^^^^^ not found in this scope
[INFO] [stdout]    |
[INFO] [stdout] help: consider importing one of these items
[INFO] [stdout]    |
[INFO] [stdout] 2  | use crate::PeerId;
[INFO] [stdout]    |
[INFO] [stdout] 2  | use libp2p::PeerId;
[INFO] [stdout]    |
[INFO] [stdout] 
[INFO] [stdout] 
[INFO] [stdout] error[E0412]: cannot find type `PeerId` in this scope
[INFO] [stdout]   --> src/routing.rs:16:23
[INFO] [stdout]    |
[INFO] [stdout] 16 |     current_routes: Vec<(PeerId, PeerId)>,
[INFO] [stdout]    |                          ^^^^^^ not found in this scope
[INFO] [stdout]    |
[INFO] [stdout] help: consider importing one of these items
[INFO] [stdout]    |
[INFO] [stdout] 2  | use crate::PeerId;
[INFO] [stdout]    |
[INFO] [stdout] 2  | use libp2p::PeerId;
[INFO] [stdout]    |
[INFO] [stdout] 
[INFO] [stdout] 
[INFO] [stdout] error[E0412]: cannot find type `PeerId` in this scope
[INFO] [stdout]   --> src/routing.rs:16:31
[INFO] [stdout]    |
[INFO] [stdout] 16 |     current_routes: Vec<(PeerId, PeerId)>,
[INFO] [stdout]    |                                  ^^^^^^ not found in this scope
[INFO] [stdout]    |
[INFO] [stdout] help: consider importing one of these items
[INFO] [stdout]    |
[INFO] [stdout] 2  | use crate::PeerId;
[INFO] [stdout]    |
[INFO] [stdout] 2  | use libp2p::PeerId;
[INFO] [stdout]    |
[INFO] [stdout] 
[INFO] [stdout] 
[INFO] [stdout] error[E0412]: cannot find type `PeerId` in this scope
[INFO] [stdout]   --> src/routing.rs:20:38
[INFO] [stdout]    |
[INFO] [stdout] 20 |     fn add_route(&mut self, requesting: PeerId, destination: PeerId) {
[INFO] [stdout]    |                                         ^^^^^^ not found in this scope
[INFO] [stdout]    |
[INFO] [stdout] help: consider importing one of these items
[INFO] [stdout]    |
[INFO] [stdout] 2  | use crate::PeerId;
[INFO] [stdout]    |
[INFO] [stdout] 2  | use libp2p::PeerId;
[INFO] [stdout]    |
[INFO] [stdout] 
[INFO] [stdout] 
[INFO] [stdout] error[E0412]: cannot find type `PeerId` in this scope
[INFO] [stdout]   --> src/routing.rs:20:59
[INFO] [stdout]    |
[INFO] [stdout] 20 |     fn add_route(&mut self, requesting: PeerId, destination: PeerId) {
[INFO] [stdout]    |                                                              ^^^^^^ not found in this scope
[INFO] [stdout]    |
[INFO] [stdout] help: consider importing one of these items
[INFO] [stdout]    |
[INFO] [stdout] 2  | use crate::PeerId;
[INFO] [stdout]    |
[INFO] [stdout] 2  | use libp2p::PeerId;
[INFO] [stdout]    |
[INFO] [stdout] 
[INFO] [stdout] 
[INFO] [stdout] error[E0412]: cannot find type `UserToken` in this scope
[INFO] [stdout]   --> src/lib.rs:84:23
[INFO] [stdout]    |
[INFO] [stdout] 84 |     Authenticate(UserId, UserToken),
[INFO] [stdout]    |                          ^^^^^^^^^ not found in this scope
[INFO] [stdout] 
[INFO] [stdout] 
[INFO] [stdout] error[E0412]: cannot find type `UserConnection` in this scope
[INFO] [stdout]   --> src/lib.rs:91:11
[INFO] [stdout]    |
[INFO] [stdout] 91 |     SendData(UserConnection, Vec<u8>),
[INFO] [stdout]    |              ^^^^^^^^^^^^^^ not found in this scope
[INFO] [stdout] 
[INFO] [stdout] 
[INFO] [stdout] error: Compilation failed, aborting rustdoc
[INFO] [stdout] 
[INFO] [stdout] 
[INFO] [stdout] error: aborting due to 27 previous errors
[INFO] [stdout] 
[INFO] [stdout] 
[INFO] [stdout] Some errors have detailed explanations: E0255, E0412, E0432, E0583, E0585.
[INFO] [stdout] 
[INFO] [stdout] For more information about an error, try `rustc --explain E0255`.
[INFO] [stdout] 
[INFO] [stderr] error: could not document `dither`
[INFO] [stderr] 
[INFO] [stderr] Caused by:
[INFO] [stderr]   process didn't exit successfully: `rustdoc --edition=2018 --crate-type lib --crate-name dither src/lib.rs -o /opt/rustwide/target/doc --error-format=json --json=diagnostic-rendered-ansi --document-private-items -L dependency=/opt/rustwide/target/debug/deps --extern futures=/opt/rustwide/target/debug/deps/libfutures-adc59208589f4423.rmeta --extern libp2p=/opt/rustwide/target/debug/deps/liblibp2p-1445eb2b652bc3d7.rmeta --extern log=/opt/rustwide/target/debug/deps/liblog-ac06bd6dcdabb547.rmeta --extern serde=/opt/rustwide/target/debug/deps/libserde-f1f2eec25053d02b.rmeta --extern serde_derive=/opt/rustwide/target/debug/deps/libserde_derive-05fc0441d7a7df88.so --extern serde_json=/opt/rustwide/target/debug/deps/libserde_json-83cf5160763c40f4.rmeta --extern tokio=/opt/rustwide/target/debug/deps/libtokio-f264f5b3d6448baa.rmeta --cap-lints=warn --crate-version 0.1.0` (exit status: 1)
[INFO] running `Command { std: "docker" "inspect" "33638d6d4f07f4a8a12b612acafe90d05f966ee766ce9b8eb2197b99d40462d8", kill_on_drop: false }`
[INFO] running `Command { std: "docker" "rm" "-f" "33638d6d4f07f4a8a12b612acafe90d05f966ee766ce9b8eb2197b99d40462d8", kill_on_drop: false }`
[INFO] [stdout] 33638d6d4f07f4a8a12b612acafe90d05f966ee766ce9b8eb2197b99d40462d8
