[INFO] cloning repository https://github.com/zrneely/koakuma
[INFO] running `Command { std: "git" "-c" "credential.helper=" "-c" "credential.helper=/workspace/cargo-home/bin/git-credential-null" "clone" "--bare" "https://github.com/zrneely/koakuma" "/workspace/cache/git-repos/https%3A%2F%2Fgithub.com%2Fzrneely%2Fkoakuma", kill_on_drop: false }`
[INFO] [stderr] Cloning into bare repository '/workspace/cache/git-repos/https%3A%2F%2Fgithub.com%2Fzrneely%2Fkoakuma'...
[INFO] running `Command { std: "git" "rev-parse" "HEAD", kill_on_drop: false }`
[INFO] [stdout] f05fcba7ecae44a28bbb65647222a21891ae8040
[INFO] documenting zrneely/koakuma against beta-2021-08-01 for beta-1.55-rustdoc-1
[INFO] running `Command { std: "git" "clone" "/workspace/cache/git-repos/https%3A%2F%2Fgithub.com%2Fzrneely%2Fkoakuma" "/workspace/builds/worker-14/source", kill_on_drop: false }`
[INFO] [stderr] Cloning into '/workspace/builds/worker-14/source'...
[INFO] [stderr] done.
[INFO] validating manifest of git repo https://github.com/zrneely/koakuma on toolchain beta-2021-08-01
[INFO] running `Command { std: "/workspace/cargo-home/bin/cargo" "+beta-2021-08-01" "metadata" "--manifest-path" "Cargo.toml" "--no-deps", kill_on_drop: false }`
[INFO] started tweaking git repo https://github.com/zrneely/koakuma
[INFO] finished tweaking git repo https://github.com/zrneely/koakuma
[INFO] tweaked toml for git repo https://github.com/zrneely/koakuma written to /workspace/builds/worker-14/source/Cargo.toml
[INFO] crate git repo https://github.com/zrneely/koakuma already has a lockfile, it will not be regenerated
[INFO] running `Command { std: "/workspace/cargo-home/bin/cargo" "+beta-2021-08-01" "fetch" "--manifest-path" "Cargo.toml", kill_on_drop: false }`
[INFO] running `Command { std: "docker" "create" "-v" "/var/lib/crater-agent-workspace/builds/worker-14/target:/opt/rustwide/target:rw,Z" "-v" "/var/lib/crater-agent-workspace/builds/worker-14/source:/opt/rustwide/workdir:ro,Z" "-v" "/var/lib/crater-agent-workspace/cargo-home:/opt/rustwide/cargo-home:ro,Z" "-v" "/var/lib/crater-agent-workspace/rustup-home:/opt/rustwide/rustup-home:ro,Z" "-e" "SOURCE_DIR=/opt/rustwide/workdir" "-e" "CARGO_TARGET_DIR=/opt/rustwide/target" "-e" "CARGO_HOME=/opt/rustwide/cargo-home" "-e" "RUSTUP_HOME=/opt/rustwide/rustup-home" "-w" "/opt/rustwide/workdir" "-m" "1610612736" "--user" "0:0" "--network" "none" "ghcr.io/rust-lang/crates-build-env/linux@sha256:34b6a614d2c27851fe6cbf88fbd1137609cefab8b10d0615aaeb6fd47975d74e" "/opt/rustwide/cargo-home/bin/cargo" "+beta-2021-08-01" "metadata" "--no-deps" "--format-version=1", kill_on_drop: false }`
[INFO] [stdout] f1fb405d65df42a65c8a299730e5c4ecb2b2c8a87bf6b9704e2e5e1d6f58b66b
[INFO] running `Command { std: "docker" "start" "-a" "f1fb405d65df42a65c8a299730e5c4ecb2b2c8a87bf6b9704e2e5e1d6f58b66b", kill_on_drop: false }`
[INFO] running `Command { std: "docker" "inspect" "f1fb405d65df42a65c8a299730e5c4ecb2b2c8a87bf6b9704e2e5e1d6f58b66b", kill_on_drop: false }`
[INFO] running `Command { std: "docker" "rm" "-f" "f1fb405d65df42a65c8a299730e5c4ecb2b2c8a87bf6b9704e2e5e1d6f58b66b", kill_on_drop: false }`
[INFO] [stdout] f1fb405d65df42a65c8a299730e5c4ecb2b2c8a87bf6b9704e2e5e1d6f58b66b
[INFO] running `Command { std: "docker" "create" "-v" "/var/lib/crater-agent-workspace/builds/worker-14/target:/opt/rustwide/target:rw,Z" "-v" "/var/lib/crater-agent-workspace/builds/worker-14/source:/opt/rustwide/workdir:ro,Z" "-v" "/var/lib/crater-agent-workspace/cargo-home:/opt/rustwide/cargo-home:ro,Z" "-v" "/var/lib/crater-agent-workspace/rustup-home:/opt/rustwide/rustup-home:ro,Z" "-e" "SOURCE_DIR=/opt/rustwide/workdir" "-e" "CARGO_TARGET_DIR=/opt/rustwide/target" "-e" "CARGO_INCREMENTAL=0" "-e" "RUST_BACKTRACE=full" "-e" "RUSTDOCFLAGS=--cap-lints=warn" "-e" "CARGO_HOME=/opt/rustwide/cargo-home" "-e" "RUSTUP_HOME=/opt/rustwide/rustup-home" "-w" "/opt/rustwide/workdir" "-m" "1610612736" "--user" "0:0" "--network" "none" "ghcr.io/rust-lang/crates-build-env/linux@sha256:34b6a614d2c27851fe6cbf88fbd1137609cefab8b10d0615aaeb6fd47975d74e" "/opt/rustwide/cargo-home/bin/cargo" "+beta-2021-08-01" "doc" "--frozen" "--no-deps" "--document-private-items" "--message-format=json", kill_on_drop: false }`
[INFO] [stdout] 93531e3d58ef1b89f512ffb255d3ae6bd53b2ccb9c64765a3253e248f2088d1d
[INFO] running `Command { std: "docker" "start" "-a" "93531e3d58ef1b89f512ffb255d3ae6bd53b2ccb9c64765a3253e248f2088d1d", kill_on_drop: false }`
[INFO] [stderr]     Blocking waiting for file lock on package cache
[INFO] [stderr]     Checking regex-syntax v0.6.18
[INFO] [stderr]    Compiling winapi v0.3.9
[INFO] [stderr]     Checking termios v0.3.2
[INFO] [stderr]     Checking terminal_size v0.1.12
[INFO] [stderr]     Checking atty v0.2.14
[INFO] [stderr]     Checking clap v2.33.1
[INFO] [stderr]     Checking regex v1.3.9
[INFO] [stderr]     Checking console v0.11.3
[INFO] [stderr]     Checking indicatif v0.15.0
[INFO] [stderr]  Documenting koakuma v0.1.0 (/opt/rustwide/workdir)
[INFO] [stdout] error[E0433]: failed to resolve: could not find `shared` in `winapi`
[INFO] [stdout]  --> src/err.rs:1:13
[INFO] [stdout]   |
[INFO] [stdout] 1 | use winapi::shared::minwindef::DWORD;
[INFO] [stdout]   |             ^^^^^^ could not find `shared` in `winapi`
[INFO] [stdout] 
[INFO] [stdout] 
[INFO] [stdout] error[E0433]: failed to resolve: could not find `um` in `winapi`
[INFO] [stdout]  --> src/mft/mod.rs:5:5
[INFO] [stdout]   |
[INFO] [stdout] 5 |     um::{
[INFO] [stdout]   |     ^^ could not find `um` in `winapi`
[INFO] [stdout] 
[INFO] [stdout] 
[INFO] [stdout] error[E0433]: failed to resolve: could not find `windows` in `os`
[INFO] [stdout]   --> src/mft/mod.rs:23:9
[INFO] [stdout]    |
[INFO] [stdout] 23 |     os::windows::ffi::{OsStrExt as _, OsStringExt as _},
[INFO] [stdout]    |         ^^^^^^^ could not find `windows` in `os`
[INFO] [stdout] 
[INFO] [stdout] 
[INFO] [stdout] error[E0432]: unresolved imports `winapi::ctypes`, `winapi::um`
[INFO] [stdout]  --> src/mft/mod.rs:4:5
[INFO] [stdout]   |
[INFO] [stdout] 4 |     ctypes::c_void,
[INFO] [stdout]   |     ^^^^^^ could not find `ctypes` in `winapi`
[INFO] [stdout] 5 |     um::{
[INFO] [stdout]   |     ^^ could not find `um` in `winapi`
[INFO] [stdout] 
[INFO] [stdout] 
[INFO] [stdout] error[E0433]: failed to resolve: could not find `shared` in `winapi`
[INFO] [stdout]  --> src/mft/stream.rs:5:5
[INFO] [stdout]   |
[INFO] [stdout] 5 |     shared::{minwindef::DWORD, winerror},
[INFO] [stdout]   |     ^^^^^^ could not find `shared` in `winapi`
[INFO] [stdout] 
[INFO] [stdout] 
[INFO] [stdout] error[E0433]: failed to resolve: could not find `um` in `winapi`
[INFO] [stdout]  --> src/mft/stream.rs:6:5
[INFO] [stdout]   |
[INFO] [stdout] 6 |     um::{
[INFO] [stdout]   |     ^^ could not find `um` in `winapi`
[INFO] [stdout] 
[INFO] [stdout] 
[INFO] [stdout] error[E0433]: failed to resolve: could not find `shared` in `winapi`
[INFO] [stdout]  --> src/privileges.rs:4:5
[INFO] [stdout]   |
[INFO] [stdout] 4 |     shared::{minwindef::FALSE, ntdef::LUID, winerror},
[INFO] [stdout]   |     ^^^^^^ could not find `shared` in `winapi`
[INFO] [stdout] 
[INFO] [stdout] 
[INFO] [stdout] error[E0432]: unresolved imports `winapi::ctypes`, `winapi::shared`, `winapi::um`
[INFO] [stdout]  --> src/mft/stream.rs:4:5
[INFO] [stdout]   |
[INFO] [stdout] 4 |     ctypes::c_void,
[INFO] [stdout]   |     ^^^^^^ could not find `ctypes` in `winapi`
[INFO] [stdout] 5 |     shared::{minwindef::DWORD, winerror},
[INFO] [stdout]   |     ^^^^^^ could not find `shared` in `winapi`
[INFO] [stdout] 6 |     um::{
[INFO] [stdout]   |     ^^ could not find `um` in `winapi`
[INFO] [stdout] 
[INFO] [stdout] 
[INFO] [stdout] error[E0433]: failed to resolve: could not find `um` in `winapi`
[INFO] [stdout]  --> src/privileges.rs:5:5
[INFO] [stdout]   |
[INFO] [stdout] 5 |     um::{
[INFO] [stdout]   |     ^^ could not find `um` in `winapi`
[INFO] [stdout] 
[INFO] [stdout] 
[INFO] [stdout] error[E0432]: unresolved imports `winapi::shared`, `winapi::um`
[INFO] [stdout]  --> src/privileges.rs:4:5
[INFO] [stdout]   |
[INFO] [stdout] 4 |     shared::{minwindef::FALSE, ntdef::LUID, winerror},
[INFO] [stdout]   |     ^^^^^^ could not find `shared` in `winapi`
[INFO] [stdout] 5 |     um::{
[INFO] [stdout]   |     ^^ could not find `um` in `winapi`
[INFO] [stdout] 
[INFO] [stdout] 
[INFO] [stdout] error[E0433]: failed to resolve: could not find `um` in `winapi`
[INFO] [stdout]  --> src/volumes.rs:5:5
[INFO] [stdout]   |
[INFO] [stdout] 5 |     um::{
[INFO] [stdout]   |     ^^ could not find `um` in `winapi`
[INFO] [stdout] 
[INFO] [stdout] 
[INFO] [stdout] error[E0433]: failed to resolve: could not find `windows` in `os`
[INFO] [stdout]   --> src/volumes.rs:19:9
[INFO] [stdout]    |
[INFO] [stdout] 19 |     os::windows::ffi::{OsStrExt as _, OsStringExt as _},
[INFO] [stdout]    |         ^^^^^^^ could not find `windows` in `os`
[INFO] [stdout] 
[INFO] [stdout] 
[INFO] [stdout] error[E0433]: failed to resolve: could not find `um` in `winapi`
[INFO] [stdout]  --> src/main.rs:8:13
[INFO] [stdout]   |
[INFO] [stdout] 8 | use winapi::um::{handleapi::CloseHandle, winnt::HANDLE};
[INFO] [stdout]   |             ^^ could not find `um` in `winapi`
[INFO] [stdout] 
[INFO] [stdout] 
[INFO] [stdout] error[E0432]: unresolved imports `winapi::shared`, `winapi::um`
[INFO] [stdout]  --> src/volumes.rs:4:5
[INFO] [stdout]   |
[INFO] [stdout] 4 |     shared::winerror,
[INFO] [stdout]   |     ^^^^^^ could not find `shared` in `winapi`
[INFO] [stdout] 5 |     um::{
[INFO] [stdout]   |     ^^ could not find `um` in `winapi`
[INFO] [stdout] 
[INFO] [stdout] 
[INFO] [stdout] error[E0412]: cannot find type `DWORD` in this scope
[INFO] [stdout]  --> src/err.rs:8:32
[INFO] [stdout]   |
[INFO] [stdout] 8 |     LookupPrivilegeValueFailed(DWORD),
[INFO] [stdout]   |                                ^^^^^ not found in this scope
[INFO] [stdout] 
[INFO] [stdout] 
[INFO] [stdout] error[E0412]: cannot find type `DWORD` in this scope
[INFO] [stdout]  --> src/err.rs:9:31
[INFO] [stdout]   |
[INFO] [stdout] 9 |     GetSelfProcessTokenFailed(DWORD),
[INFO] [stdout]   |                               ^^^^^ not found in this scope
[INFO] [stdout] 
[INFO] [stdout] 
[INFO] [stdout] error[E0412]: cannot find type `DWORD` in this scope
[INFO] [stdout]   --> src/err.rs:10:33
[INFO] [stdout]    |
[INFO] [stdout] 10 |     AdjustTokenPrivilegesFailed(DWORD),
[INFO] [stdout]    |                                 ^^^^^ not found in this scope
[INFO] [stdout] 
[INFO] [stdout] 
[INFO] [stdout] error[E0412]: cannot find type `DWORD` in this scope
[INFO] [stdout]   --> src/err.rs:11:27
[INFO] [stdout]    |
[INFO] [stdout] 11 |     FindFirstVolumeFailed(DWORD),
[INFO] [stdout]    |                           ^^^^^ not found in this scope
[INFO] [stdout] 
[INFO] [stdout] 
[INFO] [stdout] error[E0412]: cannot find type `DWORD` in this scope
[INFO] [stdout]   --> src/err.rs:12:26
[INFO] [stdout]    |
[INFO] [stdout] 12 |     FindNextVolumeFailed(DWORD),
[INFO] [stdout]    |                          ^^^^^ not found in this scope
[INFO] [stdout] 
[INFO] [stdout] 
[INFO] [stdout] error[E0412]: cannot find type `DWORD` in this scope
[INFO] [stdout]   --> src/err.rs:13:30
[INFO] [stdout]    |
[INFO] [stdout] 13 |     GetVolumePathNamesFailed(DWORD),
[INFO] [stdout]    |                              ^^^^^ not found in this scope
[INFO] [stdout] 
[INFO] [stdout] 
[INFO] [stdout] error[E0412]: cannot find type `DWORD` in this scope
[INFO] [stdout]   --> src/err.rs:14:28
[INFO] [stdout]    |
[INFO] [stdout] 14 |     OpenVolumeHandleFailed(DWORD),
[INFO] [stdout]    |                            ^^^^^ not found in this scope
[INFO] [stdout] 
[INFO] [stdout] 
[INFO] [stdout] error[E0412]: cannot find type `DWORD` in this scope
[INFO] [stdout]   --> src/err.rs:16:29
[INFO] [stdout]    |
[INFO] [stdout] 16 |     GetNtfsVolumeDataFailed(DWORD),
[INFO] [stdout]    |                             ^^^^^ not found in this scope
[INFO] [stdout] 
[INFO] [stdout] 
[INFO] [stdout] error[E0412]: cannot find type `DWORD` in this scope
[INFO] [stdout]   --> src/err.rs:19:19
[INFO] [stdout]    |
[INFO] [stdout] 19 |     OpenMftFailed(DWORD),
[INFO] [stdout]    |                   ^^^^^ not found in this scope
[INFO] [stdout] 
[INFO] [stdout] 
[INFO] [stdout] error[E0412]: cannot find type `DWORD` in this scope
[INFO] [stdout]   --> src/err.rs:20:32
[INFO] [stdout]    |
[INFO] [stdout] 20 |     GetRetrievalPointersFailed(DWORD),
[INFO] [stdout]    |                                ^^^^^ not found in this scope
[INFO] [stdout] 
[INFO] [stdout] 
[INFO] [stdout] error[E0412]: cannot find type `DWORD` in this scope
[INFO] [stdout]   --> src/err.rs:21:22
[INFO] [stdout]    |
[INFO] [stdout] 21 |     ReadVolumeFailed(DWORD),
[INFO] [stdout]    |                      ^^^^^ not found in this scope
[INFO] [stdout] 
[INFO] [stdout] 
[INFO] [stdout] error[E0412]: cannot find type `NTFS_VOLUME_DATA_BUFFER` in this scope
[INFO] [stdout]   --> src/mft/stream.rs:43:22
[INFO] [stdout]    |
[INFO] [stdout] 43 |         volume_info: NTFS_VOLUME_DATA_BUFFER,
[INFO] [stdout]    |                      ^^^^^^^^^^^^^^^^^^^^^^^ not found in this scope
[INFO] [stdout] 
[INFO] [stdout] 
[INFO] [stdout] error[E0412]: cannot find type `NTFS_VOLUME_DATA_BUFFER` in this scope
[INFO] [stdout]   --> src/mft/mod.rs:34:20
[INFO] [stdout]    |
[INFO] [stdout] 34 |     mem::size_of::<NTFS_VOLUME_DATA_BUFFER>() + mem::size_of::<NTFS_EXTENDED_VOLUME_DATA>();
[INFO] [stdout]    |                    ^^^^^^^^^^^^^^^^^^^^^^^ not found in this scope
[INFO] [stdout] 
[INFO] [stdout] 
[INFO] [stdout] error[E0412]: cannot find type `NTFS_EXTENDED_VOLUME_DATA` in this scope
[INFO] [stdout]   --> src/mft/mod.rs:34:64
[INFO] [stdout]    |
[INFO] [stdout] 34 |     mem::size_of::<NTFS_VOLUME_DATA_BUFFER>() + mem::size_of::<NTFS_EXTENDED_VOLUME_DATA>();
[INFO] [stdout]    |                                                                ^^^^^^^^^^^^^^^^^^^^^^^^^ not found in this scope
[INFO] [stdout] 
[INFO] [stdout] 
[INFO] [stdout] error[E0412]: cannot find type `NTFS_VOLUME_DATA_BUFFER` in this scope
[INFO] [stdout]    --> src/mft/mod.rs:558:14
[INFO] [stdout]     |
[INFO] [stdout] 556 | fn get_ntfs_volume_data(
[INFO] [stdout]     |                        - help: you might be missing a type parameter: `<NTFS_VOLUME_DATA_BUFFER>`
[INFO] [stdout] 557 |     handle: &SafeHandle,
[INFO] [stdout] 558 | ) -> Result<(NTFS_VOLUME_DATA_BUFFER, NTFS_EXTENDED_VOLUME_DATA), Error> {
[INFO] [stdout]     |              ^^^^^^^^^^^^^^^^^^^^^^^ not found in this scope
[INFO] [stdout] 
[INFO] [stdout] 
[INFO] [stdout] error[E0412]: cannot find type `NTFS_EXTENDED_VOLUME_DATA` in this scope
[INFO] [stdout]    --> src/mft/mod.rs:558:39
[INFO] [stdout]     |
[INFO] [stdout] 556 | fn get_ntfs_volume_data(
[INFO] [stdout]     |                        - help: you might be missing a type parameter: `<NTFS_EXTENDED_VOLUME_DATA>`
[INFO] [stdout] 557 |     handle: &SafeHandle,
[INFO] [stdout] 558 | ) -> Result<(NTFS_VOLUME_DATA_BUFFER, NTFS_EXTENDED_VOLUME_DATA), Error> {
[INFO] [stdout]     |                                       ^^^^^^^^^^^^^^^^^^^^^^^^^ not found in this scope
[INFO] [stdout] 
[INFO] [stdout] 
[INFO] [stdout] error[E0412]: cannot find type `LUID` in this scope
[INFO] [stdout]   --> src/privileges.rs:16:49
[INFO] [stdout]    |
[INFO] [stdout] 16 | fn lookup_priv_id(name: &'static str) -> Result<LUID, Error> {
[INFO] [stdout]    |                  -                              ^^^^ not found in this scope
[INFO] [stdout]    |                  |
[INFO] [stdout]    |                  help: you might be missing a type parameter: `<LUID>`
[INFO] [stdout] 
[INFO] [stdout] 
[INFO] [stdout] error[E0412]: cannot find type `HANDLE` in this scope
[INFO] [stdout]   --> src/volumes.rs:58:18
[INFO] [stdout]    |
[INFO] [stdout] 58 |     iter_handle: HANDLE,
[INFO] [stdout]    |                  ^^^^^^ not found in this scope
[INFO] [stdout] 
[INFO] [stdout] 
[INFO] [stdout] error[E0412]: cannot find type `HANDLE` in this scope
[INFO] [stdout]   --> src/main.rs:25:13
[INFO] [stdout]    |
[INFO] [stdout] 25 |     handle: HANDLE,
[INFO] [stdout]    |             ^^^^^^ not found in this scope
[INFO] [stdout] 
[INFO] [stdout] 
[INFO] [stdout] error[E0412]: cannot find type `HANDLE` in this scope
[INFO] [stdout]   --> src/main.rs:28:19
[INFO] [stdout]    |
[INFO] [stdout] 28 |     type Target = HANDLE;
[INFO] [stdout]    |                   ^^^^^^ not found in this scope
[INFO] [stdout] 
[INFO] [stdout] 
[INFO] [stdout] error: Compilation failed, aborting rustdoc
[INFO] [stdout] 
[INFO] [stdout] 
[INFO] [stdout] error: aborting due to 35 previous errors
[INFO] [stdout] 
[INFO] [stdout] 
[INFO] [stdout] Some errors have detailed explanations: E0412, E0432, E0433.
[INFO] [stdout] 
[INFO] [stdout] For more information about an error, try `rustc --explain E0412`.
[INFO] [stdout] 
[INFO] [stderr] error: could not document `koakuma`
[INFO] [stderr] 
[INFO] [stderr] Caused by:
[INFO] [stderr]   process didn't exit successfully: `rustdoc --edition=2018 --crate-type bin --crate-name koakuma src/main.rs -o /opt/rustwide/target/doc --error-format=json --json=diagnostic-rendered-ansi --document-private-items -L dependency=/opt/rustwide/target/debug/deps --extern clap=/opt/rustwide/target/debug/deps/libclap-b61d88750b89f330.rmeta --extern indicatif=/opt/rustwide/target/debug/deps/libindicatif-c67cb78e2d606cfd.rmeta --extern winapi=/opt/rustwide/target/debug/deps/libwinapi-e31dc5af7c010ccb.rmeta --cap-lints=warn --crate-version 0.1.0` (exit status: 1)
[INFO] running `Command { std: "docker" "inspect" "93531e3d58ef1b89f512ffb255d3ae6bd53b2ccb9c64765a3253e248f2088d1d", kill_on_drop: false }`
[INFO] running `Command { std: "docker" "rm" "-f" "93531e3d58ef1b89f512ffb255d3ae6bd53b2ccb9c64765a3253e248f2088d1d", kill_on_drop: false }`
[INFO] [stdout] 93531e3d58ef1b89f512ffb255d3ae6bd53b2ccb9c64765a3253e248f2088d1d
