[INFO] cloning repository https://github.com/zoritle/rshim
[INFO] running `Command { std: "git" "-c" "credential.helper=" "-c" "credential.helper=/workspace/cargo-home/bin/git-credential-null" "clone" "--bare" "https://github.com/zoritle/rshim" "/workspace/cache/git-repos/https%3A%2F%2Fgithub.com%2Fzoritle%2Frshim", kill_on_drop: false }`
[INFO] [stderr] Cloning into bare repository '/workspace/cache/git-repos/https%3A%2F%2Fgithub.com%2Fzoritle%2Frshim'...
[INFO] running `Command { std: "git" "rev-parse" "HEAD", kill_on_drop: false }`
[INFO] [stdout] 7934dde74df8b7ebacf8b58c098a736c7d1113a5
[INFO] documenting zoritle/rshim against beta-2021-08-01 for beta-1.55-rustdoc-1
[INFO] running `Command { std: "git" "clone" "/workspace/cache/git-repos/https%3A%2F%2Fgithub.com%2Fzoritle%2Frshim" "/workspace/builds/worker-5/source", kill_on_drop: false }`
[INFO] [stderr] Cloning into '/workspace/builds/worker-5/source'...
[INFO] [stderr] done.
[INFO] validating manifest of git repo https://github.com/zoritle/rshim on toolchain beta-2021-08-01
[INFO] running `Command { std: "/workspace/cargo-home/bin/cargo" "+beta-2021-08-01" "metadata" "--manifest-path" "Cargo.toml" "--no-deps", kill_on_drop: false }`
[INFO] removed /workspace/builds/worker-5/source/.cargo/config.toml
[INFO] started tweaking git repo https://github.com/zoritle/rshim
[INFO] finished tweaking git repo https://github.com/zoritle/rshim
[INFO] tweaked toml for git repo https://github.com/zoritle/rshim written to /workspace/builds/worker-5/source/Cargo.toml
[INFO] crate git repo https://github.com/zoritle/rshim already has a lockfile, it will not be regenerated
[INFO] running `Command { std: "/workspace/cargo-home/bin/cargo" "+beta-2021-08-01" "fetch" "--manifest-path" "Cargo.toml", kill_on_drop: false }`
[INFO] [stderr]  Downloading crates ...
[INFO] [stderr]   Downloaded unicode-bom v1.1.4
[INFO] [stderr]   Downloaded fs-err v2.5.0
[INFO] running `Command { std: "docker" "create" "-v" "/var/lib/crater-agent-workspace/builds/worker-5/target:/opt/rustwide/target:rw,Z" "-v" "/var/lib/crater-agent-workspace/builds/worker-5/source:/opt/rustwide/workdir:ro,Z" "-v" "/var/lib/crater-agent-workspace/cargo-home:/opt/rustwide/cargo-home:ro,Z" "-v" "/var/lib/crater-agent-workspace/rustup-home:/opt/rustwide/rustup-home:ro,Z" "-e" "SOURCE_DIR=/opt/rustwide/workdir" "-e" "CARGO_TARGET_DIR=/opt/rustwide/target" "-e" "CARGO_HOME=/opt/rustwide/cargo-home" "-e" "RUSTUP_HOME=/opt/rustwide/rustup-home" "-w" "/opt/rustwide/workdir" "-m" "1610612736" "--user" "0:0" "--network" "none" "ghcr.io/rust-lang/crates-build-env/linux@sha256:34b6a614d2c27851fe6cbf88fbd1137609cefab8b10d0615aaeb6fd47975d74e" "/opt/rustwide/cargo-home/bin/cargo" "+beta-2021-08-01" "metadata" "--no-deps" "--format-version=1", kill_on_drop: false }`
[INFO] [stdout] 43ec3aad0a3dc687b45b42f1533d32cdde55448c24ad48b59a6074ab89587cf1
[INFO] running `Command { std: "docker" "start" "-a" "43ec3aad0a3dc687b45b42f1533d32cdde55448c24ad48b59a6074ab89587cf1", kill_on_drop: false }`
[INFO] running `Command { std: "docker" "inspect" "43ec3aad0a3dc687b45b42f1533d32cdde55448c24ad48b59a6074ab89587cf1", kill_on_drop: false }`
[INFO] running `Command { std: "docker" "rm" "-f" "43ec3aad0a3dc687b45b42f1533d32cdde55448c24ad48b59a6074ab89587cf1", kill_on_drop: false }`
[INFO] [stdout] 43ec3aad0a3dc687b45b42f1533d32cdde55448c24ad48b59a6074ab89587cf1
[INFO] running `Command { std: "docker" "create" "-v" "/var/lib/crater-agent-workspace/builds/worker-5/target:/opt/rustwide/target:rw,Z" "-v" "/var/lib/crater-agent-workspace/builds/worker-5/source:/opt/rustwide/workdir:ro,Z" "-v" "/var/lib/crater-agent-workspace/cargo-home:/opt/rustwide/cargo-home:ro,Z" "-v" "/var/lib/crater-agent-workspace/rustup-home:/opt/rustwide/rustup-home:ro,Z" "-e" "SOURCE_DIR=/opt/rustwide/workdir" "-e" "CARGO_TARGET_DIR=/opt/rustwide/target" "-e" "CARGO_INCREMENTAL=0" "-e" "RUST_BACKTRACE=full" "-e" "RUSTDOCFLAGS=--cap-lints=warn" "-e" "CARGO_HOME=/opt/rustwide/cargo-home" "-e" "RUSTUP_HOME=/opt/rustwide/rustup-home" "-w" "/opt/rustwide/workdir" "-m" "1610612736" "--user" "0:0" "--network" "none" "ghcr.io/rust-lang/crates-build-env/linux@sha256:34b6a614d2c27851fe6cbf88fbd1137609cefab8b10d0615aaeb6fd47975d74e" "/opt/rustwide/cargo-home/bin/cargo" "+beta-2021-08-01" "doc" "--frozen" "--no-deps" "--document-private-items" "--message-format=json", kill_on_drop: false }`
[INFO] [stdout] fe997844c45383255199e23a165c0c6c9bc694062e9bbba08a09a61d9a16550d
[INFO] running `Command { std: "docker" "start" "-a" "fe997844c45383255199e23a165c0c6c9bc694062e9bbba08a09a61d9a16550d", kill_on_drop: false }`
[INFO] [stderr]    Compiling winapi v0.3.9
[INFO] [stderr]     Checking unicode-bom v1.1.4
[INFO] [stderr]     Checking fs-err v2.5.0
[INFO] [stderr]  Documenting rshim v0.1.0 (/opt/rustwide/workdir)
[INFO] [stdout] error[E0433]: failed to resolve: could not find `shared` in `winapi`
[INFO] [stdout]   --> src/main.rs:11:5
[INFO] [stdout]    |
[INFO] [stdout] 11 |     shared::minwindef::{BOOL, DWORD, FALSE, TRUE},
[INFO] [stdout]    |     ^^^^^^ could not find `shared` in `winapi`
[INFO] [stdout] 
[INFO] [stdout] 
[INFO] [stdout] error[E0433]: failed to resolve: could not find `um` in `winapi`
[INFO] [stdout]   --> src/main.rs:12:5
[INFO] [stdout]    |
[INFO] [stdout] 12 |     um::{
[INFO] [stdout]    |     ^^ could not find `um` in `winapi`
[INFO] [stdout] 
[INFO] [stdout] 
[INFO] [stdout] error[E0432]: unresolved import `winapi::um`
[INFO] [stdout]   --> src/main.rs:12:5
[INFO] [stdout]    |
[INFO] [stdout] 12 |     um::{
[INFO] [stdout]    |     ^^ could not find `um` in `winapi`
[INFO] [stdout] 
[INFO] [stdout] 
[INFO] [stdout] error[E0412]: cannot find type `DWORD` in this scope
[INFO] [stdout]   --> src/main.rs:25:48
[INFO] [stdout]    |
[INFO] [stdout] 25 | unsafe extern "system" fn routine_handler(evt: DWORD) -> BOOL {
[INFO] [stdout]    |                                                ^^^^^ not found in this scope
[INFO] [stdout] 
[INFO] [stdout] 
[INFO] [stdout] error[E0412]: cannot find type `BOOL` in this scope
[INFO] [stdout]   --> src/main.rs:25:58
[INFO] [stdout]    |
[INFO] [stdout] 25 | unsafe extern "system" fn routine_handler(evt: DWORD) -> BOOL {
[INFO] [stdout]    |                                                          ^^^^ not found in this scope
[INFO] [stdout] 
[INFO] [stdout] 
[INFO] [stdout] error: Compilation failed, aborting rustdoc
[INFO] [stdout] 
[INFO] [stdout] 
[INFO] [stdout] error: aborting due to 6 previous errors
[INFO] [stdout] 
[INFO] [stdout] 
[INFO] [stdout] Some errors have detailed explanations: E0412, E0432, E0433.
[INFO] [stdout] 
[INFO] [stdout] For more information about an error, try `rustc --explain E0412`.
[INFO] [stdout] 
[INFO] [stderr] error: could not document `rshim`
[INFO] [stderr] 
[INFO] [stderr] Caused by:
[INFO] [stderr]   process didn't exit successfully: `rustdoc --edition=2018 --crate-type bin --crate-name rshim src/main.rs -o /opt/rustwide/target/doc --error-format=json --json=diagnostic-rendered-ansi --document-private-items -L dependency=/opt/rustwide/target/debug/deps --extern fs_err=/opt/rustwide/target/debug/deps/libfs_err-61e88c38235999a9.rmeta --extern unicode_bom=/opt/rustwide/target/debug/deps/libunicode_bom-6815bdaaa066d25b.rmeta --extern winapi=/opt/rustwide/target/debug/deps/libwinapi-81b2a4e565f869e7.rmeta --cap-lints=warn --crate-version 0.1.0` (exit status: 1)
[INFO] running `Command { std: "docker" "inspect" "fe997844c45383255199e23a165c0c6c9bc694062e9bbba08a09a61d9a16550d", kill_on_drop: false }`
[INFO] running `Command { std: "docker" "rm" "-f" "fe997844c45383255199e23a165c0c6c9bc694062e9bbba08a09a61d9a16550d", kill_on_drop: false }`
[INFO] [stdout] fe997844c45383255199e23a165c0c6c9bc694062e9bbba08a09a61d9a16550d
