[INFO] cloning repository https://github.com/zmbush/rustfuck
[INFO] running `Command { std: "git" "-c" "credential.helper=" "-c" "credential.helper=/workspace/cargo-home/bin/git-credential-null" "clone" "--bare" "https://github.com/zmbush/rustfuck" "/workspace/cache/git-repos/https%3A%2F%2Fgithub.com%2Fzmbush%2Frustfuck", kill_on_drop: false }`
[INFO] [stderr] Cloning into bare repository '/workspace/cache/git-repos/https%3A%2F%2Fgithub.com%2Fzmbush%2Frustfuck'...
[INFO] running `Command { std: "git" "rev-parse" "HEAD", kill_on_drop: false }`
[INFO] [stdout] ccbda3b19273e93625436e6b5cf11d1f0655757e
[INFO] documenting zmbush/rustfuck against beta-2021-08-01 for beta-1.55-rustdoc-1
[INFO] running `Command { std: "git" "clone" "/workspace/cache/git-repos/https%3A%2F%2Fgithub.com%2Fzmbush%2Frustfuck" "/workspace/builds/worker-15/source", kill_on_drop: false }`
[INFO] [stderr] Cloning into '/workspace/builds/worker-15/source'...
[INFO] [stderr] done.
[INFO] validating manifest of git repo https://github.com/zmbush/rustfuck on toolchain beta-2021-08-01
[INFO] running `Command { std: "/workspace/cargo-home/bin/cargo" "+beta-2021-08-01" "metadata" "--manifest-path" "Cargo.toml" "--no-deps", kill_on_drop: false }`
[INFO] started tweaking git repo https://github.com/zmbush/rustfuck
[INFO] finished tweaking git repo https://github.com/zmbush/rustfuck
[INFO] tweaked toml for git repo https://github.com/zmbush/rustfuck written to /workspace/builds/worker-15/source/Cargo.toml
[INFO] crate git repo https://github.com/zmbush/rustfuck already has a lockfile, it will not be regenerated
[INFO] running `Command { std: "/workspace/cargo-home/bin/cargo" "+beta-2021-08-01" "fetch" "--manifest-path" "Cargo.toml", kill_on_drop: false }`
[INFO] running `Command { std: "docker" "create" "-v" "/var/lib/crater-agent-workspace/builds/worker-15/target:/opt/rustwide/target:rw,Z" "-v" "/var/lib/crater-agent-workspace/builds/worker-15/source:/opt/rustwide/workdir:ro,Z" "-v" "/var/lib/crater-agent-workspace/cargo-home:/opt/rustwide/cargo-home:ro,Z" "-v" "/var/lib/crater-agent-workspace/rustup-home:/opt/rustwide/rustup-home:ro,Z" "-e" "SOURCE_DIR=/opt/rustwide/workdir" "-e" "CARGO_TARGET_DIR=/opt/rustwide/target" "-e" "CARGO_HOME=/opt/rustwide/cargo-home" "-e" "RUSTUP_HOME=/opt/rustwide/rustup-home" "-w" "/opt/rustwide/workdir" "-m" "1610612736" "--user" "0:0" "--network" "none" "ghcr.io/rust-lang/crates-build-env/linux@sha256:34b6a614d2c27851fe6cbf88fbd1137609cefab8b10d0615aaeb6fd47975d74e" "/opt/rustwide/cargo-home/bin/cargo" "+beta-2021-08-01" "metadata" "--no-deps" "--format-version=1", kill_on_drop: false }`
[INFO] [stdout] e748906736741ea62a49360a929e2b03e949ab2fccf1e1c3f92d18e0abd1542d
[INFO] running `Command { std: "docker" "start" "-a" "e748906736741ea62a49360a929e2b03e949ab2fccf1e1c3f92d18e0abd1542d", kill_on_drop: false }`
[INFO] running `Command { std: "docker" "inspect" "e748906736741ea62a49360a929e2b03e949ab2fccf1e1c3f92d18e0abd1542d", kill_on_drop: false }`
[INFO] running `Command { std: "docker" "rm" "-f" "e748906736741ea62a49360a929e2b03e949ab2fccf1e1c3f92d18e0abd1542d", kill_on_drop: false }`
[INFO] [stdout] e748906736741ea62a49360a929e2b03e949ab2fccf1e1c3f92d18e0abd1542d
[INFO] running `Command { std: "docker" "create" "-v" "/var/lib/crater-agent-workspace/builds/worker-15/target:/opt/rustwide/target:rw,Z" "-v" "/var/lib/crater-agent-workspace/builds/worker-15/source:/opt/rustwide/workdir:ro,Z" "-v" "/var/lib/crater-agent-workspace/cargo-home:/opt/rustwide/cargo-home:ro,Z" "-v" "/var/lib/crater-agent-workspace/rustup-home:/opt/rustwide/rustup-home:ro,Z" "-e" "SOURCE_DIR=/opt/rustwide/workdir" "-e" "CARGO_TARGET_DIR=/opt/rustwide/target" "-e" "CARGO_INCREMENTAL=0" "-e" "RUST_BACKTRACE=full" "-e" "RUSTDOCFLAGS=--cap-lints=warn" "-e" "CARGO_HOME=/opt/rustwide/cargo-home" "-e" "RUSTUP_HOME=/opt/rustwide/rustup-home" "-w" "/opt/rustwide/workdir" "-m" "1610612736" "--user" "0:0" "--network" "none" "ghcr.io/rust-lang/crates-build-env/linux@sha256:34b6a614d2c27851fe6cbf88fbd1137609cefab8b10d0615aaeb6fd47975d74e" "/opt/rustwide/cargo-home/bin/cargo" "+beta-2021-08-01" "doc" "--frozen" "--no-deps" "--document-private-items" "--message-format=json", kill_on_drop: false }`
[INFO] [stdout] 39df45a916214b69b7898b88d4c575ca942c66c801414d69394cf197fed29407
[INFO] running `Command { std: "docker" "start" "-a" "39df45a916214b69b7898b88d4c575ca942c66c801414d69394cf197fed29407", kill_on_drop: false }`
[INFO] [stderr]  Documenting rustfuck v0.0.1 (/opt/rustwide/workdir)
[INFO] [stdout] error: expected parameter name, found `:`
[INFO] [stdout]   --> src/main.rs:75:42
[INFO] [stdout]    |
[INFO] [stdout] 75 |                 let v = v.trim_matches(|&: c: char| c == ' ');
[INFO] [stdout]    |                                          ^ expected parameter name
[INFO] [stdout] 
[INFO] [stdout] 
[INFO] [stdout] error[E0433]: failed to resolve: could not find `old_io` in `std`
[INFO] [stdout]  --> src/main.rs:3:10
[INFO] [stdout]   |
[INFO] [stdout] 3 | use std::old_io::fs::File;
[INFO] [stdout]   |          ^^^^^^ could not find `old_io` in `std`
[INFO] [stdout] 
[INFO] [stdout] 
[INFO] [stdout] error[E0432]: unresolved import `std::old_io`
[INFO] [stdout]  --> src/main.rs:4:5
[INFO] [stdout]   |
[INFO] [stdout] 4 | use std::old_io;
[INFO] [stdout]   |     ^^^^^^^^^^^ no `old_io` in the root
[INFO] [stdout] 
[INFO] [stdout] 
[INFO] [stdout] error[E0432]: unresolved imports `getopts::optopt`, `getopts::optflag`, `getopts::getopts`, `getopts::usage`
[INFO] [stdout]  --> src/main.rs:6:15
[INFO] [stdout]   |
[INFO] [stdout] 6 | use getopts::{optopt,optflag, getopts,OptGroup,usage};
[INFO] [stdout]   |               ^^^^^^ ^^^^^^^  ^^^^^^^          ^^^^^ no `usage` in the root
[INFO] [stdout]   |               |      |        |
[INFO] [stdout]   |               |      |        no `getopts` in the root
[INFO] [stdout]   |               |      no `optflag` in the root
[INFO] [stdout]   |               no `optopt` in the root
[INFO] [stdout] 
[INFO] [stdout] 
[INFO] [stdout] error[E0433]: failed to resolve: could not find `old_io` in `std`
[INFO] [stdout]  --> src/tokenizer.rs:1:10
[INFO] [stdout]   |
[INFO] [stdout] 1 | use std::old_io::fs::File;
[INFO] [stdout]   |          ^^^^^^ could not find `old_io` in `std`
[INFO] [stdout] 
[INFO] [stdout] 
[INFO] [stdout] error[E0432]: unresolved import `std::old_io`
[INFO] [stdout]  --> src/main.rs:7:10
[INFO] [stdout]   |
[INFO] [stdout] 7 | use std::old_io::Command;
[INFO] [stdout]   |          ^^^^^^ could not find `old_io` in `std`
[INFO] [stdout] 
[INFO] [stdout] 
[INFO] [stderr] error: could not document `rustfuck`
[INFO] [stdout] error[E0412]: cannot find type `Path` in this scope
[INFO] [stdout]   --> src/tokenizer.rs:33:30
[INFO] [stdout]    |
[INFO] [stdout] 33 |     pub fn parse_file(path: &Path) -> Vec<BFToken> {
[INFO] [stdout]    |                              ^^^^ not found in this scope
[INFO] [stdout]    |
[INFO] [stdout] help: consider importing this struct
[INFO] [stdout]    |
[INFO] [stdout] 1  | use std::path::Path;
[INFO] [stdout]    |
[INFO] [stdout] 
[INFO] [stdout] 
[INFO] [stderr] 
[INFO] [stdout] error[E0603]: struct `OptGroup` is private
[INFO] [stdout]    --> src/main.rs:6:39
[INFO] [stdout]     |
[INFO] [stdout] 6   | use getopts::{optopt,optflag, getopts,OptGroup,usage};
[INFO] [stdout]     |                                       ^^^^^^^^ private struct
[INFO] [stdout]     |
[INFO] [stdout] note: the struct `OptGroup` is defined here
[INFO] [stdout] 
[INFO] [stdout] 
[INFO] [stderr] Caused by:
[INFO] [stdout] error: Compilation failed, aborting rustdoc
[INFO] [stdout] 
[INFO] [stdout] 
[INFO] [stderr]   process didn't exit successfully: `rustdoc --crate-type bin --crate-name rustfuck src/main.rs -o /opt/rustwide/target/doc --error-format=json --json=diagnostic-rendered-ansi --document-private-items -L dependency=/opt/rustwide/target/debug/deps --cap-lints=warn --crate-version 0.0.1` (exit status: 1)
[INFO] [stdout] error: aborting due to 9 previous errors
[INFO] [stdout] 
[INFO] [stdout] 
[INFO] [stdout] Some errors have detailed explanations: E0412, E0432, E0433, E0603.
[INFO] [stdout] 
[INFO] [stdout] For more information about an error, try `rustc --explain E0412`.
[INFO] [stdout] 
[INFO] running `Command { std: "docker" "inspect" "39df45a916214b69b7898b88d4c575ca942c66c801414d69394cf197fed29407", kill_on_drop: false }`
[INFO] running `Command { std: "docker" "rm" "-f" "39df45a916214b69b7898b88d4c575ca942c66c801414d69394cf197fed29407", kill_on_drop: false }`
[INFO] [stdout] 39df45a916214b69b7898b88d4c575ca942c66c801414d69394cf197fed29407
