[INFO] cloning repository https://github.com/zerosign/devctl
[INFO] running `Command { std: "git" "-c" "credential.helper=" "-c" "credential.helper=/workspace/cargo-home/bin/git-credential-null" "clone" "--bare" "https://github.com/zerosign/devctl" "/workspace/cache/git-repos/https%3A%2F%2Fgithub.com%2Fzerosign%2Fdevctl", kill_on_drop: false }`
[INFO] [stderr] Cloning into bare repository '/workspace/cache/git-repos/https%3A%2F%2Fgithub.com%2Fzerosign%2Fdevctl'...
[INFO] running `Command { std: "git" "rev-parse" "HEAD", kill_on_drop: false }`
[INFO] [stdout] 7eed0a06e72a5cf37341df39d70982de56ee443f
[INFO] documenting zerosign/devctl against 1.54.0 for beta-1.55-rustdoc-1
[INFO] running `Command { std: "git" "clone" "/workspace/cache/git-repos/https%3A%2F%2Fgithub.com%2Fzerosign%2Fdevctl" "/workspace/builds/worker-14/source", kill_on_drop: false }`
[INFO] [stderr] Cloning into '/workspace/builds/worker-14/source'...
[INFO] [stderr] done.
[INFO] validating manifest of git repo https://github.com/zerosign/devctl on toolchain 1.54.0
[INFO] running `Command { std: "/workspace/cargo-home/bin/cargo" "+1.54.0" "metadata" "--manifest-path" "Cargo.toml" "--no-deps", kill_on_drop: false }`
[INFO] started tweaking git repo https://github.com/zerosign/devctl
[INFO] finished tweaking git repo https://github.com/zerosign/devctl
[INFO] tweaked toml for git repo https://github.com/zerosign/devctl written to /workspace/builds/worker-14/source/Cargo.toml
[INFO] crate git repo https://github.com/zerosign/devctl already has a lockfile, it will not be regenerated
[INFO] running `Command { std: "/workspace/cargo-home/bin/cargo" "+1.54.0" "fetch" "--manifest-path" "Cargo.toml", kill_on_drop: false }`
[INFO] [stderr]     Blocking waiting for file lock on package cache
[INFO] [stderr]     Updating crates.io index
[INFO] [stderr]     Blocking waiting for file lock on package cache
[INFO] running `Command { std: "docker" "create" "-v" "/var/lib/crater-agent-workspace/builds/worker-14/target:/opt/rustwide/target:rw,Z" "-v" "/var/lib/crater-agent-workspace/builds/worker-14/source:/opt/rustwide/workdir:ro,Z" "-v" "/var/lib/crater-agent-workspace/cargo-home:/opt/rustwide/cargo-home:ro,Z" "-v" "/var/lib/crater-agent-workspace/rustup-home:/opt/rustwide/rustup-home:ro,Z" "-e" "SOURCE_DIR=/opt/rustwide/workdir" "-e" "CARGO_TARGET_DIR=/opt/rustwide/target" "-e" "CARGO_HOME=/opt/rustwide/cargo-home" "-e" "RUSTUP_HOME=/opt/rustwide/rustup-home" "-w" "/opt/rustwide/workdir" "-m" "1610612736" "--user" "0:0" "--network" "none" "ghcr.io/rust-lang/crates-build-env/linux@sha256:34b6a614d2c27851fe6cbf88fbd1137609cefab8b10d0615aaeb6fd47975d74e" "/opt/rustwide/cargo-home/bin/cargo" "+1.54.0" "metadata" "--no-deps" "--format-version=1", kill_on_drop: false }`
[INFO] [stdout] 43974f495a049a78e7e1d0611bce4e23bc6cac3ecea28ac8b3dfa787a445cb34
[INFO] running `Command { std: "docker" "start" "-a" "43974f495a049a78e7e1d0611bce4e23bc6cac3ecea28ac8b3dfa787a445cb34", kill_on_drop: false }`
[INFO] running `Command { std: "docker" "inspect" "43974f495a049a78e7e1d0611bce4e23bc6cac3ecea28ac8b3dfa787a445cb34", kill_on_drop: false }`
[INFO] running `Command { std: "docker" "rm" "-f" "43974f495a049a78e7e1d0611bce4e23bc6cac3ecea28ac8b3dfa787a445cb34", kill_on_drop: false }`
[INFO] [stdout] 43974f495a049a78e7e1d0611bce4e23bc6cac3ecea28ac8b3dfa787a445cb34
[INFO] running `Command { std: "docker" "create" "-v" "/var/lib/crater-agent-workspace/builds/worker-14/target:/opt/rustwide/target:rw,Z" "-v" "/var/lib/crater-agent-workspace/builds/worker-14/source:/opt/rustwide/workdir:ro,Z" "-v" "/var/lib/crater-agent-workspace/cargo-home:/opt/rustwide/cargo-home:ro,Z" "-v" "/var/lib/crater-agent-workspace/rustup-home:/opt/rustwide/rustup-home:ro,Z" "-e" "SOURCE_DIR=/opt/rustwide/workdir" "-e" "CARGO_TARGET_DIR=/opt/rustwide/target" "-e" "CARGO_INCREMENTAL=0" "-e" "RUST_BACKTRACE=full" "-e" "RUSTDOCFLAGS=--cap-lints=warn" "-e" "CARGO_HOME=/opt/rustwide/cargo-home" "-e" "RUSTUP_HOME=/opt/rustwide/rustup-home" "-w" "/opt/rustwide/workdir" "-m" "1610612736" "--user" "0:0" "--network" "none" "ghcr.io/rust-lang/crates-build-env/linux@sha256:34b6a614d2c27851fe6cbf88fbd1137609cefab8b10d0615aaeb6fd47975d74e" "/opt/rustwide/cargo-home/bin/cargo" "+1.54.0" "doc" "--frozen" "--no-deps" "--document-private-items" "--message-format=json", kill_on_drop: false }`
[INFO] [stdout] faeb06e20d052c81d1cdc037ee51b9752bf44c27c0ffe81800894407c9f63208
[INFO] running `Command { std: "docker" "start" "-a" "faeb06e20d052c81d1cdc037ee51b9752bf44c27c0ffe81800894407c9f63208", kill_on_drop: false }`
[INFO] [stderr]     Blocking waiting for file lock on package cache
[INFO] [stderr]    Compiling serde v1.0.99
[INFO] [stderr]    Compiling smallvec v0.6.10
[INFO] [stderr]    Compiling syn v1.0.3
[INFO] [stderr]    Compiling num-traits v0.2.8
[INFO] [stderr]    Compiling num_cpus v1.10.1
[INFO] [stderr]    Compiling time v0.1.42
[INFO] [stderr]     Checking memchr v2.2.1
[INFO] [stderr]    Compiling cc v1.0.46
[INFO] [stderr]     Checking combine v4.6.0
[INFO] [stderr]    Compiling unicode-normalization v0.1.8
[INFO] [stderr]    Compiling libz-sys v1.0.25
[INFO] [stderr]    Compiling libgit2-sys v0.9.1
[INFO] [stderr]    Compiling num-integer v0.1.41
[INFO] [stderr]    Compiling chrono v0.4.9
[INFO] [stderr]    Compiling idna v0.2.0
[INFO] [stderr]    Compiling url v2.1.0
[INFO] [stderr]    Compiling proc-macro-hack v0.5.9
[INFO] [stderr]    Compiling git2 v0.10.1
[INFO] [stderr]    Compiling toml v0.5.3
[INFO] [stderr]    Compiling lexpr-macros v0.2.0
[INFO] [stderr]     Checking lexpr v0.2.3
[INFO] [stderr]    Compiling built v0.3.2
[INFO] [stderr]     Checking serde-lexpr v0.1.1
[INFO] [stderr]    Compiling devctl v0.1.0 (/opt/rustwide/workdir)
[INFO] [stderr]  Documenting devctl v0.1.0 (/opt/rustwide/workdir)
[INFO] [stdout] error: unexpected token: `...`
[INFO] [stdout]   --> src/lib.rs:46:22
[INFO] [stdout]    |
[INFO] [stdout] 46 |         fs::copy(.., ...);
[INFO] [stdout]    |                      ^^^
[INFO] [stdout]    |
[INFO] [stdout] help: use `..` for an exclusive range
[INFO] [stdout]    |
[INFO] [stdout] 46 |         fs::copy(.., ..);
[INFO] [stdout]    |                      ^^
[INFO] [stdout] help: or `..=` for an inclusive range
[INFO] [stdout]    |
[INFO] [stdout] 46 |         fs::copy(.., ..=);
[INFO] [stdout]    |                      ^^^
[INFO] [stdout] 
[INFO] [stdout] 
[INFO] [stdout] error[E0586]: inclusive range with no end
[INFO] [stdout]   --> src/lib.rs:46:22
[INFO] [stdout]    |
[INFO] [stdout] 46 |         fs::copy(.., ...);
[INFO] [stdout]    |                      ^^^ help: use `..` instead
[INFO] [stdout]    |
[INFO] [stdout]    = note: inclusive ranges must be bounded at the end (`..=b` or `a..=b`)
[INFO] [stdout] 
[INFO] [stdout] 
[INFO] [stdout] error: cannot find macro `undefined` in this scope
[INFO] [stdout]   --> src/lib.rs:50:9
[INFO] [stdout]    |
[INFO] [stdout] 50 |         undefined!()
[INFO] [stdout]    |         ^^^^^^^^^
[INFO] [stdout] 
[INFO] [stdout] 
[INFO] [stdout] error[E0405]: cannot find trait `Lookup` in this scope
[INFO] [stdout]  --> src/lib.rs:9:6
[INFO] [stdout]   |
[INFO] [stdout] 9 | impl Lookup for Devctl {
[INFO] [stdout]   |      ^^^^^^ not found in this scope
[INFO] [stdout] 
[INFO] [stdout] 
[INFO] [stdout] error[E0412]: cannot find type `DevctlErr` in this scope
[INFO] [stdout]   --> src/lib.rs:10:16
[INFO] [stdout]    |
[INFO] [stdout] 5  | pub struct Devctl {
[INFO] [stdout]    | ----------------- similarly named struct `Devctl` defined here
[INFO] [stdout] ...
[INFO] [stdout] 10 |     type Err = DevctlErr;
[INFO] [stdout]    |                ^^^^^^^^^ help: a struct with a similar name exists: `Devctl`
[INFO] [stdout] 
[INFO] [stdout] 
[INFO] [stdout] error: Compilation failed, aborting rustdoc
[INFO] [stdout] 
[INFO] [stdout] 
[INFO] [stdout] error: aborting due to 6 previous errors
[INFO] [stdout] 
[INFO] [stdout] 
[INFO] [stdout] Some errors have detailed explanations: E0405, E0412, E0586.
[INFO] [stdout] 
[INFO] [stdout] For more information about an error, try `rustc --explain E0405`.
[INFO] [stdout] 
[INFO] [stderr] error: could not document `devctl`
[INFO] [stderr] 
[INFO] [stderr] Caused by:
[INFO] [stderr]   process didn't exit successfully: `rustdoc --edition=2018 --crate-type lib --crate-name devctl src/lib.rs -o /opt/rustwide/target/doc --error-format=json --json=diagnostic-rendered-ansi --document-private-items -L dependency=/opt/rustwide/target/debug/deps --extern combine=/opt/rustwide/target/debug/deps/libcombine-b03375dc5cfea6a8.rmeta --extern serde_lexpr=/opt/rustwide/target/debug/deps/libserde_lexpr-0c5b1942df026d83.rmeta --cap-lints=warn --crate-version 0.1.0` (exit status: 1)
[INFO] running `Command { std: "docker" "inspect" "faeb06e20d052c81d1cdc037ee51b9752bf44c27c0ffe81800894407c9f63208", kill_on_drop: false }`
[INFO] running `Command { std: "docker" "rm" "-f" "faeb06e20d052c81d1cdc037ee51b9752bf44c27c0ffe81800894407c9f63208", kill_on_drop: false }`
[INFO] [stdout] faeb06e20d052c81d1cdc037ee51b9752bf44c27c0ffe81800894407c9f63208
