[INFO] cloning repository https://github.com/zeroqn/ckb-dynamic-loading-pw-lock
[INFO] running `Command { std: "git" "-c" "credential.helper=" "-c" "credential.helper=/workspace/cargo-home/bin/git-credential-null" "clone" "--bare" "https://github.com/zeroqn/ckb-dynamic-loading-pw-lock" "/workspace/cache/git-repos/https%3A%2F%2Fgithub.com%2Fzeroqn%2Fckb-dynamic-loading-pw-lock", kill_on_drop: false }`
[INFO] [stderr] Cloning into bare repository '/workspace/cache/git-repos/https%3A%2F%2Fgithub.com%2Fzeroqn%2Fckb-dynamic-loading-pw-lock'...
[INFO] running `Command { std: "git" "rev-parse" "HEAD", kill_on_drop: false }`
[INFO] [stdout] d02c997d813ff1ce16419b4cd65bcb8f92e5d02b
[INFO] documenting zeroqn/ckb-dynamic-loading-pw-lock against beta-2021-08-01 for beta-1.55-rustdoc-1
[INFO] running `Command { std: "git" "clone" "/workspace/cache/git-repos/https%3A%2F%2Fgithub.com%2Fzeroqn%2Fckb-dynamic-loading-pw-lock" "/workspace/builds/worker-1/source", kill_on_drop: false }`
[INFO] [stderr] Cloning into '/workspace/builds/worker-1/source'...
[INFO] [stderr] done.
[INFO] validating manifest of git repo https://github.com/zeroqn/ckb-dynamic-loading-pw-lock on toolchain beta-2021-08-01
[INFO] running `Command { std: "/workspace/cargo-home/bin/cargo" "+beta-2021-08-01" "metadata" "--manifest-path" "Cargo.toml" "--no-deps", kill_on_drop: false }`
[INFO] removed /workspace/builds/worker-1/source/rust-toolchain
[INFO] started tweaking git repo https://github.com/zeroqn/ckb-dynamic-loading-pw-lock
[INFO] finished tweaking git repo https://github.com/zeroqn/ckb-dynamic-loading-pw-lock
[INFO] tweaked toml for git repo https://github.com/zeroqn/ckb-dynamic-loading-pw-lock written to /workspace/builds/worker-1/source/Cargo.toml
[INFO] crate git repo https://github.com/zeroqn/ckb-dynamic-loading-pw-lock already has a lockfile, it will not be regenerated
[INFO] running `Command { std: "/workspace/cargo-home/bin/cargo" "+beta-2021-08-01" "fetch" "--manifest-path" "Cargo.toml", kill_on_drop: false }`
[INFO] [stderr]  Downloading crates ...
[INFO] [stderr]   Downloaded mapr v0.8.0
[INFO] [stderr]   Downloaded blake2b-rs v0.2.0
[INFO] [stderr]   Downloaded ckb-tool v0.2.2
[INFO] [stderr]   Downloaded ckb-vm-definitions v0.19.3
[INFO] [stderr]   Downloaded buddy-alloc v0.4.1
[INFO] [stderr]   Downloaded ckb-testtool v0.2.2
[INFO] [stderr]   Downloaded ckb-vm v0.19.3
[INFO] [stderr]   Downloaded ckb-std v0.7.2
[INFO] running `Command { std: "docker" "create" "-v" "/var/lib/crater-agent-workspace/builds/worker-1/target:/opt/rustwide/target:rw,Z" "-v" "/var/lib/crater-agent-workspace/builds/worker-1/source:/opt/rustwide/workdir:ro,Z" "-v" "/var/lib/crater-agent-workspace/cargo-home:/opt/rustwide/cargo-home:ro,Z" "-v" "/var/lib/crater-agent-workspace/rustup-home:/opt/rustwide/rustup-home:ro,Z" "-e" "SOURCE_DIR=/opt/rustwide/workdir" "-e" "CARGO_TARGET_DIR=/opt/rustwide/target" "-e" "CARGO_HOME=/opt/rustwide/cargo-home" "-e" "RUSTUP_HOME=/opt/rustwide/rustup-home" "-w" "/opt/rustwide/workdir" "-m" "1610612736" "--user" "0:0" "--network" "none" "ghcr.io/rust-lang/crates-build-env/linux@sha256:34b6a614d2c27851fe6cbf88fbd1137609cefab8b10d0615aaeb6fd47975d74e" "/opt/rustwide/cargo-home/bin/cargo" "+beta-2021-08-01" "metadata" "--no-deps" "--format-version=1", kill_on_drop: false }`
[INFO] [stdout] 575a9a81cac7719e3fded5a267fbc8e14e5e5dd2a6ba27973bc3932b781bd2b2
[INFO] running `Command { std: "docker" "start" "-a" "575a9a81cac7719e3fded5a267fbc8e14e5e5dd2a6ba27973bc3932b781bd2b2", kill_on_drop: false }`
[INFO] running `Command { std: "docker" "inspect" "575a9a81cac7719e3fded5a267fbc8e14e5e5dd2a6ba27973bc3932b781bd2b2", kill_on_drop: false }`
[INFO] running `Command { std: "docker" "rm" "-f" "575a9a81cac7719e3fded5a267fbc8e14e5e5dd2a6ba27973bc3932b781bd2b2", kill_on_drop: false }`
[INFO] [stdout] 575a9a81cac7719e3fded5a267fbc8e14e5e5dd2a6ba27973bc3932b781bd2b2
[INFO] running `Command { std: "docker" "create" "-v" "/var/lib/crater-agent-workspace/builds/worker-1/target:/opt/rustwide/target:rw,Z" "-v" "/var/lib/crater-agent-workspace/builds/worker-1/source:/opt/rustwide/workdir:ro,Z" "-v" "/var/lib/crater-agent-workspace/cargo-home:/opt/rustwide/cargo-home:ro,Z" "-v" "/var/lib/crater-agent-workspace/rustup-home:/opt/rustwide/rustup-home:ro,Z" "-e" "SOURCE_DIR=/opt/rustwide/workdir" "-e" "CARGO_TARGET_DIR=/opt/rustwide/target" "-e" "CARGO_INCREMENTAL=0" "-e" "RUST_BACKTRACE=full" "-e" "RUSTDOCFLAGS=--cap-lints=warn" "-e" "CARGO_HOME=/opt/rustwide/cargo-home" "-e" "RUSTUP_HOME=/opt/rustwide/rustup-home" "-w" "/opt/rustwide/workdir" "-m" "1610612736" "--user" "0:0" "--network" "none" "ghcr.io/rust-lang/crates-build-env/linux@sha256:34b6a614d2c27851fe6cbf88fbd1137609cefab8b10d0615aaeb6fd47975d74e" "/opt/rustwide/cargo-home/bin/cargo" "+beta-2021-08-01" "doc" "--frozen" "--no-deps" "--document-private-items" "--message-format=json", kill_on_drop: false }`
[INFO] [stdout] eae52f2bbad06e93a6f9a00400df057ebd61ab8422f2687460a6ba19bbd7cd3a
[INFO] running `Command { std: "docker" "start" "-a" "eae52f2bbad06e93a6f9a00400df057ebd61ab8422f2687460a6ba19bbd7cd3a", kill_on_drop: false }`
[INFO] [stderr]     Blocking waiting for file lock on package cache
[INFO] [stderr]     Blocking waiting for file lock on package cache
[INFO] [stderr]     Blocking waiting for file lock on package cache
[INFO] [stderr]     Blocking waiting for file lock on package cache
[INFO] [stderr]    Compiling libc v0.2.81
[INFO] [stderr]    Compiling syn v1.0.54
[INFO] [stderr]    Compiling const_fn v0.4.4
[INFO] [stderr]    Compiling serde_derive v1.0.118
[INFO] [stderr]    Compiling serde v1.0.118
[INFO] [stderr]     Checking once_cell v1.5.2
[INFO] [stderr]     Checking futures-core v0.3.8
[INFO] [stderr]     Checking ahash v0.4.6
[INFO] [stderr]    Compiling serde_json v1.0.60
[INFO] [stderr]     Checking unicode-xid v0.2.1
[INFO] [stderr]    Compiling same-file v1.0.6
[INFO] [stderr]    Compiling openssl v0.10.31
[INFO] [stderr]     Checking pin-project-lite v0.1.11
[INFO] [stderr]     Checking futures-sink v0.3.8
[INFO] [stderr]    Compiling faster-hex v0.3.1
[INFO] [stderr]    Compiling native-tls v0.2.6
[INFO] [stderr]     Checking futures-io v0.3.8
[INFO] [stderr]    Compiling bit-vec v0.5.1
[INFO] [stderr]     Checking eaglesong v0.1.0
[INFO] [stderr]    Compiling tentacle-secio v0.4.0
[INFO] [stderr]     Checking pin-project-lite v0.2.0
[INFO] [stderr]     Checking path-clean v0.1.0
[INFO] [stderr]     Checking ckb-build-info v0.37.0
[INFO] [stderr]     Checking plain v0.2.3
[INFO] [stderr]    Compiling cty v0.2.1
[INFO] [stderr]     Checking ckb-vm-definitions v0.19.3
[INFO] [stderr]    Compiling ckb-script v0.37.0
[INFO] [stderr]     Checking buddy-alloc v0.4.1
[INFO] [stderr]     Checking ckb-always-success-script v0.0.1
[INFO] [stderr]     Checking bech32 v0.7.2
[INFO] [stderr]    Compiling addr2line v0.14.0
[INFO] [stderr]     Checking merkle-cbt v0.3.0
[INFO] [stderr]    Compiling crossbeam-utils v0.6.6
[INFO] [stderr]    Compiling phf_shared v0.7.24
[INFO] [stderr]     Checking proc-macro2 v1.0.24
[INFO] [stderr]     Checking futures-channel v0.3.8
[INFO] [stderr]     Checking lock_api v0.1.5
[INFO] [stderr]    Compiling crossbeam-utils v0.8.1
[INFO] [stderr]    Compiling memoffset v0.6.1
[INFO] [stderr]     Checking want v0.2.0
[INFO] [stderr]     Checking ckb-logger v0.37.0
[INFO] [stderr]     Checking base64 v0.10.1
[INFO] [stderr]    Compiling im v12.3.4
[INFO] [stderr]    Compiling sentry v0.17.0
[INFO] [stderr]     Checking hashbrown v0.9.1
[INFO] [stderr]     Checking ckb-channel v0.37.0
[INFO] [stderr]     Checking sized-chunks v0.1.3
[INFO] [stderr]     Checking error-chain v0.12.4
[INFO] [stderr]    Compiling walkdir v2.3.1
[INFO] [stderr]     Checking tracing v0.1.22
[INFO] [stderr]     Checking futures-task v0.3.8
[INFO] [stderr]     Checking sha3 v0.8.2
[INFO] [stderr]     Checking ripemd160 v0.8.0
[INFO] [stderr]     Checking mime_guess v2.0.3
[INFO] [stderr]    Compiling phf v0.7.24
[INFO] [stderr]    Compiling crossbeam-channel v0.5.0
[INFO] [stderr]     Checking indexmap v1.6.0
[INFO] [stderr]     Checking lru v0.6.1
[INFO] [stderr]     Checking publicsuffix v1.5.4
[INFO] [stderr]     Checking quote v1.0.7
[INFO] [stderr]    Compiling crossbeam-channel v0.3.9
[INFO] [stderr]    Compiling num_cpus v1.13.0
[INFO] [stderr]    Compiling getrandom v0.1.15
[INFO] [stderr]    Compiling backtrace v0.3.55
[INFO] [stderr]    Compiling rand_os v0.1.3
[INFO] [stderr]    Compiling flate2 v1.0.19
[INFO] [stderr]     Checking iovec v0.1.4
[INFO] [stderr]     Checking net2 v0.2.37
[INFO] [stderr]     Checking parking_lot_core v0.6.2
[INFO] [stderr]     Checking time v0.1.44
[INFO] [stderr]     Checking atty v0.2.14
[INFO] [stderr]     Checking uname v0.1.1
[INFO] [stderr]     Checking hostname v0.1.5
[INFO] [stderr]     Checking socket2 v0.3.17
[INFO] [stderr]     Checking mapr v0.8.0
[INFO] [stderr]     Checking env_logger v0.6.2
[INFO] [stderr]     Checking clap v2.33.3
[INFO] [stderr]     Checking bytes v0.4.12
[INFO] [stderr]     Checking rand_core v0.5.1
[INFO] [stderr]     Checking parking_lot v0.9.0
[INFO] [stderr]     Checking tokio-threadpool v0.1.18
[INFO] [stderr]     Checking futures-cpupool v0.1.8
[INFO] [stderr]    Compiling crossbeam-epoch v0.9.1
[INFO] [stderr]    Compiling includedir v0.5.0
[INFO] [stderr]     Checking rand v0.6.5
[INFO] [stderr]     Checking crossbeam-deque v0.8.0
[INFO] [stderr]     Checking rand_chacha v0.2.2
[INFO] [stderr]     Checking mio v0.6.23
[INFO] [stderr]     Checking tokio-io v0.1.13
[INFO] [stderr]     Checking http v0.1.21
[INFO] [stderr]     Checking string v0.2.1
[INFO] [stderr]     Checking tokio-buf v0.1.1
[INFO] [stderr]     Checking cookie v0.12.0
[INFO] [stderr]     Checking rayon-core v1.9.0
[INFO] [stderr]     Checking rand v0.7.3
[INFO] [stderr]     Checking rayon v1.5.0
[INFO] [stderr]    Compiling phf_generator v0.7.24
[INFO] [stderr]     Checking tokio-reactor v0.1.12
[INFO] [stderr]     Checking parking_lot_core v0.4.0
[INFO] [stderr]    Compiling phf_codegen v0.7.24
[INFO] [stderr]     Checking tempfile v3.1.0
[INFO] [stderr]    Compiling includedir_codegen v0.5.0
[INFO] [stderr]     Checking parking_lot v0.7.1
[INFO] [stderr]     Checking tokio-tcp v0.1.4
[INFO] [stderr]     Checking faketime v0.2.0
[INFO] [stderr]     Checking ckb-util v0.37.0
[INFO] [stderr]     Checking tokio v0.1.22
[INFO] [stderr]     Checking http-body v0.1.0
[INFO] [stderr]     Checking h2 v0.1.26
[INFO] [stderr]    Compiling cc v1.0.41
[INFO] [stderr]    Compiling synstructure v0.12.4
[INFO] [stderr]    Compiling blake2b-rs v0.1.5
[INFO] [stderr]    Compiling openssl-sys v0.9.59
[INFO] [stderr]    Compiling secp256k1-sys v0.1.2
[INFO] [stderr]    Compiling ring v0.16.12
[INFO] [stderr]    Compiling ckb-librocksdb-sys v6.7.4
[INFO] [stderr]    Compiling ckb-vm v0.19.3
[INFO] [stderr]    Compiling blake2b-rs v0.2.0
[INFO] [stderr]    Compiling ckb-std v0.7.2
[INFO] [stderr]    Compiling secp256k1 v0.15.5
[INFO] [stderr]     Checking hyper v0.12.35
[INFO] [stderr]     Checking secp256k1 v0.17.2
[INFO] [stderr]    Compiling ckb-lib-pw-lock v0.1.0 (/opt/rustwide/workdir/ckb-lib-pw-lock)
[INFO] [stderr]    Compiling failure_derive v0.1.8
[INFO] [stderr]    Compiling thiserror-impl v1.0.22
[INFO] [stderr]    Compiling numext-constructor v0.1.6
[INFO] [stderr]    Compiling pin-project-internal v1.0.2
[INFO] [stderr]    Compiling futures-macro v0.3.8
[INFO] [stderr]    Compiling pin-project-internal v0.4.27
[INFO] [stderr]    Compiling scroll_derive v0.10.4
[INFO] [stderr]    Compiling derive_more v0.99.11
[INFO] [stderr] error: could not compile `hyper`
[INFO] [stderr] 
[INFO] [stderr] Caused by:
[INFO] [stderr]   process didn't exit successfully: `rustc --crate-name hyper /opt/rustwide/cargo-home/registry/src/github.com-1ecc6299db9ec823/hyper-0.12.35/src/lib.rs --error-format=json --json=diagnostic-rendered-ansi --crate-type lib --emit=dep-info,metadata -C embed-bitcode=no -C debuginfo=2 --cfg 'feature="__internal_flaky_tests"' --cfg 'feature="default"' --cfg 'feature="futures-cpupool"' --cfg 'feature="net2"' --cfg 'feature="runtime"' --cfg 'feature="tokio"' --cfg 'feature="tokio-executor"' --cfg 'feature="tokio-reactor"' --cfg 'feature="tokio-tcp"' --cfg 'feature="tokio-threadpool"' --cfg 'feature="tokio-timer"' -C metadata=577fe67b4a001f52 -C extra-filename=-577fe67b4a001f52 --out-dir /opt/rustwide/target/debug/deps -L dependency=/opt/rustwide/target/debug/deps --extern bytes=/opt/rustwide/target/debug/deps/libbytes-034ab3a1faef32a6.rmeta --extern futures=/opt/rustwide/target/debug/deps/libfutures-f26ef44b85432505.rmeta --extern futures_cpupool=/opt/rustwide/target/debug/deps/libfutures_cpupool-f83914b0b9d135fa.rmeta --extern h2=/opt/rustwide/target/debug/deps/libh2-95319cbbe408c282.rmeta --extern http=/opt/rustwide/target/debug/deps/libhttp-7a4721270796ab88.rmeta --extern http_body=/opt/rustwide/target/debug/deps/libhttp_body-3facfc5f6bc18191.rmeta --extern httparse=/opt/rustwide/target/debug/deps/libhttparse-bc85c16f7f13a18a.rmeta --extern iovec=/opt/rustwide/target/debug/deps/libiovec-0284e301fb7f38a1.rmeta --extern itoa=/opt/rustwide/target/debug/deps/libitoa-e3ffac7a3c7c4455.rmeta --extern log=/opt/rustwide/target/debug/deps/liblog-91c13f26229124ab.rmeta --extern net2=/opt/rustwide/target/debug/deps/libnet2-ed3cee654ba37e27.rmeta --extern time=/opt/rustwide/target/debug/deps/libtime-f4105c0328d819a6.rmeta --extern tokio=/opt/rustwide/target/debug/deps/libtokio-aa19522ffd7fbfb0.rmeta --extern tokio_buf=/opt/rustwide/target/debug/deps/libtokio_buf-d46aae904fb0e989.rmeta --extern tokio_executor=/opt/rustwide/target/debug/deps/libtokio_executor-e452c31d806e6faf.rmeta --extern tokio_io=/opt/rustwide/target/debug/deps/libtokio_io-7eb593f12152e4a9.rmeta --extern tokio_reactor=/opt/rustwide/target/debug/deps/libtokio_reactor-d434b22101f0825f.rmeta --extern tokio_tcp=/opt/rustwide/target/debug/deps/libtokio_tcp-31e39af77bbebef9.rmeta --extern tokio_threadpool=/opt/rustwide/target/debug/deps/libtokio_threadpool-99c5c084e002c3e8.rmeta --extern tokio_timer=/opt/rustwide/target/debug/deps/libtokio_timer-814faf015c4a7361.rmeta --extern want=/opt/rustwide/target/debug/deps/libwant-a25ee7c9e18b70c2.rmeta --cap-lints allow --cfg error_source --cfg try_from` (signal: 9, SIGKILL: kill)
[INFO] [stderr] warning: build failed, waiting for other jobs to finish...
[INFO] [stderr] The following warnings were emitted during compilation:
[INFO] [stderr] 
[INFO] [stderr] warning: c++: fatal error: Killed signal terminated program cc1plus
[INFO] [stderr] warning: c++: fatal error: Killed signal terminated program cc1plus
[INFO] [stderr] warning: compilation terminated.
[INFO] [stderr] warning: c++: fatal error: Killed signal terminated program cc1plus
[INFO] [stderr] warning: compilation terminated.
[INFO] [stderr] warning: compilation terminated.
[INFO] [stderr] warning: c++: fatal error: Killed signal terminated program cc1plus
[INFO] [stderr] warning: compilation terminated.
[INFO] [stderr] warning: c++: fatal error: Killed signal terminated program cc1plus
[INFO] [stderr] warning: compilation terminated.
[INFO] [stderr] warning: c++: fatal error: Killed signal terminated program cc1plus
[INFO] [stderr] warning: compilation terminated.
[INFO] [stderr] warning: c++: fatal error: Killed signal terminated program cc1plus
[INFO] [stderr] warning: compilation terminated.
[INFO] [stderr] warning: c++: fatal error: Killed signal terminated program cc1plus
[INFO] [stderr] warning: compilation terminated.
[INFO] [stderr] warning: c++: fatal error: Killed signal terminated program cc1plus
[INFO] [stderr] warning: compilation terminated.
[INFO] [stderr] warning: c++: fatal error: Killed signal terminated program cc1plus
[INFO] [stderr] warning: compilation terminated.
[INFO] [stderr] warning: c++: fatal error: Killed signal terminated program cc1plus
[INFO] [stderr] warning: compilation terminated.
[INFO] [stderr] warning: c++: fatal error: Killed signal terminated program cc1plus
[INFO] [stderr] warning: compilation terminated.
[INFO] [stderr] warning: c++: fatal error: Killed signal terminated program cc1plus
[INFO] [stderr] warning: compilation terminated.
[INFO] [stderr] warning: c++: fatal error: Killed signal terminated program cc1plus
[INFO] [stderr] warning: compilation terminated.
[INFO] [stderr] warning: c++: fatal error: Killed signal terminated program cc1plus
[INFO] [stderr] warning: compilation terminated.
[INFO] [stderr] warning: c++: fatal error: Killed signal terminated program cc1plus
[INFO] [stderr] warning: compilation terminated.
[INFO] [stderr] warning: c++: fatal error: Killed signal terminated program cc1plus
[INFO] [stderr] warning: compilation terminated.
[INFO] [stderr] warning: c++: fatal error: Killed signal terminated program cc1plus
[INFO] [stderr] warning: compilation terminated.
[INFO] [stderr] warning: c++: fatal error: Killed signal terminated program cc1plus
[INFO] [stderr] warning: compilation terminated.
[INFO] [stderr] warning: c++: fatal error: Killed signal terminated program cc1plus
[INFO] [stderr] warning: compilation terminated.
[INFO] [stderr] warning: c++: fatal error: Killed signal terminated program cc1plus
[INFO] [stderr] warning: compilation terminated.
[INFO] [stderr] warning: c++: fatal error: Killed signal terminated program cc1plus
[INFO] [stderr] warning: compilation terminated.
[INFO] [stderr] warning: c++: fatal error: Killed signal terminated program cc1plus
[INFO] [stderr] warning: compilation terminated.
[INFO] [stderr] warning: c++: fatal error: Killed signal terminated program cc1plus
[INFO] [stderr] warning: compilation terminated.
[INFO] [stderr] 
[INFO] [stderr] error: build failed
[INFO] running `Command { std: "docker" "inspect" "eae52f2bbad06e93a6f9a00400df057ebd61ab8422f2687460a6ba19bbd7cd3a", kill_on_drop: false }`
[INFO] running `Command { std: "docker" "rm" "-f" "eae52f2bbad06e93a6f9a00400df057ebd61ab8422f2687460a6ba19bbd7cd3a", kill_on_drop: false }`
[INFO] [stdout] eae52f2bbad06e93a6f9a00400df057ebd61ab8422f2687460a6ba19bbd7cd3a
