[INFO] cloning repository https://github.com/zacstewart/rush
[INFO] running `Command { std: "git" "-c" "credential.helper=" "-c" "credential.helper=/workspace/cargo-home/bin/git-credential-null" "clone" "--bare" "https://github.com/zacstewart/rush" "/workspace/cache/git-repos/https%3A%2F%2Fgithub.com%2Fzacstewart%2Frush", kill_on_drop: false }`
[INFO] [stderr] Cloning into bare repository '/workspace/cache/git-repos/https%3A%2F%2Fgithub.com%2Fzacstewart%2Frush'...
[INFO] running `Command { std: "git" "rev-parse" "HEAD", kill_on_drop: false }`
[INFO] [stdout] 7581812425956fe085073d40e63aec69448cbbcb
[INFO] documenting zacstewart/rush against beta-2021-08-01 for beta-1.55-rustdoc-1
[INFO] running `Command { std: "git" "clone" "/workspace/cache/git-repos/https%3A%2F%2Fgithub.com%2Fzacstewart%2Frush" "/workspace/builds/worker-73/source", kill_on_drop: false }`
[INFO] [stderr] Cloning into '/workspace/builds/worker-73/source'...
[INFO] [stderr] done.
[INFO] validating manifest of git repo https://github.com/zacstewart/rush on toolchain beta-2021-08-01
[INFO] running `Command { std: "/workspace/cargo-home/bin/cargo" "+beta-2021-08-01" "metadata" "--manifest-path" "Cargo.toml" "--no-deps", kill_on_drop: false }`
[INFO] started tweaking git repo https://github.com/zacstewart/rush
[INFO] finished tweaking git repo https://github.com/zacstewart/rush
[INFO] tweaked toml for git repo https://github.com/zacstewart/rush written to /workspace/builds/worker-73/source/Cargo.toml
[INFO] crate git repo https://github.com/zacstewart/rush already has a lockfile, it will not be regenerated
[INFO] running `Command { std: "/workspace/cargo-home/bin/cargo" "+beta-2021-08-01" "fetch" "--manifest-path" "Cargo.toml", kill_on_drop: false }`
[INFO] [stderr]     Blocking waiting for file lock on package cache
[INFO] [stderr]     Blocking waiting for file lock on package cache
[INFO] running `Command { std: "docker" "create" "-v" "/var/lib/crater-agent-workspace/builds/worker-73/target:/opt/rustwide/target:rw,Z" "-v" "/var/lib/crater-agent-workspace/builds/worker-73/source:/opt/rustwide/workdir:ro,Z" "-v" "/var/lib/crater-agent-workspace/cargo-home:/opt/rustwide/cargo-home:ro,Z" "-v" "/var/lib/crater-agent-workspace/rustup-home:/opt/rustwide/rustup-home:ro,Z" "-e" "SOURCE_DIR=/opt/rustwide/workdir" "-e" "CARGO_TARGET_DIR=/opt/rustwide/target" "-e" "CARGO_HOME=/opt/rustwide/cargo-home" "-e" "RUSTUP_HOME=/opt/rustwide/rustup-home" "-w" "/opt/rustwide/workdir" "-m" "1610612736" "--user" "0:0" "--network" "none" "ghcr.io/rust-lang/crates-build-env/linux@sha256:34b6a614d2c27851fe6cbf88fbd1137609cefab8b10d0615aaeb6fd47975d74e" "/opt/rustwide/cargo-home/bin/cargo" "+beta-2021-08-01" "metadata" "--no-deps" "--format-version=1", kill_on_drop: false }`
[INFO] [stdout] 028723b4287e8884abc259071681b018915ef469b6182295dc118de7cd73915d
[INFO] running `Command { std: "docker" "start" "-a" "028723b4287e8884abc259071681b018915ef469b6182295dc118de7cd73915d", kill_on_drop: false }`
[INFO] running `Command { std: "docker" "inspect" "028723b4287e8884abc259071681b018915ef469b6182295dc118de7cd73915d", kill_on_drop: false }`
[INFO] running `Command { std: "docker" "rm" "-f" "028723b4287e8884abc259071681b018915ef469b6182295dc118de7cd73915d", kill_on_drop: false }`
[INFO] [stdout] 028723b4287e8884abc259071681b018915ef469b6182295dc118de7cd73915d
[INFO] running `Command { std: "docker" "create" "-v" "/var/lib/crater-agent-workspace/builds/worker-73/target:/opt/rustwide/target:rw,Z" "-v" "/var/lib/crater-agent-workspace/builds/worker-73/source:/opt/rustwide/workdir:ro,Z" "-v" "/var/lib/crater-agent-workspace/cargo-home:/opt/rustwide/cargo-home:ro,Z" "-v" "/var/lib/crater-agent-workspace/rustup-home:/opt/rustwide/rustup-home:ro,Z" "-e" "SOURCE_DIR=/opt/rustwide/workdir" "-e" "CARGO_TARGET_DIR=/opt/rustwide/target" "-e" "CARGO_INCREMENTAL=0" "-e" "RUST_BACKTRACE=full" "-e" "RUSTDOCFLAGS=--cap-lints=warn" "-e" "CARGO_HOME=/opt/rustwide/cargo-home" "-e" "RUSTUP_HOME=/opt/rustwide/rustup-home" "-w" "/opt/rustwide/workdir" "-m" "1610612736" "--user" "0:0" "--network" "none" "ghcr.io/rust-lang/crates-build-env/linux@sha256:34b6a614d2c27851fe6cbf88fbd1137609cefab8b10d0615aaeb6fd47975d74e" "/opt/rustwide/cargo-home/bin/cargo" "+beta-2021-08-01" "doc" "--frozen" "--no-deps" "--document-private-items" "--message-format=json", kill_on_drop: false }`
[INFO] [stdout] 37c748379fc0db8b2b203860e25ccab9de16216ec0d458b158926f5eb4373b89
[INFO] running `Command { std: "docker" "start" "-a" "37c748379fc0db8b2b203860e25ccab9de16216ec0d458b158926f5eb4373b89", kill_on_drop: false }`
[INFO] [stderr]     Blocking waiting for file lock on package cache
[INFO] [stderr]  Documenting rush v0.0.1 (/opt/rustwide/workdir)
[INFO] [stdout] error[E0432]: unresolved import `std::old_io`
[INFO] [stdout]  --> src/main.rs:2:10
[INFO] [stdout]   |
[INFO] [stdout] 2 | use std::old_io::{stdio};
[INFO] [stdout]   |          ^^^^^^ could not find `old_io` in `std`
[INFO] [stdout] 
[INFO] [stdout] 
[INFO] [stdout] error[E0433]: failed to resolve: could not find `old_io` in `std`
[INFO] [stdout]  --> src/process.rs:2:10
[INFO] [stdout]   |
[INFO] [stdout] 2 | use std::old_io::process::ProcessExit;
[INFO] [stdout]   |          ^^^^^^ could not find `old_io` in `std`
[INFO] [stdout] 
[INFO] [stdout] 
[INFO] [stdout] error[E0433]: failed to resolve: could not find `old_io` in `std`
[INFO] [stdout]  --> src/pipe.rs:1:10
[INFO] [stdout]   |
[INFO] [stdout] 1 | use std::old_io::stdio::StdinReader;
[INFO] [stdout]   |          ^^^^^^ could not find `old_io` in `std`
[INFO] [stdout] 
[INFO] [stdout] 
[INFO] [stdout] error[E0433]: failed to resolve: could not find `old_io` in `std`
[INFO] [stdout]  --> src/pipe.rs:2:10
[INFO] [stdout]   |
[INFO] [stdout] 2 | use std::old_io::util::NullWriter;
[INFO] [stdout]   |          ^^^^^^ could not find `old_io` in `std`
[INFO] [stdout] 
[INFO] [stdout] 
[INFO] [stdout] error[E0432]: unresolved import `std::old_io`
[INFO] [stdout]  --> src/process.rs:1:10
[INFO] [stdout]   |
[INFO] [stdout] 1 | use std::old_io::Command;
[INFO] [stdout]   |          ^^^^^^ could not find `old_io` in `std`
[INFO] [stdout] 
[INFO] [stdout] 
[INFO] [stdout] error[E0432]: unresolved import `std::old_io`
[INFO] [stdout]  --> src/pipe.rs:3:10
[INFO] [stdout]   |
[INFO] [stdout] 3 | use std::old_io::{Reader,Writer,ChanReader,ChanWriter,IoResult};
[INFO] [stdout]   |          ^^^^^^ could not find `old_io` in `std`
[INFO] [stdout] 
[INFO] [stdout] 
[INFO] [stdout] error[E0432]: unresolved import `std::old_io`
[INFO] [stdout]  --> src/pipe.rs:4:10
[INFO] [stdout]   |
[INFO] [stdout] 4 | use std::old_io::{stdio};
[INFO] [stdout]   |          ^^^^^^ could not find `old_io` in `std`
[INFO] [stdout] 
[INFO] [stdout] 
[INFO] [stdout] error[E0412]: cannot find type `ProcessExit` in this scope
[INFO] [stdout]   --> src/process.rs:32:33
[INFO] [stdout]    |
[INFO] [stdout] 32 |     pub fn launch(&mut self) -> ProcessExit {
[INFO] [stdout]    |                                 ^^^^^^^^^^^ not found in this scope
[INFO] [stdout] 
[INFO] [stdout] 
[INFO] [stdout] error[E0554]: `#![feature]` may not be used on the beta release channel
[INFO] [stdout]  --> src/main.rs:1:1
[INFO] [stdout]   |
[INFO] [stdout] 1 | #![feature(box_syntax)]
[INFO] [stdout]   | ^^^^^^^^^^^^^^^^^^^^^^^
[INFO] [stdout] 
[INFO] [stdout] 
[INFO] [stdout] error[E0658]: box pattern syntax is experimental
[INFO] [stdout]   --> src/process.rs:33:13
[INFO] [stdout]    |
[INFO] [stdout] 33 |         let box ref args = self.arguments;
[INFO] [stdout]    |             ^^^^^^^^^^^^
[INFO] [stdout]    |
[INFO] [stdout]    = note: see issue #29641 <https://github.com/rust-lang/rust/issues/29641> for more information
[INFO] [stdout] 
[INFO] [stdout] 
[INFO] [stdout] error: Compilation failed, aborting rustdoc
[INFO] [stdout] 
[INFO] [stdout] 
[INFO] [stdout] error: aborting due to 11 previous errors
[INFO] [stdout] 
[INFO] [stdout] 
[INFO] [stdout] Some errors have detailed explanations: E0412, E0432, E0433, E0554, E0658.
[INFO] [stdout] 
[INFO] [stdout] For more information about an error, try `rustc --explain E0412`.
[INFO] [stdout] 
[INFO] [stderr] error: could not document `rush`
[INFO] [stderr] 
[INFO] [stderr] Caused by:
[INFO] [stderr]   process didn't exit successfully: `rustdoc --crate-type bin --crate-name rush src/main.rs -o /opt/rustwide/target/doc --error-format=json --json=diagnostic-rendered-ansi --document-private-items -L dependency=/opt/rustwide/target/debug/deps --cap-lints=warn --crate-version 0.0.1` (exit status: 1)
[INFO] running `Command { std: "docker" "inspect" "37c748379fc0db8b2b203860e25ccab9de16216ec0d458b158926f5eb4373b89", kill_on_drop: false }`
[INFO] running `Command { std: "docker" "rm" "-f" "37c748379fc0db8b2b203860e25ccab9de16216ec0d458b158926f5eb4373b89", kill_on_drop: false }`
[INFO] [stdout] 37c748379fc0db8b2b203860e25ccab9de16216ec0d458b158926f5eb4373b89
