[INFO] cloning repository https://github.com/yurevdb/Crusty
[INFO] running `Command { std: "git" "-c" "credential.helper=" "-c" "credential.helper=/workspace/cargo-home/bin/git-credential-null" "clone" "--bare" "https://github.com/yurevdb/Crusty" "/workspace/cache/git-repos/https%3A%2F%2Fgithub.com%2Fyurevdb%2FCrusty", kill_on_drop: false }`
[INFO] [stderr] Cloning into bare repository '/workspace/cache/git-repos/https%3A%2F%2Fgithub.com%2Fyurevdb%2FCrusty'...
[INFO] running `Command { std: "git" "rev-parse" "HEAD", kill_on_drop: false }`
[INFO] [stdout] 3f89fb8d49d50ec92a5fbca2ce7c0c0861edd65b
[INFO] documenting yurevdb/Crusty against 1.54.0 for beta-1.55-rustdoc-1
[INFO] running `Command { std: "git" "clone" "/workspace/cache/git-repos/https%3A%2F%2Fgithub.com%2Fyurevdb%2FCrusty" "/workspace/builds/worker-57/source", kill_on_drop: false }`
[INFO] [stderr] Cloning into '/workspace/builds/worker-57/source'...
[INFO] [stderr] done.
[INFO] validating manifest of git repo https://github.com/yurevdb/Crusty on toolchain 1.54.0
[INFO] running `Command { std: "/workspace/cargo-home/bin/cargo" "+1.54.0" "metadata" "--manifest-path" "Cargo.toml" "--no-deps", kill_on_drop: false }`
[INFO] started tweaking git repo https://github.com/yurevdb/Crusty
[INFO] finished tweaking git repo https://github.com/yurevdb/Crusty
[INFO] tweaked toml for git repo https://github.com/yurevdb/Crusty written to /workspace/builds/worker-57/source/Cargo.toml
[INFO] running `Command { std: "/workspace/cargo-home/bin/cargo" "+1.54.0" "generate-lockfile" "--manifest-path" "Cargo.toml" "-Zno-index-update", kill_on_drop: false }`
[INFO] [stderr]     Blocking waiting for file lock on package cache
[INFO] running `Command { std: "/workspace/cargo-home/bin/cargo" "+1.54.0" "fetch" "--manifest-path" "Cargo.toml", kill_on_drop: false }`
[INFO] [stderr]     Blocking waiting for file lock on package cache
[INFO] [stderr]  Downloading crates ...
[INFO] [stderr]   Downloaded glutin v0.27.0
[INFO] running `Command { std: "docker" "create" "-v" "/var/lib/crater-agent-workspace/builds/worker-57/target:/opt/rustwide/target:rw,Z" "-v" "/var/lib/crater-agent-workspace/builds/worker-57/source:/opt/rustwide/workdir:ro,Z" "-v" "/var/lib/crater-agent-workspace/cargo-home:/opt/rustwide/cargo-home:ro,Z" "-v" "/var/lib/crater-agent-workspace/rustup-home:/opt/rustwide/rustup-home:ro,Z" "-e" "SOURCE_DIR=/opt/rustwide/workdir" "-e" "CARGO_TARGET_DIR=/opt/rustwide/target" "-e" "CARGO_HOME=/opt/rustwide/cargo-home" "-e" "RUSTUP_HOME=/opt/rustwide/rustup-home" "-w" "/opt/rustwide/workdir" "-m" "1610612736" "--user" "0:0" "--network" "none" "ghcr.io/rust-lang/crates-build-env/linux@sha256:34b6a614d2c27851fe6cbf88fbd1137609cefab8b10d0615aaeb6fd47975d74e" "/opt/rustwide/cargo-home/bin/cargo" "+1.54.0" "metadata" "--no-deps" "--format-version=1", kill_on_drop: false }`
[INFO] [stdout] d4d7c78a109e4256142878625d3de30b37cc84bcc81b399c4b9c4d7a6543984b
[INFO] running `Command { std: "docker" "start" "-a" "d4d7c78a109e4256142878625d3de30b37cc84bcc81b399c4b9c4d7a6543984b", kill_on_drop: false }`
[INFO] running `Command { std: "docker" "inspect" "d4d7c78a109e4256142878625d3de30b37cc84bcc81b399c4b9c4d7a6543984b", kill_on_drop: false }`
[INFO] running `Command { std: "docker" "rm" "-f" "d4d7c78a109e4256142878625d3de30b37cc84bcc81b399c4b9c4d7a6543984b", kill_on_drop: false }`
[INFO] [stdout] d4d7c78a109e4256142878625d3de30b37cc84bcc81b399c4b9c4d7a6543984b
[INFO] running `Command { std: "docker" "create" "-v" "/var/lib/crater-agent-workspace/builds/worker-57/target:/opt/rustwide/target:rw,Z" "-v" "/var/lib/crater-agent-workspace/builds/worker-57/source:/opt/rustwide/workdir:ro,Z" "-v" "/var/lib/crater-agent-workspace/cargo-home:/opt/rustwide/cargo-home:ro,Z" "-v" "/var/lib/crater-agent-workspace/rustup-home:/opt/rustwide/rustup-home:ro,Z" "-e" "SOURCE_DIR=/opt/rustwide/workdir" "-e" "CARGO_TARGET_DIR=/opt/rustwide/target" "-e" "CARGO_INCREMENTAL=0" "-e" "RUST_BACKTRACE=full" "-e" "RUSTDOCFLAGS=--cap-lints=warn" "-e" "CARGO_HOME=/opt/rustwide/cargo-home" "-e" "RUSTUP_HOME=/opt/rustwide/rustup-home" "-w" "/opt/rustwide/workdir" "-m" "1610612736" "--user" "0:0" "--network" "none" "ghcr.io/rust-lang/crates-build-env/linux@sha256:34b6a614d2c27851fe6cbf88fbd1137609cefab8b10d0615aaeb6fd47975d74e" "/opt/rustwide/cargo-home/bin/cargo" "+1.54.0" "doc" "--frozen" "--no-deps" "--document-private-items" "--message-format=json", kill_on_drop: false }`
[INFO] [stdout] 8db5b5954a7b20db478c742f274d4c30c8c13c3d35eaa05a1d29c1ac21245e2e
[INFO] running `Command { std: "docker" "start" "-a" "8db5b5954a7b20db478c742f274d4c30c8c13c3d35eaa05a1d29c1ac21245e2e", kill_on_drop: false }`
[INFO] [stderr]     Blocking waiting for file lock on package cache
[INFO] [stderr]     Blocking waiting for file lock on package cache
[INFO] [stderr]    Compiling libc v0.2.99
[INFO] [stderr]    Compiling xml-rs v0.8.4
[INFO] [stderr]    Compiling pkg-config v0.3.19
[INFO] [stderr]    Compiling proc-macro2 v1.0.28
[INFO] [stderr]    Compiling unicode-xid v0.2.2
[INFO] [stderr]    Compiling khronos_api v3.1.0
[INFO] [stderr]    Compiling cfg-if v1.0.0
[INFO] [stderr]     Checking smallvec v1.6.1
[INFO] [stderr]    Compiling crossbeam-utils v0.8.5
[INFO] [stderr]     Checking scopeguard v1.1.0
[INFO] [stderr]     Checking once_cell v1.8.0
[INFO] [stderr]    Compiling memchr v2.3.4
[INFO] [stderr]    Compiling crossbeam-epoch v0.9.5
[INFO] [stderr]     Checking scoped-tls v1.0.0
[INFO] [stderr]     Checking downcast-rs v1.2.0
[INFO] [stderr]     Checking ttf-parser v0.6.2
[INFO] [stderr]    Compiling crossbeam-queue v0.3.2
[INFO] [stderr]    Compiling nix v0.18.0
[INFO] [stderr]     Checking ab_glyph_rasterizer v0.1.4
[INFO] [stderr]     Checking same-file v1.0.6
[INFO] [stderr]     Checking xdg v2.2.0
[INFO] [stderr]    Compiling winit v0.25.0
[INFO] [stderr]     Checking percent-encoding v2.1.0
[INFO] [stderr]     Checking libloading v0.7.0
[INFO] [stderr]     Checking instant v0.1.10
[INFO] [stderr]     Checking libloading v0.6.7
[INFO] [stderr]    Compiling memoffset v0.6.4
[INFO] [stderr]    Compiling nom v6.2.1
[INFO] [stderr]    Compiling log v0.4.14
[INFO] [stderr]     Checking lock_api v0.4.4
[INFO] [stderr]     Checking walkdir v2.3.2
[INFO] [stderr]     Checking dlib v0.4.2
[INFO] [stderr]     Checking dlib v0.5.0
[INFO] [stderr]    Compiling gl_generator v0.14.0
[INFO] [stderr]     Checking crossbeam-channel v0.5.1
[INFO] [stderr]    Compiling wayland-sys v0.28.6
[INFO] [stderr]    Compiling x11-dl v2.18.5
[INFO] [stderr]    Compiling quote v1.0.9
[INFO] [stderr]     Checking crossbeam-deque v0.8.1
[INFO] [stderr]     Checking owned_ttf_parser v0.6.0
[INFO] [stderr]    Compiling wayland-scanner v0.28.6
[INFO] [stderr]     Checking crossbeam v0.8.1
[INFO] [stderr]     Checking rusttype v0.9.2
[INFO] [stderr]     Checking andrew v0.3.1
[INFO] [stderr]    Compiling glutin_glx_sys v0.1.7
[INFO] [stderr]    Compiling glutin_egl_sys v0.1.5
[INFO] [stderr]    Compiling gl v0.14.0
[INFO] [stderr]     Checking nix v0.20.0
[INFO] [stderr]     Checking getrandom v0.2.3
[INFO] [stderr]     Checking parking_lot_core v0.8.3
[INFO] [stderr]     Checking mio v0.7.13
[INFO] [stderr]     Checking memmap2 v0.1.0
[INFO] [stderr]     Checking raw-window-handle v0.3.3
[INFO] [stderr]     Checking shared_library v0.1.9
[INFO] [stderr]     Checking osmesa-sys v0.1.2
[INFO] [stderr]     Checking rand_core v0.6.3
[INFO] [stderr]     Checking xcursor v0.3.3
[INFO] [stderr]     Checking parking_lot v0.11.1
[INFO] [stderr]     Checking rand_chacha v0.3.1
[INFO] [stderr]     Checking mio-misc v1.2.1
[INFO] [stderr]    Compiling wayland-client v0.28.6
[INFO] [stderr]    Compiling wayland-protocols v0.28.6
[INFO] [stderr]     Checking rand v0.8.4
[INFO] [stderr]     Checking calloop v0.6.5
[INFO] [stderr]     Checking wayland-commons v0.28.6
[INFO] [stderr]     Checking wayland-cursor v0.28.6
[INFO] [stderr]     Checking wayland-egl v0.28.6
[INFO] [stderr]     Checking smithay-client-toolkit v0.12.3
[INFO] [stderr]     Checking glutin v0.27.0
[INFO] [stderr]     Checking Crusty v0.1.0 (/opt/rustwide/workdir/Crusty)
[INFO] [stderr]  Documenting Crusty v0.1.0 (/opt/rustwide/workdir/Crusty)
[INFO] [stdout] error[E0433]: failed to resolve: could not find `EventsLoop` in `glutin`
[INFO] [stdout]   --> Crusty/src/lib.rs:32:38
[INFO] [stdout]    |
[INFO] [stdout] 32 |         let mut eventsLoop = glutin::EventsLoop::new();
[INFO] [stdout]    |                                      ^^^^^^^^^^ could not find `EventsLoop` in `glutin`
[INFO] [stdout] 
[INFO] [stdout] 
[INFO] [stdout] error[E0433]: failed to resolve: could not find `Event` in `glutin`
[INFO] [stdout]   --> Crusty/src/lib.rs:83:29
[INFO] [stdout]    |
[INFO] [stdout] 83 |                     glutin::Event::WindowEvent { event, .. } => {
[INFO] [stdout]    |                             ^^^^^ could not find `Event` in `glutin`
[INFO] [stdout] 
[INFO] [stdout] 
[INFO] [stdout] error[E0433]: failed to resolve: could not find `WindowEvent` in `glutin`
[INFO] [stdout]   --> Crusty/src/lib.rs:85:37
[INFO] [stdout]    |
[INFO] [stdout] 85 | ...                   glutin::WindowEvent::CloseRequested => running = false,
[INFO] [stdout]    |                               ^^^^^^^^^^^ could not find `WindowEvent` in `glutin`
[INFO] [stdout] 
[INFO] [stdout] 
[INFO] [stdout] error[E0433]: failed to resolve: could not find `WindowEvent` in `glutin`
[INFO] [stdout]   --> Crusty/src/lib.rs:86:37
[INFO] [stdout]    |
[INFO] [stdout] 86 | ...                   glutin::WindowEvent::MouseInput { state, button, .. } => unsafe {
[INFO] [stdout]    |                               ^^^^^^^^^^^ could not find `WindowEvent` in `glutin`
[INFO] [stdout] 
[INFO] [stdout] 
[INFO] [stdout] error[E0433]: failed to resolve: could not find `ElementState` in `glutin`
[INFO] [stdout]   --> Crusty/src/lib.rs:87:53
[INFO] [stdout]    |
[INFO] [stdout] 87 | ...                   if state == glutin::ElementState::Pressed && button == glutin::MouseButton::Left {
[INFO] [stdout]    |                                           ^^^^^^^^^^^^ could not find `ElementState` in `glutin`
[INFO] [stdout] 
[INFO] [stdout] 
[INFO] [stdout] error[E0433]: failed to resolve: could not find `MouseButton` in `glutin`
[INFO] [stdout]   --> Crusty/src/lib.rs:87:96
[INFO] [stdout]    |
[INFO] [stdout] 87 | ...                   if state == glutin::ElementState::Pressed && button == glutin::MouseButton::Left {
[INFO] [stdout]    |                                                                                      ^^^^^^^^^^^ could not find `MouseButton` in `glutin`
[INFO] [stdout] 
[INFO] [stdout] 
[INFO] [stdout] error[E0433]: failed to resolve: could not find `Event` in `glutin`
[INFO] [stdout]   --> Crusty/src/lib.rs:96:29
[INFO] [stdout]    |
[INFO] [stdout] 96 |                     glutin::Event::DeviceEvent { event, .. } => {
[INFO] [stdout]    |                             ^^^^^ could not find `Event` in `glutin`
[INFO] [stdout] 
[INFO] [stdout] 
[INFO] [stdout] error[E0412]: cannot find type `EventsLoop` in crate `glutin`
[INFO] [stdout]   --> Crusty/src/lib.rs:21:25
[INFO] [stdout]    |
[INFO] [stdout] 21 |     EventsLoop: glutin::EventsLoop,
[INFO] [stdout]    |                         ^^^^^^^^^^ not found in `glutin`
[INFO] [stdout] 
[INFO] [stdout] 
[INFO] [stdout] error[E0433]: failed to resolve: could not find `Icon` in `glutin`
[INFO] [stdout]   --> Crusty/src/lib.rs:29:28
[INFO] [stdout]    |
[INFO] [stdout] 29 |         let icon = glutin::Icon::from_rgba(vec, 1, 1).unwrap();
[INFO] [stdout]    |                            ^^^^ not found in `glutin`
[INFO] [stdout]    |
[INFO] [stdout] help: consider importing this struct
[INFO] [stdout]    |
[INFO] [stdout] 13 | use glutin::window::Icon;
[INFO] [stdout]    |
[INFO] [stdout] 
[INFO] [stdout] 
[INFO] [stdout] error[E0433]: failed to resolve: could not find `WindowBuilder` in `glutin`
[INFO] [stdout]   --> Crusty/src/lib.rs:35:26
[INFO] [stdout]    |
[INFO] [stdout] 35 |         let wb = glutin::WindowBuilder::new()
[INFO] [stdout]    |                          ^^^^^^^^^^^^^ not found in `glutin`
[INFO] [stdout]    |
[INFO] [stdout] help: consider importing this struct
[INFO] [stdout]    |
[INFO] [stdout] 13 | use glutin::window::WindowBuilder;
[INFO] [stdout]    |
[INFO] [stdout] 
[INFO] [stdout] 
[INFO] [stdout] error: aborting due to 10 previous errors
[INFO] [stdout] 
[INFO] [stdout] 
[INFO] [stdout] Some errors have detailed explanations: E0412, E0433.
[INFO] [stdout] 
[INFO] [stdout] For more information about an error, try `rustc --explain E0412`.
[INFO] [stdout] 
[INFO] [stdout] error[E0412]: cannot find type `EventsLoop` in crate `glutin`
[INFO] [stdout]   --> Crusty/src/lib.rs:21:25
[INFO] [stdout]    |
[INFO] [stdout] 21 |     EventsLoop: glutin::EventsLoop,
[INFO] [stdout]    |                         ^^^^^^^^^^ not found in `glutin`
[INFO] [stdout] 
[INFO] [stdout] 
[INFO] [stderr] error: could not compile `Crusty`
[INFO] [stdout] error: Compilation failed, aborting rustdoc
[INFO] [stdout] 
[INFO] [stdout] 
[INFO] [stderr] 
[INFO] [stderr] To learn more, run the command again with --verbose.
[INFO] [stderr] warning: build failed, waiting for other jobs to finish...
[INFO] [stdout] error: aborting due to 2 previous errors
[INFO] [stdout] 
[INFO] [stdout] 
[INFO] [stdout] For more information about this error, try `rustc --explain E0412`.
[INFO] [stdout] 
[INFO] [stderr] error: build failed
[INFO] running `Command { std: "docker" "inspect" "8db5b5954a7b20db478c742f274d4c30c8c13c3d35eaa05a1d29c1ac21245e2e", kill_on_drop: false }`
[INFO] running `Command { std: "docker" "rm" "-f" "8db5b5954a7b20db478c742f274d4c30c8c13c3d35eaa05a1d29c1ac21245e2e", kill_on_drop: false }`
[INFO] [stdout] 8db5b5954a7b20db478c742f274d4c30c8c13c3d35eaa05a1d29c1ac21245e2e
