[INFO] cloning repository https://github.com/yu-i9/mini_python
[INFO] running `Command { std: "git" "-c" "credential.helper=" "-c" "credential.helper=/workspace/cargo-home/bin/git-credential-null" "clone" "--bare" "https://github.com/yu-i9/mini_python" "/workspace/cache/git-repos/https%3A%2F%2Fgithub.com%2Fyu-i9%2Fmini_python", kill_on_drop: false }`
[INFO] [stderr] Cloning into bare repository '/workspace/cache/git-repos/https%3A%2F%2Fgithub.com%2Fyu-i9%2Fmini_python'...
[INFO] running `Command { std: "git" "rev-parse" "HEAD", kill_on_drop: false }`
[INFO] [stdout] d62b9040f8427057a20d18340a27bdf2dfc8c22e
[INFO] documenting yu-i9/mini_python against 1.54.0 for beta-1.55-rustdoc-1
[INFO] running `Command { std: "git" "clone" "/workspace/cache/git-repos/https%3A%2F%2Fgithub.com%2Fyu-i9%2Fmini_python" "/workspace/builds/worker-60/source", kill_on_drop: false }`
[INFO] [stderr] Cloning into '/workspace/builds/worker-60/source'...
[INFO] [stderr] done.
[INFO] validating manifest of git repo https://github.com/yu-i9/mini_python on toolchain 1.54.0
[INFO] running `Command { std: "/workspace/cargo-home/bin/cargo" "+1.54.0" "metadata" "--manifest-path" "Cargo.toml" "--no-deps", kill_on_drop: false }`
[INFO] started tweaking git repo https://github.com/yu-i9/mini_python
[INFO] finished tweaking git repo https://github.com/yu-i9/mini_python
[INFO] tweaked toml for git repo https://github.com/yu-i9/mini_python written to /workspace/builds/worker-60/source/Cargo.toml
[INFO] crate git repo https://github.com/yu-i9/mini_python already has a lockfile, it will not be regenerated
[INFO] running `Command { std: "/workspace/cargo-home/bin/cargo" "+1.54.0" "fetch" "--manifest-path" "Cargo.toml", kill_on_drop: false }`
[INFO] [stderr]     Blocking waiting for file lock on package cache
[INFO] [stderr]     Blocking waiting for file lock on package cache
[INFO] running `Command { std: "docker" "create" "-v" "/var/lib/crater-agent-workspace/builds/worker-60/target:/opt/rustwide/target:rw,Z" "-v" "/var/lib/crater-agent-workspace/builds/worker-60/source:/opt/rustwide/workdir:ro,Z" "-v" "/var/lib/crater-agent-workspace/cargo-home:/opt/rustwide/cargo-home:ro,Z" "-v" "/var/lib/crater-agent-workspace/rustup-home:/opt/rustwide/rustup-home:ro,Z" "-e" "SOURCE_DIR=/opt/rustwide/workdir" "-e" "CARGO_TARGET_DIR=/opt/rustwide/target" "-e" "CARGO_HOME=/opt/rustwide/cargo-home" "-e" "RUSTUP_HOME=/opt/rustwide/rustup-home" "-w" "/opt/rustwide/workdir" "-m" "1610612736" "--user" "0:0" "--network" "none" "ghcr.io/rust-lang/crates-build-env/linux@sha256:34b6a614d2c27851fe6cbf88fbd1137609cefab8b10d0615aaeb6fd47975d74e" "/opt/rustwide/cargo-home/bin/cargo" "+1.54.0" "metadata" "--no-deps" "--format-version=1", kill_on_drop: false }`
[INFO] [stdout] 06bb1fa6caeefff884c09045bdd3682e1da441f51d47ba16fd0b5227bc90ec2d
[INFO] running `Command { std: "docker" "start" "-a" "06bb1fa6caeefff884c09045bdd3682e1da441f51d47ba16fd0b5227bc90ec2d", kill_on_drop: false }`
[INFO] running `Command { std: "docker" "inspect" "06bb1fa6caeefff884c09045bdd3682e1da441f51d47ba16fd0b5227bc90ec2d", kill_on_drop: false }`
[INFO] running `Command { std: "docker" "rm" "-f" "06bb1fa6caeefff884c09045bdd3682e1da441f51d47ba16fd0b5227bc90ec2d", kill_on_drop: false }`
[INFO] [stdout] 06bb1fa6caeefff884c09045bdd3682e1da441f51d47ba16fd0b5227bc90ec2d
[INFO] running `Command { std: "docker" "create" "-v" "/var/lib/crater-agent-workspace/builds/worker-60/target:/opt/rustwide/target:rw,Z" "-v" "/var/lib/crater-agent-workspace/builds/worker-60/source:/opt/rustwide/workdir:ro,Z" "-v" "/var/lib/crater-agent-workspace/cargo-home:/opt/rustwide/cargo-home:ro,Z" "-v" "/var/lib/crater-agent-workspace/rustup-home:/opt/rustwide/rustup-home:ro,Z" "-e" "SOURCE_DIR=/opt/rustwide/workdir" "-e" "CARGO_TARGET_DIR=/opt/rustwide/target" "-e" "CARGO_INCREMENTAL=0" "-e" "RUST_BACKTRACE=full" "-e" "RUSTDOCFLAGS=--cap-lints=warn" "-e" "CARGO_HOME=/opt/rustwide/cargo-home" "-e" "RUSTUP_HOME=/opt/rustwide/rustup-home" "-w" "/opt/rustwide/workdir" "-m" "1610612736" "--user" "0:0" "--network" "none" "ghcr.io/rust-lang/crates-build-env/linux@sha256:34b6a614d2c27851fe6cbf88fbd1137609cefab8b10d0615aaeb6fd47975d74e" "/opt/rustwide/cargo-home/bin/cargo" "+1.54.0" "doc" "--frozen" "--no-deps" "--document-private-items" "--message-format=json", kill_on_drop: false }`
[INFO] [stdout] 53e80337a391674c7d1606499437b6a9301668c2c8e624e18f08af670056add1
[INFO] running `Command { std: "docker" "start" "-a" "53e80337a391674c7d1606499437b6a9301668c2c8e624e18f08af670056add1", kill_on_drop: false }`
[INFO] [stderr]     Checking mini_python v0.1.0 (/opt/rustwide/workdir)
[INFO] [stderr]  Documenting mini_python v0.1.0 (/opt/rustwide/workdir)
[INFO] [stdout] error[E0554]: `#![feature]` may not be used on the stable release channel
[INFO] [stdout]  --> src/core/mod.rs:1:1
[INFO] [stdout]   |
[INFO] [stdout] 1 | #![feature(arbitrary_self_types)]
[INFO] [stdout]   | ^^^^^^^^^^^^^^^^^^^^^^^^^^^^^^^^^
[INFO] [stdout] 
[INFO] [stdout] 
[INFO] [stdout] error[E0554]: `#![feature]` may not be used on the stable release channel
[INFO] [stdout]  --> src/core/mod.rs:1:1
[INFO] [stdout]   |
[INFO] [stdout] 1 | #![feature(arbitrary_self_types)]
[INFO] [stdout]   | ^^^^^^^^^^^^^^^^^^^^^^^^^^^^^^^^^
[INFO] [stdout] 
[INFO] [stdout] 
[INFO] [stdout] error[E0554]: `#![feature]` may not be used on the stable release channel
[INFO] [stdout]  --> src/core/mod.rs:2:1
[INFO] [stdout]   |
[INFO] [stdout] 2 | #![feature(iterator_find_map)]
[INFO] [stdout]   | ^^^^^^^^^^^^^^^^^^^^^^^^^^^^^^
[INFO] [stdout] 
[INFO] [stdout] 
[INFO] [stdout] error[E0554]: `#![feature]` may not be used on the stable release channel
[INFO] [stdout]  --> src/core/mod.rs:2:1
[INFO] [stdout]   |
[INFO] [stdout] 2 | #![feature(iterator_find_map)]
[INFO] [stdout]   | ^^^^^^^^^^^^^^^^^^^^^^^^^^^^^^
[INFO] [stdout] 
[INFO] [stdout] 
[INFO] [stdout] error: Compilation failed, aborting rustdoc
[INFO] [stdout] 
[INFO] [stdout] 
[INFO] [stderr] error: could not document `mini_python`
[INFO] [stdout] error: aborting due to 3 previous errors
[INFO] [stdout] 
[INFO] [stdout] 
[INFO] [stderr] 
[INFO] [stdout] For more information about this error, try `rustc --explain E0554`.
[INFO] [stdout] 
[INFO] [stderr] Caused by:
[INFO] [stdout] warning: `...` range patterns are deprecated
[INFO] [stdout]   --> src/core/lexer.rs:63:13
[INFO] [stdout]    |
[INFO] [stdout] 63 |         '0' ... '9' => true,
[INFO] [stdout]    |             ^^^ help: use `..=` for an inclusive range
[INFO] [stdout]    |
[INFO] [stdout]    = note: `#[warn(ellipsis_inclusive_range_patterns)]` on by default
[INFO] [stdout]    = warning: this was previously accepted by the compiler but is being phased out; it will become a hard error in the 2021 edition!
[INFO] [stdout]    = note: for more information, see issue #80165 <https://github.com/rust-lang/rust/issues/80165>
[INFO] [stdout] 
[INFO] [stdout] 
[INFO] [stderr]   process didn't exit successfully: `rustdoc --crate-type lib --crate-name core src/core/mod.rs -o /opt/rustwide/target/doc --error-format=json --json=diagnostic-rendered-ansi --document-private-items -L dependency=/opt/rustwide/target/debug/deps --cap-lints=warn --crate-version 0.1.0` (exit status: 1)
[INFO] [stdout] warning: `...` range patterns are deprecated
[INFO] [stdout]   --> src/core/lexer.rs:70:19
[INFO] [stdout]    |
[INFO] [stdout] 70 |         '_' | 'a' ... 'z' | 'A' ... 'Z' => true,
[INFO] [stdout]    |                   ^^^ help: use `..=` for an inclusive range
[INFO] [stdout]    |
[INFO] [stdout]    = warning: this was previously accepted by the compiler but is being phased out; it will become a hard error in the 2021 edition!
[INFO] [stdout]    = note: for more information, see issue #80165 <https://github.com/rust-lang/rust/issues/80165>
[INFO] [stdout] 
[INFO] [stdout] 
[INFO] [stderr] warning: build failed, waiting for other jobs to finish...
[INFO] [stdout] warning: `...` range patterns are deprecated
[INFO] [stdout]   --> src/core/lexer.rs:70:33
[INFO] [stdout]    |
[INFO] [stdout] 70 |         '_' | 'a' ... 'z' | 'A' ... 'Z' => true,
[INFO] [stdout]    |                                 ^^^ help: use `..=` for an inclusive range
[INFO] [stdout]    |
[INFO] [stdout]    = warning: this was previously accepted by the compiler but is being phased out; it will become a hard error in the 2021 edition!
[INFO] [stdout]    = note: for more information, see issue #80165 <https://github.com/rust-lang/rust/issues/80165>
[INFO] [stdout] 
[INFO] [stdout] 
[INFO] [stdout] warning: use of deprecated macro `try`: use the `?` operator instead
[INFO] [stdout]    --> src/core/lexer.rs:179:21
[INFO] [stdout]     |
[INFO] [stdout] 179 |                     try!(lexer.calc_indent(indent_level));
[INFO] [stdout]     |                     ^^^
[INFO] [stdout]     |
[INFO] [stdout]     = note: `#[warn(deprecated)]` on by default
[INFO] [stdout] 
[INFO] [stdout] 
[INFO] [stdout] warning: use of deprecated macro `try`: use the `?` operator instead
[INFO] [stdout]    --> src/core/lexer.rs:201:17
[INFO] [stdout]     |
[INFO] [stdout] 201 |                 try!(lexer.consume('\'').ok_or(lexer.error("\' expected".to_string())));
[INFO] [stdout]     |                 ^^^
[INFO] [stdout] 
[INFO] [stdout] 
[INFO] [stdout] warning: `...` range patterns are deprecated
[INFO] [stdout]    --> src/core/lexer.rs:193:17
[INFO] [stdout]     |
[INFO] [stdout] 193 |             '0' ... '9' => {
[INFO] [stdout]     |                 ^^^ help: use `..=` for an inclusive range
[INFO] [stdout]     |
[INFO] [stdout]     = warning: this was previously accepted by the compiler but is being phased out; it will become a hard error in the 2021 edition!
[INFO] [stdout]     = note: for more information, see issue #80165 <https://github.com/rust-lang/rust/issues/80165>
[INFO] [stdout] 
[INFO] [stdout] 
[INFO] [stdout] warning: unused import: `opcode::*`
[INFO] [stdout]  --> src/core/utils.rs:6:5
[INFO] [stdout]   |
[INFO] [stdout] 6 | use opcode::*;
[INFO] [stdout]   |     ^^^^^^^^^
[INFO] [stdout]   |
[INFO] [stdout]   = note: `#[warn(unused_imports)]` on by default
[INFO] [stdout] 
[INFO] [stdout] 
[INFO] [stdout] error: aborting due to 2 previous errors; 7 warnings emitted
[INFO] [stdout] 
[INFO] [stdout] 
[INFO] [stdout] For more information about this error, try `rustc --explain E0554`.
[INFO] [stdout] 
[INFO] [stderr] error: build failed
[INFO] running `Command { std: "docker" "inspect" "53e80337a391674c7d1606499437b6a9301668c2c8e624e18f08af670056add1", kill_on_drop: false }`
[INFO] running `Command { std: "docker" "rm" "-f" "53e80337a391674c7d1606499437b6a9301668c2c8e624e18f08af670056add1", kill_on_drop: false }`
[INFO] [stdout] 53e80337a391674c7d1606499437b6a9301668c2c8e624e18f08af670056add1
