[INFO] cloning repository https://github.com/yoanlcq/grisui-prelude
[INFO] running `Command { std: "git" "-c" "credential.helper=" "-c" "credential.helper=/workspace/cargo-home/bin/git-credential-null" "clone" "--bare" "https://github.com/yoanlcq/grisui-prelude" "/workspace/cache/git-repos/https%3A%2F%2Fgithub.com%2Fyoanlcq%2Fgrisui-prelude", kill_on_drop: false }`
[INFO] [stderr] Cloning into bare repository '/workspace/cache/git-repos/https%3A%2F%2Fgithub.com%2Fyoanlcq%2Fgrisui-prelude'...
[INFO] running `Command { std: "git" "rev-parse" "HEAD", kill_on_drop: false }`
[INFO] [stdout] f1e5b32b8b902989894656e4acdddb99082ff19d
[INFO] documenting yoanlcq/grisui-prelude against beta-2021-08-01 for beta-1.55-rustdoc-1
[INFO] running `Command { std: "git" "clone" "/workspace/cache/git-repos/https%3A%2F%2Fgithub.com%2Fyoanlcq%2Fgrisui-prelude" "/workspace/builds/worker-76/source", kill_on_drop: false }`
[INFO] [stderr] Cloning into '/workspace/builds/worker-76/source'...
[INFO] [stderr] done.
[INFO] validating manifest of git repo https://github.com/yoanlcq/grisui-prelude on toolchain beta-2021-08-01
[INFO] running `Command { std: "/workspace/cargo-home/bin/cargo" "+beta-2021-08-01" "metadata" "--manifest-path" "Cargo.toml" "--no-deps", kill_on_drop: false }`
[INFO] started tweaking git repo https://github.com/yoanlcq/grisui-prelude
[INFO] finished tweaking git repo https://github.com/yoanlcq/grisui-prelude
[INFO] tweaked toml for git repo https://github.com/yoanlcq/grisui-prelude written to /workspace/builds/worker-76/source/Cargo.toml
[INFO] crate git repo https://github.com/yoanlcq/grisui-prelude already has a lockfile, it will not be regenerated
[INFO] running `Command { std: "/workspace/cargo-home/bin/cargo" "+beta-2021-08-01" "fetch" "--manifest-path" "Cargo.toml", kill_on_drop: false }`
[INFO] [stderr]     Blocking waiting for file lock on package cache
[INFO] [stderr]  Downloading crates ...
[INFO] [stderr]   Downloaded env_logger v0.5.7
[INFO] [stderr]   Downloaded freetype-sys v0.6.0
[INFO] [stderr]   Downloaded serde v1.0.38
[INFO] [stderr]   Downloaded rental-impl v0.4.15
[INFO] [stderr]   Downloaded rental v0.4.16
[INFO] [stderr]   Downloaded al-sys v0.5.1
[INFO] [stderr]   Downloaded alto v3.0.1
[INFO] [stderr]   Downloaded vek v0.9.3
[INFO] [stderr]   Downloaded serde_derive v1.0.38
[INFO] running `Command { std: "docker" "create" "-v" "/var/lib/crater-agent-workspace/builds/worker-76/target:/opt/rustwide/target:rw,Z" "-v" "/var/lib/crater-agent-workspace/builds/worker-76/source:/opt/rustwide/workdir:ro,Z" "-v" "/var/lib/crater-agent-workspace/cargo-home:/opt/rustwide/cargo-home:ro,Z" "-v" "/var/lib/crater-agent-workspace/rustup-home:/opt/rustwide/rustup-home:ro,Z" "-e" "SOURCE_DIR=/opt/rustwide/workdir" "-e" "CARGO_TARGET_DIR=/opt/rustwide/target" "-e" "CARGO_HOME=/opt/rustwide/cargo-home" "-e" "RUSTUP_HOME=/opt/rustwide/rustup-home" "-w" "/opt/rustwide/workdir" "-m" "1610612736" "--user" "0:0" "--network" "none" "ghcr.io/rust-lang/crates-build-env/linux@sha256:34b6a614d2c27851fe6cbf88fbd1137609cefab8b10d0615aaeb6fd47975d74e" "/opt/rustwide/cargo-home/bin/cargo" "+beta-2021-08-01" "metadata" "--no-deps" "--format-version=1", kill_on_drop: false }`
[INFO] [stdout] fe8fbce79560099311a23b476a9052ed7f78d4782709cc3c25e8b7de921441de
[INFO] running `Command { std: "docker" "start" "-a" "fe8fbce79560099311a23b476a9052ed7f78d4782709cc3c25e8b7de921441de", kill_on_drop: false }`
[INFO] running `Command { std: "docker" "inspect" "fe8fbce79560099311a23b476a9052ed7f78d4782709cc3c25e8b7de921441de", kill_on_drop: false }`
[INFO] running `Command { std: "docker" "rm" "-f" "fe8fbce79560099311a23b476a9052ed7f78d4782709cc3c25e8b7de921441de", kill_on_drop: false }`
[INFO] [stdout] fe8fbce79560099311a23b476a9052ed7f78d4782709cc3c25e8b7de921441de
[INFO] running `Command { std: "docker" "create" "-v" "/var/lib/crater-agent-workspace/builds/worker-76/target:/opt/rustwide/target:rw,Z" "-v" "/var/lib/crater-agent-workspace/builds/worker-76/source:/opt/rustwide/workdir:ro,Z" "-v" "/var/lib/crater-agent-workspace/cargo-home:/opt/rustwide/cargo-home:ro,Z" "-v" "/var/lib/crater-agent-workspace/rustup-home:/opt/rustwide/rustup-home:ro,Z" "-e" "SOURCE_DIR=/opt/rustwide/workdir" "-e" "CARGO_TARGET_DIR=/opt/rustwide/target" "-e" "CARGO_INCREMENTAL=0" "-e" "RUST_BACKTRACE=full" "-e" "RUSTDOCFLAGS=--cap-lints=warn" "-e" "CARGO_HOME=/opt/rustwide/cargo-home" "-e" "RUSTUP_HOME=/opt/rustwide/rustup-home" "-w" "/opt/rustwide/workdir" "-m" "1610612736" "--user" "0:0" "--network" "none" "ghcr.io/rust-lang/crates-build-env/linux@sha256:34b6a614d2c27851fe6cbf88fbd1137609cefab8b10d0615aaeb6fd47975d74e" "/opt/rustwide/cargo-home/bin/cargo" "+beta-2021-08-01" "doc" "--frozen" "--no-deps" "--document-private-items" "--message-format=json", kill_on_drop: false }`
[INFO] [stdout] da51fec20fac10b467d5dfdf7c199d533d83788da05e946e0af44afc8349c390
[INFO] running `Command { std: "docker" "start" "-a" "da51fec20fac10b467d5dfdf7c199d533d83788da05e946e0af44afc8349c390", kill_on_drop: false }`
[INFO] [stderr]     Blocking waiting for file lock on package cache
[INFO] [stderr]     Checking libc v0.2.40
[INFO] [stderr]    Compiling cfg-if v0.1.2
[INFO] [stderr]    Compiling cc v1.0.10
[INFO] [stderr]    Compiling pkg-config v0.3.9
[INFO] [stderr]    Compiling khronos_api v2.2.0
[INFO] [stderr]     Checking lazy_static v1.0.0
[INFO] [stderr]    Compiling unicode-xid v0.0.4
[INFO] [stderr]     Checking num-traits v0.2.2
[INFO] [stderr]     Checking stable_deref_trait v1.0.0
[INFO] [stderr]    Compiling bitflags v1.0.1
[INFO] [stderr]    Compiling quote v0.3.15
[INFO] [stderr]    Compiling libloading v0.4.3
[INFO] [stderr]    Compiling procedural-masquerade v0.1.5
[INFO] [stderr]     Checking void v1.0.2
[INFO] [stderr]     Checking ucd-util v0.1.1
[INFO] [stderr]     Checking smallvec v0.6.0
[INFO] [stderr]    Compiling regex v0.2.10
[INFO] [stderr]     Checking quick-error v1.2.1
[INFO] [stderr]     Checking utf8-ranges v1.0.0
[INFO] [stderr]     Checking difference v1.0.0
[INFO] [stderr]     Checking termcolor v0.3.6
[INFO] [stderr]     Checking ansi_term v0.9.0
[INFO] [stderr]     Checking rustc-demangle v0.1.7
[INFO] [stderr]     Checking bitflags v0.7.0
[INFO] [stderr]     Checking static_assertions v0.2.5
[INFO] [stderr]    Compiling proc-macro2 v0.3.6
[INFO] [stderr]    Compiling rustc_version v0.2.2
[INFO] [stderr]    Compiling log v0.4.1
[INFO] [stderr]     Checking owning_ref v0.3.3
[INFO] [stderr]    Compiling sdl2-sys v0.31.0
[INFO] [stderr]     Checking humantime v1.1.1
[INFO] [stderr]    Compiling synom v0.11.3
[INFO] [stderr]     Checking unreachable v1.0.0
[INFO] [stderr]    Compiling xml-rs v0.7.0
[INFO] [stderr]     Checking pretty_assertions v0.4.1
[INFO] [stderr]     Checking regex-syntax v0.5.5
[INFO] [stderr]     Checking thread_local v0.3.5
[INFO] [stderr]    Compiling log v0.3.9
[INFO] [stderr]    Compiling syn v0.11.11
[INFO] [stderr]     Checking num-integer v0.1.36
[INFO] [stderr]    Compiling quote v0.5.1
[INFO] [stderr]     Checking num-traits v0.1.43
[INFO] [stderr]     Checking rand v0.4.2
[INFO] [stderr]     Checking memchr v2.0.1
[INFO] [stderr]     Checking atty v0.2.8
[INFO] [stderr]    Compiling vek v0.9.3
[INFO] [stderr]    Compiling freetype-sys v0.6.0
[INFO] [stderr]    Compiling syn v0.13.1
[INFO] [stderr]     Checking aho-corasick v0.6.4
[INFO] [stderr]     Checking num-iter v0.1.35
[INFO] [stderr]    Compiling libz-sys v1.0.18
[INFO] [stderr]    Compiling backtrace-sys v0.1.16
[INFO] [stderr]     Checking num v0.1.42
[INFO] [stderr]    Compiling gl_generator v0.7.0
[INFO] [stderr]     Checking parking_lot_core v0.2.13
[INFO] [stderr]     Checking rand v0.3.22
[INFO] [stderr]     Checking parking_lot v0.4.8
[INFO] [stderr]     Checking sdl2 v0.31.0
[INFO] [stderr]    Compiling gl v0.7.0
[INFO] [stderr]    Compiling serde_derive_internals v0.23.1
[INFO] [stderr]    Compiling serde_derive v1.0.38
[INFO] [stdout] error[E0502]: cannot borrow `rows` as immutable because it is also borrowed as mutable
[INFO] [stdout]     --> /opt/rustwide/cargo-home/registry/src/github.com-1ecc6299db9ec823/vek-0.9.3/src/mat.rs:1653:31
[INFO] [stdout]      |
[INFO] [stdout] 1653 |                 rows[3][0] += rows[0].dot(t);
[INFO] [stdout]      |                 --------------^^^^----------
[INFO] [stdout]      |                 |             |
[INFO] [stdout]      |                 |             immutable borrow occurs here
[INFO] [stdout]      |                 mutable borrow occurs here
[INFO] [stdout]      |                 mutable borrow later used here
[INFO] [stdout] ...
[INFO] [stdout] 3606 |     mat_declare_modules!{}
[INFO] [stdout]      |     ---------------------- in this macro invocation
[INFO] [stdout]      |
[INFO] [stdout]      = note: this error originates in the macro `mat_impl_mat4` (in Nightly builds, run with -Z macro-backtrace for more info)
[INFO] [stdout] 
[INFO] [stdout] 
[INFO] [stderr]    Compiling rental-impl v0.4.15
[INFO] [stdout] error[E0502]: cannot borrow `rows` as immutable because it is also borrowed as mutable
[INFO] [stdout]     --> /opt/rustwide/cargo-home/registry/src/github.com-1ecc6299db9ec823/vek-0.9.3/src/mat.rs:1654:31
[INFO] [stdout]      |
[INFO] [stdout] 1654 |                 rows[3][1] += rows[1].dot(t);
[INFO] [stdout]      |                 --------------^^^^----------
[INFO] [stdout]      |                 |             |
[INFO] [stdout]      |                 |             immutable borrow occurs here
[INFO] [stdout]      |                 mutable borrow occurs here
[INFO] [stdout]      |                 mutable borrow later used here
[INFO] [stdout] ...
[INFO] [stdout] 3606 |     mat_declare_modules!{}
[INFO] [stdout]      |     ---------------------- in this macro invocation
[INFO] [stdout]      |
[INFO] [stdout]      = note: this error originates in the macro `mat_impl_mat4` (in Nightly builds, run with -Z macro-backtrace for more info)
[INFO] [stdout] 
[INFO] [stdout] 
[INFO] [stderr]     Checking env_logger v0.5.7
[INFO] [stdout] error[E0502]: cannot borrow `rows` as immutable because it is also borrowed as mutable
[INFO] [stdout]     --> /opt/rustwide/cargo-home/registry/src/github.com-1ecc6299db9ec823/vek-0.9.3/src/mat.rs:1655:31
[INFO] [stdout]      |
[INFO] [stdout] 1655 |                 rows[3][2] += rows[2].dot(t);
[INFO] [stdout]      |                 --------------^^^^----------
[INFO] [stdout]      |                 |             |
[INFO] [stdout]      |                 |             immutable borrow occurs here
[INFO] [stdout]      |                 mutable borrow occurs here
[INFO] [stdout]      |                 mutable borrow later used here
[INFO] [stdout] ...
[INFO] [stdout] 3606 |     mat_declare_modules!{}
[INFO] [stdout]      |     ---------------------- in this macro invocation
[INFO] [stdout]      |
[INFO] [stdout]      = note: this error originates in the macro `mat_impl_mat4` (in Nightly builds, run with -Z macro-backtrace for more info)
[INFO] [stdout] 
[INFO] [stdout] 
[INFO] [stdout] error[E0502]: cannot borrow `rows` as immutable because it is also borrowed as mutable
[INFO] [stdout]     --> /opt/rustwide/cargo-home/registry/src/github.com-1ecc6299db9ec823/vek-0.9.3/src/mat.rs:1656:31
[INFO] [stdout]      |
[INFO] [stdout] 1656 |                 rows[3][3] += rows[3].dot(t);
[INFO] [stdout]      |                 --------------^^^^----------
[INFO] [stdout]      |                 |             |
[INFO] [stdout]      |                 |             immutable borrow occurs here
[INFO] [stdout]      |                 mutable borrow occurs here
[INFO] [stdout]      |                 mutable borrow later used here
[INFO] [stdout] ...
[INFO] [stdout] 3606 |     mat_declare_modules!{}
[INFO] [stdout]      |     ---------------------- in this macro invocation
[INFO] [stdout]      |
[INFO] [stdout]      = note: this error originates in the macro `mat_impl_mat4` (in Nightly builds, run with -Z macro-backtrace for more info)
[INFO] [stdout] 
[INFO] [stdout] 
[INFO] [stdout] error[E0502]: cannot borrow `rows` as immutable because it is also borrowed as mutable
[INFO] [stdout]     --> /opt/rustwide/cargo-home/registry/src/github.com-1ecc6299db9ec823/vek-0.9.3/src/mat.rs:1653:31
[INFO] [stdout]      |
[INFO] [stdout] 1653 |                 rows[3][0] += rows[0].dot(t);
[INFO] [stdout]      |                 --------------^^^^----------
[INFO] [stdout]      |                 |             |
[INFO] [stdout]      |                 |             immutable borrow occurs here
[INFO] [stdout]      |                 mutable borrow occurs here
[INFO] [stdout]      |                 mutable borrow later used here
[INFO] [stdout] ...
[INFO] [stdout] 3606 |     mat_declare_modules!{}
[INFO] [stdout]      |     ---------------------- in this macro invocation
[INFO] [stdout]      |
[INFO] [stdout]      = note: this error originates in the macro `mat_impl_mat4` (in Nightly builds, run with -Z macro-backtrace for more info)
[INFO] [stdout] 
[INFO] [stdout] 
[INFO] [stdout] error[E0502]: cannot borrow `rows` as immutable because it is also borrowed as mutable
[INFO] [stdout]     --> /opt/rustwide/cargo-home/registry/src/github.com-1ecc6299db9ec823/vek-0.9.3/src/mat.rs:1654:31
[INFO] [stdout]      |
[INFO] [stdout] 1654 |                 rows[3][1] += rows[1].dot(t);
[INFO] [stdout]      |                 --------------^^^^----------
[INFO] [stdout]      |                 |             |
[INFO] [stdout]      |                 |             immutable borrow occurs here
[INFO] [stdout]      |                 mutable borrow occurs here
[INFO] [stdout]      |                 mutable borrow later used here
[INFO] [stdout] ...
[INFO] [stdout] 3606 |     mat_declare_modules!{}
[INFO] [stdout]      |     ---------------------- in this macro invocation
[INFO] [stdout]      |
[INFO] [stdout]      = note: this error originates in the macro `mat_impl_mat4` (in Nightly builds, run with -Z macro-backtrace for more info)
[INFO] [stdout] 
[INFO] [stdout] 
[INFO] [stdout] error[E0502]: cannot borrow `rows` as immutable because it is also borrowed as mutable
[INFO] [stdout]     --> /opt/rustwide/cargo-home/registry/src/github.com-1ecc6299db9ec823/vek-0.9.3/src/mat.rs:1655:31
[INFO] [stdout]      |
[INFO] [stdout] 1655 |                 rows[3][2] += rows[2].dot(t);
[INFO] [stdout]      |                 --------------^^^^----------
[INFO] [stdout]      |                 |             |
[INFO] [stdout]      |                 |             immutable borrow occurs here
[INFO] [stdout]      |                 mutable borrow occurs here
[INFO] [stdout]      |                 mutable borrow later used here
[INFO] [stdout] ...
[INFO] [stdout] 3606 |     mat_declare_modules!{}
[INFO] [stdout]      |     ---------------------- in this macro invocation
[INFO] [stdout]      |
[INFO] [stdout]      = note: this error originates in the macro `mat_impl_mat4` (in Nightly builds, run with -Z macro-backtrace for more info)
[INFO] [stdout] 
[INFO] [stdout] 
[INFO] [stdout] error[E0502]: cannot borrow `rows` as immutable because it is also borrowed as mutable
[INFO] [stdout]     --> /opt/rustwide/cargo-home/registry/src/github.com-1ecc6299db9ec823/vek-0.9.3/src/mat.rs:1656:31
[INFO] [stdout]      |
[INFO] [stdout] 1656 |                 rows[3][3] += rows[3].dot(t);
[INFO] [stdout]      |                 --------------^^^^----------
[INFO] [stdout]      |                 |             |
[INFO] [stdout]      |                 |             immutable borrow occurs here
[INFO] [stdout]      |                 mutable borrow occurs here
[INFO] [stdout]      |                 mutable borrow later used here
[INFO] [stdout] ...
[INFO] [stdout] 3606 |     mat_declare_modules!{}
[INFO] [stdout]      |     ---------------------- in this macro invocation
[INFO] [stdout]      |
[INFO] [stdout]      = note: this error originates in the macro `mat_impl_mat4` (in Nightly builds, run with -Z macro-backtrace for more info)
[INFO] [stdout] 
[INFO] [stdout] 
[INFO] [stdout] error: aborting due to 8 previous errors
[INFO] [stdout] 
[INFO] [stdout] 
[INFO] [stdout] For more information about this error, try `rustc --explain E0502`.
[INFO] [stdout] 
[INFO] [stderr] error: could not compile `vek` due to 9 previous errors
[INFO] [stderr] warning: build failed, waiting for other jobs to finish...
[INFO] [stderr] error: build failed
[INFO] running `Command { std: "docker" "inspect" "da51fec20fac10b467d5dfdf7c199d533d83788da05e946e0af44afc8349c390", kill_on_drop: false }`
[INFO] running `Command { std: "docker" "rm" "-f" "da51fec20fac10b467d5dfdf7c199d533d83788da05e946e0af44afc8349c390", kill_on_drop: false }`
[INFO] [stdout] da51fec20fac10b467d5dfdf7c199d533d83788da05e946e0af44afc8349c390
