[INFO] cloning repository https://github.com/ying32/rvcl
[INFO] running `Command { std: "git" "-c" "credential.helper=" "-c" "credential.helper=/workspace/cargo-home/bin/git-credential-null" "clone" "--bare" "https://github.com/ying32/rvcl" "/workspace/cache/git-repos/https%3A%2F%2Fgithub.com%2Fying32%2Frvcl", kill_on_drop: false }`
[INFO] [stderr] Cloning into bare repository '/workspace/cache/git-repos/https%3A%2F%2Fgithub.com%2Fying32%2Frvcl'...
[INFO] running `Command { std: "git" "rev-parse" "HEAD", kill_on_drop: false }`
[INFO] [stdout] 943c55a3cdba8192426db370b2822998227ac921
[INFO] documenting ying32/rvcl against beta-2021-08-01 for beta-1.55-rustdoc-1
[INFO] running `Command { std: "git" "clone" "/workspace/cache/git-repos/https%3A%2F%2Fgithub.com%2Fying32%2Frvcl" "/workspace/builds/worker-61/source", kill_on_drop: false }`
[INFO] [stderr] Cloning into '/workspace/builds/worker-61/source'...
[INFO] [stderr] done.
[INFO] validating manifest of git repo https://github.com/ying32/rvcl on toolchain beta-2021-08-01
[INFO] running `Command { std: "/workspace/cargo-home/bin/cargo" "+beta-2021-08-01" "metadata" "--manifest-path" "Cargo.toml" "--no-deps", kill_on_drop: false }`
[INFO] started tweaking git repo https://github.com/ying32/rvcl
[INFO] finished tweaking git repo https://github.com/ying32/rvcl
[INFO] tweaked toml for git repo https://github.com/ying32/rvcl written to /workspace/builds/worker-61/source/Cargo.toml
[INFO] running `Command { std: "/workspace/cargo-home/bin/cargo" "+beta-2021-08-01" "generate-lockfile" "--manifest-path" "Cargo.toml" "-Zno-index-update", kill_on_drop: false }`
[INFO] [stderr]     Blocking waiting for file lock on package cache
[INFO] running `Command { std: "/workspace/cargo-home/bin/cargo" "+beta-2021-08-01" "fetch" "--manifest-path" "Cargo.toml", kill_on_drop: false }`
[INFO] [stderr]     Blocking waiting for file lock on package cache
[INFO] [stderr]     Blocking waiting for file lock on package cache
[INFO] [stderr]  Downloading crates ...
[INFO] [stderr]   Downloaded libc v0.2.99
[INFO] [stderr]   Downloaded dunce v0.1.1
[INFO] running `Command { std: "docker" "create" "-v" "/var/lib/crater-agent-workspace/builds/worker-61/target:/opt/rustwide/target:rw,Z" "-v" "/var/lib/crater-agent-workspace/builds/worker-61/source:/opt/rustwide/workdir:ro,Z" "-v" "/var/lib/crater-agent-workspace/cargo-home:/opt/rustwide/cargo-home:ro,Z" "-v" "/var/lib/crater-agent-workspace/rustup-home:/opt/rustwide/rustup-home:ro,Z" "-e" "SOURCE_DIR=/opt/rustwide/workdir" "-e" "CARGO_TARGET_DIR=/opt/rustwide/target" "-e" "CARGO_HOME=/opt/rustwide/cargo-home" "-e" "RUSTUP_HOME=/opt/rustwide/rustup-home" "-w" "/opt/rustwide/workdir" "-m" "1610612736" "--user" "0:0" "--network" "none" "ghcr.io/rust-lang/crates-build-env/linux@sha256:34b6a614d2c27851fe6cbf88fbd1137609cefab8b10d0615aaeb6fd47975d74e" "/opt/rustwide/cargo-home/bin/cargo" "+beta-2021-08-01" "metadata" "--no-deps" "--format-version=1", kill_on_drop: false }`
[INFO] [stdout] 1492fbff764c5e044fbd8b094defc2931cabd626ffd799fbdcb8dfbba029af74
[INFO] running `Command { std: "docker" "start" "-a" "1492fbff764c5e044fbd8b094defc2931cabd626ffd799fbdcb8dfbba029af74", kill_on_drop: false }`
[INFO] running `Command { std: "docker" "inspect" "1492fbff764c5e044fbd8b094defc2931cabd626ffd799fbdcb8dfbba029af74", kill_on_drop: false }`
[INFO] running `Command { std: "docker" "rm" "-f" "1492fbff764c5e044fbd8b094defc2931cabd626ffd799fbdcb8dfbba029af74", kill_on_drop: false }`
[INFO] [stdout] 1492fbff764c5e044fbd8b094defc2931cabd626ffd799fbdcb8dfbba029af74
[INFO] running `Command { std: "docker" "create" "-v" "/var/lib/crater-agent-workspace/builds/worker-61/target:/opt/rustwide/target:rw,Z" "-v" "/var/lib/crater-agent-workspace/builds/worker-61/source:/opt/rustwide/workdir:ro,Z" "-v" "/var/lib/crater-agent-workspace/cargo-home:/opt/rustwide/cargo-home:ro,Z" "-v" "/var/lib/crater-agent-workspace/rustup-home:/opt/rustwide/rustup-home:ro,Z" "-e" "SOURCE_DIR=/opt/rustwide/workdir" "-e" "CARGO_TARGET_DIR=/opt/rustwide/target" "-e" "CARGO_INCREMENTAL=0" "-e" "RUST_BACKTRACE=full" "-e" "RUSTDOCFLAGS=--cap-lints=warn" "-e" "CARGO_HOME=/opt/rustwide/cargo-home" "-e" "RUSTUP_HOME=/opt/rustwide/rustup-home" "-w" "/opt/rustwide/workdir" "-m" "1610612736" "--user" "0:0" "--network" "none" "ghcr.io/rust-lang/crates-build-env/linux@sha256:34b6a614d2c27851fe6cbf88fbd1137609cefab8b10d0615aaeb6fd47975d74e" "/opt/rustwide/cargo-home/bin/cargo" "+beta-2021-08-01" "doc" "--frozen" "--no-deps" "--document-private-items" "--message-format=json", kill_on_drop: false }`
[INFO] [stdout] 8ad8fe9a135320511b91c08deace214c7c21a2eedee5dddc8d95987a594e6e1a
[INFO] running `Command { std: "docker" "start" "-a" "8ad8fe9a135320511b91c08deace214c7c21a2eedee5dddc8d95987a594e6e1a", kill_on_drop: false }`
[INFO] [stderr]     Blocking waiting for file lock on package cache
[INFO] [stderr]    Compiling proc-macro2 v1.0.28
[INFO] [stderr]    Compiling unicode-xid v0.2.2
[INFO] [stderr]    Compiling syn v1.0.74
[INFO] [stderr]    Compiling dunce v0.1.1
[INFO] [stderr]    Compiling libc v0.2.99
[INFO] [stderr]     Checking lazy_static v1.4.0
[INFO] [stderr]    Compiling rust_vcl v0.1.0 (/opt/rustwide/workdir)
[INFO] [stderr]    Compiling quote v1.0.9
[INFO] [stderr]    Compiling vcl_derives v0.1.0 (/opt/rustwide/workdir/vcl_derives)
[INFO] [stderr]  Documenting rust_vcl v0.1.0 (/opt/rustwide/workdir)
[INFO] [stdout] error[E0412]: cannot find type `TXId` in this scope
[INFO] [stdout]   --> src/fns.rs:42:44
[INFO] [stdout]    |
[INFO] [stdout] 42 | pub fn GdkWindow_GetXId(AW: PGdkWindow) -> TXId {
[INFO] [stdout]    |                                            ^^^^ help: a type alias with a similar name exists: `TXID`
[INFO] [stdout]    | 
[INFO] [stdout]   ::: src/types.rs:69:1
[INFO] [stdout]    |
[INFO] [stdout] 69 | pub type TXID = u64;
[INFO] [stdout]    | -------------------- similarly named type alias `TXID` defined here
[INFO] [stdout] 
[INFO] [stdout] 
[INFO] [stdout] error[E0412]: cannot find type `TForm` in this scope
[INFO] [stdout]    --> src/fns.rs:275:35
[INFO] [stdout]     |
[INFO] [stdout] 275 | pub fn GdkWindow_FromForm(aForm: &TForm) -> PGdkWindow {
[INFO] [stdout]     |                                   ^^^^^ not found in this scope
[INFO] [stdout]     |
[INFO] [stdout] help: consider importing this struct
[INFO] [stdout]     |
[INFO] [stdout] 11  | use vcl::TForm;
[INFO] [stdout]     |
[INFO] [stdout] 
[INFO] [stdout] 
[INFO] [stdout] error[E0412]: cannot find type `TXId` in this scope
[INFO] [stdout]   --> src/lclapi.rs:93:54
[INFO] [stdout]    |
[INFO] [stdout] 93 |   pub fn GdkWindow_GetXId(AW: PGdkWindow, AXId: *mut TXId);
[INFO] [stdout]    |                                                      ^^^^ help: a type alias with a similar name exists: `TXID`
[INFO] [stdout]    | 
[INFO] [stdout]   ::: src/types.rs:69:1
[INFO] [stdout]    |
[INFO] [stdout] 69 | pub type TXID = u64;
[INFO] [stdout]    | -------------------- similarly named type alias `TXID` defined here
[INFO] [stdout] 
[INFO] [stdout] 
[INFO] [stdout] error: Compilation failed, aborting rustdoc
[INFO] [stdout] 
[INFO] [stdout] 
[INFO] [stdout] error: aborting due to 4 previous errors
[INFO] [stdout] 
[INFO] [stdout] 
[INFO] [stdout] For more information about this error, try `rustc --explain E0412`.
[INFO] [stdout] 
[INFO] [stderr] error: could not document `rust_vcl`
[INFO] [stderr] 
[INFO] [stderr] Caused by:
[INFO] [stderr]   process didn't exit successfully: `rustdoc --crate-type lib --crate-name rust_vcl src/lib.rs -o /opt/rustwide/target/doc --error-format=json --json=diagnostic-rendered-ansi --document-private-items -L dependency=/opt/rustwide/target/debug/deps --extern lazy_static=/opt/rustwide/target/debug/deps/liblazy_static-5e37eee3e84fafab.rmeta --extern libc=/opt/rustwide/target/debug/deps/liblibc-cc45f263d89b504b.rmeta --extern vcl_derives=/opt/rustwide/target/debug/deps/libvcl_derives-55d7d0cce651fcfc.so --cap-lints=warn --crate-version 0.1.0` (exit status: 1)
[INFO] running `Command { std: "docker" "inspect" "8ad8fe9a135320511b91c08deace214c7c21a2eedee5dddc8d95987a594e6e1a", kill_on_drop: false }`
[INFO] running `Command { std: "docker" "rm" "-f" "8ad8fe9a135320511b91c08deace214c7c21a2eedee5dddc8d95987a594e6e1a", kill_on_drop: false }`
[INFO] [stdout] 8ad8fe9a135320511b91c08deace214c7c21a2eedee5dddc8d95987a594e6e1a
