[INFO] cloning repository https://github.com/x2x4com/substrate-node-template
[INFO] running `Command { std: "git" "-c" "credential.helper=" "-c" "credential.helper=/workspace/cargo-home/bin/git-credential-null" "clone" "--bare" "https://github.com/x2x4com/substrate-node-template" "/workspace/cache/git-repos/https%3A%2F%2Fgithub.com%2Fx2x4com%2Fsubstrate-node-template", kill_on_drop: false }`
[INFO] [stderr] Cloning into bare repository '/workspace/cache/git-repos/https%3A%2F%2Fgithub.com%2Fx2x4com%2Fsubstrate-node-template'...
[INFO] running `Command { std: "git" "rev-parse" "HEAD", kill_on_drop: false }`
[INFO] [stdout] 3219f34bdfcb020d85f4cdc94da0c44efc242895
[INFO] documenting x2x4com/substrate-node-template against beta-2021-08-01 for beta-1.55-rustdoc-1
[INFO] running `Command { std: "git" "clone" "/workspace/cache/git-repos/https%3A%2F%2Fgithub.com%2Fx2x4com%2Fsubstrate-node-template" "/workspace/builds/worker-6/source", kill_on_drop: false }`
[INFO] [stderr] Cloning into '/workspace/builds/worker-6/source'...
[INFO] [stderr] done.
[INFO] validating manifest of git repo https://github.com/x2x4com/substrate-node-template on toolchain beta-2021-08-01
[INFO] running `Command { std: "/workspace/cargo-home/bin/cargo" "+beta-2021-08-01" "metadata" "--manifest-path" "Cargo.toml" "--no-deps", kill_on_drop: false }`
[INFO] started tweaking git repo https://github.com/x2x4com/substrate-node-template
[INFO] finished tweaking git repo https://github.com/x2x4com/substrate-node-template
[INFO] tweaked toml for git repo https://github.com/x2x4com/substrate-node-template written to /workspace/builds/worker-6/source/Cargo.toml
[INFO] crate git repo https://github.com/x2x4com/substrate-node-template already has a lockfile, it will not be regenerated
[INFO] running `Command { std: "/workspace/cargo-home/bin/cargo" "+beta-2021-08-01" "fetch" "--manifest-path" "Cargo.toml", kill_on_drop: false }`
[INFO] [stderr]     Blocking waiting for file lock on package cache
[INFO] [stderr]     Blocking waiting for file lock on package cache
[INFO] running `Command { std: "docker" "create" "-v" "/var/lib/crater-agent-workspace/builds/worker-6/target:/opt/rustwide/target:rw,Z" "-v" "/var/lib/crater-agent-workspace/builds/worker-6/source:/opt/rustwide/workdir:ro,Z" "-v" "/var/lib/crater-agent-workspace/cargo-home:/opt/rustwide/cargo-home:ro,Z" "-v" "/var/lib/crater-agent-workspace/rustup-home:/opt/rustwide/rustup-home:ro,Z" "-e" "SOURCE_DIR=/opt/rustwide/workdir" "-e" "CARGO_TARGET_DIR=/opt/rustwide/target" "-e" "CARGO_HOME=/opt/rustwide/cargo-home" "-e" "RUSTUP_HOME=/opt/rustwide/rustup-home" "-w" "/opt/rustwide/workdir" "-m" "1610612736" "--user" "0:0" "--network" "none" "ghcr.io/rust-lang/crates-build-env/linux@sha256:34b6a614d2c27851fe6cbf88fbd1137609cefab8b10d0615aaeb6fd47975d74e" "/opt/rustwide/cargo-home/bin/cargo" "+beta-2021-08-01" "metadata" "--no-deps" "--format-version=1", kill_on_drop: false }`
[INFO] [stdout] 7fb55337a9376ff4fccbc686c210d63297b6f27b4a1b4c63d6510deaa9da1376
[INFO] [stderr] WARNING: Your kernel does not support swap limit capabilities or the cgroup is not mounted. Memory limited without swap.
[INFO] running `Command { std: "docker" "start" "-a" "7fb55337a9376ff4fccbc686c210d63297b6f27b4a1b4c63d6510deaa9da1376", kill_on_drop: false }`
[INFO] running `Command { std: "docker" "inspect" "7fb55337a9376ff4fccbc686c210d63297b6f27b4a1b4c63d6510deaa9da1376", kill_on_drop: false }`
[INFO] running `Command { std: "docker" "rm" "-f" "7fb55337a9376ff4fccbc686c210d63297b6f27b4a1b4c63d6510deaa9da1376", kill_on_drop: false }`
[INFO] [stdout] 7fb55337a9376ff4fccbc686c210d63297b6f27b4a1b4c63d6510deaa9da1376
[INFO] running `Command { std: "docker" "create" "-v" "/var/lib/crater-agent-workspace/builds/worker-6/target:/opt/rustwide/target:rw,Z" "-v" "/var/lib/crater-agent-workspace/builds/worker-6/source:/opt/rustwide/workdir:ro,Z" "-v" "/var/lib/crater-agent-workspace/cargo-home:/opt/rustwide/cargo-home:ro,Z" "-v" "/var/lib/crater-agent-workspace/rustup-home:/opt/rustwide/rustup-home:ro,Z" "-e" "SOURCE_DIR=/opt/rustwide/workdir" "-e" "CARGO_TARGET_DIR=/opt/rustwide/target" "-e" "CARGO_INCREMENTAL=0" "-e" "RUST_BACKTRACE=full" "-e" "RUSTDOCFLAGS=--cap-lints=warn" "-e" "CARGO_HOME=/opt/rustwide/cargo-home" "-e" "RUSTUP_HOME=/opt/rustwide/rustup-home" "-w" "/opt/rustwide/workdir" "-m" "1610612736" "--user" "0:0" "--network" "none" "ghcr.io/rust-lang/crates-build-env/linux@sha256:34b6a614d2c27851fe6cbf88fbd1137609cefab8b10d0615aaeb6fd47975d74e" "/opt/rustwide/cargo-home/bin/cargo" "+beta-2021-08-01" "doc" "--frozen" "--no-deps" "--document-private-items" "--message-format=json", kill_on_drop: false }`
[INFO] [stdout] 9eaf55928757fd0a3321be24428ba2c0f582f17b4b42bef41b74e0dd2db3b306
[INFO] [stderr] WARNING: Your kernel does not support swap limit capabilities or the cgroup is not mounted. Memory limited without swap.
[INFO] running `Command { std: "docker" "start" "-a" "9eaf55928757fd0a3321be24428ba2c0f582f17b4b42bef41b74e0dd2db3b306", kill_on_drop: false }`
[INFO] [stderr]    Compiling node-template-runtime v2.0.0 (/opt/rustwide/workdir/runtime)
[INFO] [stderr]    Compiling node-template v2.0.0 (/opt/rustwide/workdir/node)
[INFO] [stderr]    Compiling sp-api-proc-macro v2.0.0
[INFO] [stderr]     Checking zstd v0.5.3+zstd.1.4.5
[INFO] [stderr]    Compiling libp2p-core v0.22.1
[INFO] [stderr]    Compiling libp2p-plaintext v0.22.0
[INFO] [stderr]    Compiling libp2p-identify v0.22.0
[INFO] [stderr]    Compiling libp2p-noise v0.24.0
[INFO] [stderr]    Compiling libp2p-floodsub v0.22.0
[INFO] [stderr]    Compiling libp2p-kad v0.23.0
[INFO] [stderr]    Compiling libp2p-gossipsub v0.22.0
[INFO] [stderr]    Compiling sc-network v0.8.0
[INFO] [stderr]     Checking impl-codec v0.4.2
[INFO] [stderr]     Checking sp-tracing v2.0.0
[INFO] [stderr]     Checking sp-storage v2.0.0
[INFO] [stderr]     Checking sp-wasm-interface v2.0.0
[INFO] [stderr]     Checking sp-arithmetic v2.0.0
[INFO] [stderr]     Checking async-tls v0.8.0
[INFO] [stderr]     Checking fork-tree v2.0.0
[INFO] [stderr]     Checking rustls-native-certs v0.4.0
[INFO] [stderr]     Checking tokio-rustls v0.14.0
[INFO] [stderr]     Checking finality-grandpa v0.12.3
[INFO] [stderr]     Checking cranelift-codegen v0.66.0
[INFO] [stderr]    Compiling librocksdb-sys v6.11.4
[INFO] [stderr]     Checking primitive-types v0.7.2
[INFO] [stdout] error[E0282]: type annotations needed
[INFO] [stdout]     --> /opt/rustwide/cargo-home/registry/src/github.com-1ecc6299db9ec823/sp-arithmetic-2.0.0/src/fixed_point.rs:541:9
[INFO] [stdout]      |
[INFO] [stdout] 541  |                   let accuracy = P::ACCURACY.saturated_into();
[INFO] [stdout]      |                       ^^^^^^^^ consider giving `accuracy` a type
[INFO] [stdout] ...
[INFO] [stdout] 1595 | / implement_fixed!(
[INFO] [stdout] 1596 | |     FixedI64,
[INFO] [stdout] 1597 | |     test_fixed_i64,
[INFO] [stdout] 1598 | |     i64,
[INFO] [stdout] ...    |
[INFO] [stdout] 1601 | |     "_Fixed Point 64 bits signed, range = [-9223372036.854775808, 9223372036.854775807]_",
[INFO] [stdout] 1602 | | );
[INFO] [stdout]      | |__- in this macro invocation
[INFO] [stdout]      |
[INFO] [stdout]      = note: this error originates in the macro `implement_fixed` (in Nightly builds, run with -Z macro-backtrace for more info)
[INFO] [stdout] 
[INFO] [stdout] 
[INFO] [stdout] error[E0282]: type annotations needed
[INFO] [stdout]     --> /opt/rustwide/cargo-home/registry/src/github.com-1ecc6299db9ec823/sp-arithmetic-2.0.0/src/fixed_point.rs:541:9
[INFO] [stdout]      |
[INFO] [stdout] 541  |                   let accuracy = P::ACCURACY.saturated_into();
[INFO] [stdout]      |                       ^^^^^^^^ consider giving `accuracy` a type
[INFO] [stdout] ...
[INFO] [stdout] 1604 | / implement_fixed!(
[INFO] [stdout] 1605 | |     FixedI128,
[INFO] [stdout] 1606 | |     test_fixed_i128,
[INFO] [stdout] 1607 | |     i128,
[INFO] [stdout] ...    |
[INFO] [stdout] 1611 | |         [-170141183460469231731.687303715884105728, 170141183460469231731.687303715884105727]_",
[INFO] [stdout] 1612 | | );
[INFO] [stdout]      | |__- in this macro invocation
[INFO] [stdout]      |
[INFO] [stdout]      = note: this error originates in the macro `implement_fixed` (in Nightly builds, run with -Z macro-backtrace for more info)
[INFO] [stdout] 
[INFO] [stdout] 
[INFO] [stdout] error[E0282]: type annotations needed
[INFO] [stdout]     --> /opt/rustwide/cargo-home/registry/src/github.com-1ecc6299db9ec823/sp-arithmetic-2.0.0/src/fixed_point.rs:541:9
[INFO] [stdout]      |
[INFO] [stdout] 541  |                   let accuracy = P::ACCURACY.saturated_into();
[INFO] [stdout]      |                       ^^^^^^^^ consider giving `accuracy` a type
[INFO] [stdout] ...
[INFO] [stdout] 1614 | / implement_fixed!(
[INFO] [stdout] 1615 | |     FixedU128,
[INFO] [stdout] 1616 | |     test_fixed_u128,
[INFO] [stdout] 1617 | |     u128,
[INFO] [stdout] ...    |
[INFO] [stdout] 1621 | |         [0.000000000000000000, 340282366920938463463.374607431768211455]_",
[INFO] [stdout] 1622 | | );
[INFO] [stdout]      | |__- in this macro invocation
[INFO] [stdout]      |
[INFO] [stdout]      = note: this error originates in the macro `implement_fixed` (in Nightly builds, run with -Z macro-backtrace for more info)
[INFO] [stdout] 
[INFO] [stdout] 
[INFO] [stdout] error: aborting due to 3 previous errors
[INFO] [stdout] 
[INFO] [stdout] 
[INFO] [stdout] For more information about this error, try `rustc --explain E0282`.
[INFO] [stdout] 
[INFO] [stderr] error: could not compile `sp-arithmetic` due to 4 previous errors
[INFO] [stderr] warning: build failed, waiting for other jobs to finish...
[INFO] [stderr] error: build failed
[INFO] running `Command { std: "docker" "inspect" "9eaf55928757fd0a3321be24428ba2c0f582f17b4b42bef41b74e0dd2db3b306", kill_on_drop: false }`
[INFO] running `Command { std: "docker" "rm" "-f" "9eaf55928757fd0a3321be24428ba2c0f582f17b4b42bef41b74e0dd2db3b306", kill_on_drop: false }`
[INFO] [stdout] 9eaf55928757fd0a3321be24428ba2c0f582f17b4b42bef41b74e0dd2db3b306
