[INFO] cloning repository https://github.com/wsantas/flust
[INFO] running `Command { std: "git" "-c" "credential.helper=" "-c" "credential.helper=/workspace/cargo-home/bin/git-credential-null" "clone" "--bare" "https://github.com/wsantas/flust" "/workspace/cache/git-repos/https%3A%2F%2Fgithub.com%2Fwsantas%2Fflust", kill_on_drop: false }`
[INFO] [stderr] Cloning into bare repository '/workspace/cache/git-repos/https%3A%2F%2Fgithub.com%2Fwsantas%2Fflust'...
[INFO] running `Command { std: "git" "rev-parse" "HEAD", kill_on_drop: false }`
[INFO] [stdout] b3784353d3238d7152aca19a78842786dd012ad5
[INFO] documenting wsantas/flust against beta-2021-08-01 for beta-1.55-rustdoc-1
[INFO] running `Command { std: "git" "clone" "/workspace/cache/git-repos/https%3A%2F%2Fgithub.com%2Fwsantas%2Fflust" "/workspace/builds/worker-3/source", kill_on_drop: false }`
[INFO] [stderr] Cloning into '/workspace/builds/worker-3/source'...
[INFO] [stderr] done.
[INFO] validating manifest of git repo https://github.com/wsantas/flust on toolchain beta-2021-08-01
[INFO] running `Command { std: "/workspace/cargo-home/bin/cargo" "+beta-2021-08-01" "metadata" "--manifest-path" "Cargo.toml" "--no-deps", kill_on_drop: false }`
[INFO] started tweaking git repo https://github.com/wsantas/flust
[INFO] finished tweaking git repo https://github.com/wsantas/flust
[INFO] tweaked toml for git repo https://github.com/wsantas/flust written to /workspace/builds/worker-3/source/Cargo.toml
[INFO] crate git repo https://github.com/wsantas/flust already has a lockfile, it will not be regenerated
[INFO] running `Command { std: "/workspace/cargo-home/bin/cargo" "+beta-2021-08-01" "fetch" "--manifest-path" "Cargo.toml", kill_on_drop: false }`
[INFO] [stderr]     Updating git repository `https://github.com/flutter-rs/flutter-rs`
[INFO] [stderr]     Updating git repository `https://github.com/dvc94ch/glutin`
[INFO] [stderr]     Updating git repository `https://github.com/rust-windowing/android-ndk-rs`
[INFO] [stderr]     Updating git repository `https://github.com/rust-windowing/android-rs-glue`
[INFO] [stderr]     Updating git repository `https://github.com/dvc94ch/winit`
[INFO] [stderr]  Downloading crates ...
[INFO] [stderr]   Downloaded priority-queue v0.7.0
[INFO] [stderr]   Downloaded tinyfiledialogs v3.3.9
[INFO] [stderr]   Downloaded locale_config v0.3.0
[INFO] [stderr]   Downloaded xml-rs v0.8.2
[INFO] [stderr]   Downloaded core-video-sys v0.1.3
[INFO] [stderr]   Downloaded unic-langid-impl v0.7.2
[INFO] [stderr]   Downloaded jni-glue v0.0.10
[INFO] [stderr]   Downloaded instant v0.1.2
[INFO] [stderr]   Downloaded tinystr v0.3.2
[INFO] [stderr]   Downloaded jni-android-sys v0.0.10
[INFO] [stderr]   Downloaded unic-locale v0.7.1
[INFO] [stderr]   Downloaded unic-locale-impl v0.7.1
[INFO] [stderr]   Downloaded num_enum v0.2.3
[INFO] [stderr]   Downloaded dispatch v0.1.4
[INFO] running `Command { std: "docker" "create" "-v" "/var/lib/crater-agent-workspace/builds/worker-3/target:/opt/rustwide/target:rw,Z" "-v" "/var/lib/crater-agent-workspace/builds/worker-3/source:/opt/rustwide/workdir:ro,Z" "-v" "/var/lib/crater-agent-workspace/cargo-home:/opt/rustwide/cargo-home:ro,Z" "-v" "/var/lib/crater-agent-workspace/rustup-home:/opt/rustwide/rustup-home:ro,Z" "-e" "SOURCE_DIR=/opt/rustwide/workdir" "-e" "CARGO_TARGET_DIR=/opt/rustwide/target" "-e" "CARGO_HOME=/opt/rustwide/cargo-home" "-e" "RUSTUP_HOME=/opt/rustwide/rustup-home" "-w" "/opt/rustwide/workdir" "-m" "1610612736" "--user" "0:0" "--network" "none" "ghcr.io/rust-lang/crates-build-env/linux@sha256:34b6a614d2c27851fe6cbf88fbd1137609cefab8b10d0615aaeb6fd47975d74e" "/opt/rustwide/cargo-home/bin/cargo" "+beta-2021-08-01" "metadata" "--no-deps" "--format-version=1", kill_on_drop: false }`
[INFO] [stdout] 2531bd71cae5fe78ec06b548e0eb10fbbde8c38ac275167056ed3d5a30c0abd7
[INFO] [stderr] WARNING: Your kernel does not support swap limit capabilities or the cgroup is not mounted. Memory limited without swap.
[INFO] running `Command { std: "docker" "start" "-a" "2531bd71cae5fe78ec06b548e0eb10fbbde8c38ac275167056ed3d5a30c0abd7", kill_on_drop: false }`
[INFO] running `Command { std: "docker" "inspect" "2531bd71cae5fe78ec06b548e0eb10fbbde8c38ac275167056ed3d5a30c0abd7", kill_on_drop: false }`
[INFO] running `Command { std: "docker" "rm" "-f" "2531bd71cae5fe78ec06b548e0eb10fbbde8c38ac275167056ed3d5a30c0abd7", kill_on_drop: false }`
[INFO] [stdout] 2531bd71cae5fe78ec06b548e0eb10fbbde8c38ac275167056ed3d5a30c0abd7
[INFO] running `Command { std: "docker" "create" "-v" "/var/lib/crater-agent-workspace/builds/worker-3/target:/opt/rustwide/target:rw,Z" "-v" "/var/lib/crater-agent-workspace/builds/worker-3/source:/opt/rustwide/workdir:ro,Z" "-v" "/var/lib/crater-agent-workspace/cargo-home:/opt/rustwide/cargo-home:ro,Z" "-v" "/var/lib/crater-agent-workspace/rustup-home:/opt/rustwide/rustup-home:ro,Z" "-e" "SOURCE_DIR=/opt/rustwide/workdir" "-e" "CARGO_TARGET_DIR=/opt/rustwide/target" "-e" "CARGO_INCREMENTAL=0" "-e" "RUST_BACKTRACE=full" "-e" "RUSTDOCFLAGS=--cap-lints=warn" "-e" "CARGO_HOME=/opt/rustwide/cargo-home" "-e" "RUSTUP_HOME=/opt/rustwide/rustup-home" "-w" "/opt/rustwide/workdir" "-m" "1610612736" "--user" "0:0" "--network" "none" "ghcr.io/rust-lang/crates-build-env/linux@sha256:34b6a614d2c27851fe6cbf88fbd1137609cefab8b10d0615aaeb6fd47975d74e" "/opt/rustwide/cargo-home/bin/cargo" "+beta-2021-08-01" "doc" "--frozen" "--no-deps" "--document-private-items" "--message-format=json", kill_on_drop: false }`
[INFO] [stdout] 0328c0db8492560d2ee55b2f357b07a22651d23677b6be064f85cb861d558a2e
[INFO] [stderr] WARNING: Your kernel does not support swap limit capabilities or the cgroup is not mounted. Memory limited without swap.
[INFO] running `Command { std: "docker" "start" "-a" "0328c0db8492560d2ee55b2f357b07a22651d23677b6be064f85cb861d558a2e", kill_on_drop: false }`
[INFO] [stderr]     Blocking waiting for file lock on package cache
[INFO] [stderr]     Checking futures-task v0.3.4
[INFO] [stderr]    Compiling tinyfiledialogs v3.3.9
[INFO] [stderr]     Checking unic-langid-impl v0.7.2
[INFO] [stderr]     Checking memmap v0.7.0
[INFO] [stderr]     Checking parking_lot_core v0.7.1
[INFO] [stderr]     Checking shared_library v0.1.9
[INFO] [stderr]     Checking raw-window-handle v0.3.3
[INFO] [stderr]    Compiling atty v0.2.14
[INFO] [stderr]    Compiling libloading v0.5.2
[INFO] [stderr]    Compiling gl_generator v0.13.1
[INFO] [stderr]    Compiling which v3.1.1
[INFO] [stderr]    Compiling dirs-sys v0.3.4
[INFO] [stderr]    Compiling xcb v0.9.0
[INFO] [stderr]    Compiling gl_generator v0.14.0
[INFO] [stderr]     Checking mio v0.6.21
[INFO] [stderr]    Compiling wayland-scanner v0.23.6
[INFO] [stderr]     Checking approx v0.3.2
[INFO] [stderr]     Checking ordered-float v1.0.2
[INFO] [stderr]     Checking x11-dl v2.18.5
[INFO] [stderr]    Compiling regex v1.3.6
[INFO] [stderr]     Checking priority-queue v0.7.0
[INFO] [stderr]    Compiling clap v2.33.0
[INFO] [stderr]     Checking osmesa-sys v0.1.2
[INFO] [stderr]    Compiling clang-sys v0.28.1
[INFO] [stderr]     Checking parking_lot v0.10.2
[INFO] [stderr]     Checking locale_config v0.3.0
[INFO] [stderr]     Checking env_logger v0.7.1
[INFO] [stderr]     Checking parking_lot_core v0.6.2
[INFO] [stderr]     Checking unic-locale-impl v0.7.1
[INFO] [stderr]    Compiling dirs v2.0.2
[INFO] [stderr]     Checking wayland-commons v0.23.6
[INFO] [stderr]     Checking serde v1.0.106
[INFO] [stderr]     Checking rusttype v0.8.3
[INFO] [stderr]     Checking mio-extras v2.0.6
[INFO] [stderr]     Checking mio-uds v0.6.7
[INFO] [stderr]     Checking parking_lot v0.9.0
[INFO] [stderr]     Checking unic-locale v0.7.1
[INFO] [stderr]     Checking async-std v1.5.0
[INFO] [stderr]     Checking rusttype v0.7.9
[INFO] [stderr]     Checking calloop v0.4.4
[INFO] [stderr]     Checking andrew v0.2.1
[INFO] [stderr]    Compiling glutin_egl_sys v0.1.4 (https://github.com/dvc94ch/glutin?branch=android#3c315992)
[INFO] [stderr]    Compiling glutin_glx_sys v0.1.5 (https://github.com/dvc94ch/glutin?branch=android#3c315992)
[INFO] [stderr]    Compiling gl v0.14.0
[INFO] [stderr]    Compiling wayland-client v0.23.6
[INFO] [stderr]    Compiling wayland-protocols v0.23.6
[INFO] [stderr]     Checking serde_json v1.0.51
[INFO] [stderr]    Compiling bindgen v0.52.0
[INFO] [stderr]     Checking x11-clipboard v0.5.1
[INFO] [stderr]    Compiling flutter-engine-sys v0.4.0 (https://github.com/flutter-rs/flutter-rs#69c6706d)
[INFO] [stderr]     Checking flutter-engine v0.4.0 (https://github.com/flutter-rs/flutter-rs#69c6706d)
[INFO] [stderr]     Checking flutter-plugins v0.4.0 (https://github.com/flutter-rs/flutter-rs#69c6706d)
[INFO] [stderr]     Checking smithay-client-toolkit v0.6.6
[INFO] [stderr]     Checking winit v0.20.0-alpha5 (https://github.com/dvc94ch/winit?branch=android#1603d8b5)
[INFO] [stderr]     Checking smithay-clipboard v0.4.0
[INFO] [stderr]     Checking copypasta v0.6.3
[INFO] [stderr]     Checking glutin v0.22.0-alpha5 (https://github.com/dvc94ch/glutin?branch=android#3c315992)
[INFO] [stderr]     Checking flutter-winit v0.4.0 (https://github.com/flutter-rs/flutter-rs#69c6706d)
[INFO] [stdout] error[E0599]: no method named `add_plugin` found for struct `FlutterEngine` in the current scope
[INFO] [stdout]   --> /opt/rustwide/cargo-home/git/checkouts/flutter-rs-c358db22f6da0f29/69c6706/flutter-winit/src/window.rs:86:16
[INFO] [stdout]    |
[INFO] [stdout] 86 |         engine.add_plugin(DialogPlugin::default());
[INFO] [stdout]    |                ^^^^^^^^^^ method not found in `FlutterEngine`
[INFO] [stdout] 
[INFO] [stdout] 
[INFO] [stdout] error[E0599]: no method named `add_plugin` found for struct `FlutterEngine` in the current scope
[INFO] [stdout]   --> /opt/rustwide/cargo-home/git/checkouts/flutter-rs-c358db22f6da0f29/69c6706/flutter-winit/src/window.rs:87:16
[INFO] [stdout]    |
[INFO] [stdout] 87 |         engine.add_plugin(IsolatePlugin::new(isolate_cb));
[INFO] [stdout]    |                ^^^^^^^^^^ method not found in `FlutterEngine`
[INFO] [stdout] 
[INFO] [stdout] 
[INFO] [stdout] error[E0599]: no method named `add_plugin` found for struct `FlutterEngine` in the current scope
[INFO] [stdout]   --> /opt/rustwide/cargo-home/git/checkouts/flutter-rs-c358db22f6da0f29/69c6706/flutter-winit/src/window.rs:88:16
[INFO] [stdout]    |
[INFO] [stdout] 88 |         engine.add_plugin(KeyEventPlugin::default());
[INFO] [stdout]    |                ^^^^^^^^^^ method not found in `FlutterEngine`
[INFO] [stdout] 
[INFO] [stdout] 
[INFO] [stdout] error[E0599]: no method named `add_plugin` found for struct `FlutterEngine` in the current scope
[INFO] [stdout]   --> /opt/rustwide/cargo-home/git/checkouts/flutter-rs-c358db22f6da0f29/69c6706/flutter-winit/src/window.rs:89:16
[INFO] [stdout]    |
[INFO] [stdout] 89 |         engine.add_plugin(LifecyclePlugin::default());
[INFO] [stdout]    |                ^^^^^^^^^^ method not found in `FlutterEngine`
[INFO] [stdout] 
[INFO] [stdout] 
[INFO] [stdout] error[E0599]: no method named `add_plugin` found for struct `FlutterEngine` in the current scope
[INFO] [stdout]   --> /opt/rustwide/cargo-home/git/checkouts/flutter-rs-c358db22f6da0f29/69c6706/flutter-winit/src/window.rs:90:16
[INFO] [stdout]    |
[INFO] [stdout] 90 |         engine.add_plugin(LocalizationPlugin::default());
[INFO] [stdout]    |                ^^^^^^^^^^ method not found in `FlutterEngine`
[INFO] [stdout] 
[INFO] [stdout] 
[INFO] [stdout] error[E0599]: no method named `add_plugin` found for struct `FlutterEngine` in the current scope
[INFO] [stdout]   --> /opt/rustwide/cargo-home/git/checkouts/flutter-rs-c358db22f6da0f29/69c6706/flutter-winit/src/window.rs:91:16
[INFO] [stdout]    |
[INFO] [stdout] 91 |         engine.add_plugin(NavigationPlugin::default());
[INFO] [stdout]    |                ^^^^^^^^^^ method not found in `FlutterEngine`
[INFO] [stdout] 
[INFO] [stdout] 
[INFO] [stdout] error[E0599]: no method named `add_plugin` found for struct `FlutterEngine` in the current scope
[INFO] [stdout]   --> /opt/rustwide/cargo-home/git/checkouts/flutter-rs-c358db22f6da0f29/69c6706/flutter-winit/src/window.rs:92:16
[INFO] [stdout]    |
[INFO] [stdout] 92 |         engine.add_plugin(PlatformPlugin::new(platform_handler));
[INFO] [stdout]    |                ^^^^^^^^^^ method not found in `FlutterEngine`
[INFO] [stdout] 
[INFO] [stdout] 
[INFO] [stdout] error[E0599]: no method named `add_plugin` found for struct `FlutterEngine` in the current scope
[INFO] [stdout]   --> /opt/rustwide/cargo-home/git/checkouts/flutter-rs-c358db22f6da0f29/69c6706/flutter-winit/src/window.rs:93:16
[INFO] [stdout]    |
[INFO] [stdout] 93 |         engine.add_plugin(SettingsPlugin::default());
[INFO] [stdout]    |                ^^^^^^^^^^ method not found in `FlutterEngine`
[INFO] [stdout] 
[INFO] [stdout] 
[INFO] [stdout] error[E0599]: no method named `add_plugin` found for struct `FlutterEngine` in the current scope
[INFO] [stdout]   --> /opt/rustwide/cargo-home/git/checkouts/flutter-rs-c358db22f6da0f29/69c6706/flutter-winit/src/window.rs:94:16
[INFO] [stdout]    |
[INFO] [stdout] 94 |         engine.add_plugin(SystemPlugin::default());
[INFO] [stdout]    |                ^^^^^^^^^^ method not found in `FlutterEngine`
[INFO] [stdout] 
[INFO] [stdout] 
[INFO] [stdout] error[E0599]: no method named `add_plugin` found for struct `FlutterEngine` in the current scope
[INFO] [stdout]   --> /opt/rustwide/cargo-home/git/checkouts/flutter-rs-c358db22f6da0f29/69c6706/flutter-winit/src/window.rs:95:16
[INFO] [stdout]    |
[INFO] [stdout] 95 |         engine.add_plugin(TextInputPlugin::new(textinput_handler));
[INFO] [stdout]    |                ^^^^^^^^^^ method not found in `FlutterEngine`
[INFO] [stdout] 
[INFO] [stdout] 
[INFO] [stdout] error[E0599]: no method named `add_plugin` found for struct `FlutterEngine` in the current scope
[INFO] [stdout]   --> /opt/rustwide/cargo-home/git/checkouts/flutter-rs-c358db22f6da0f29/69c6706/flutter-winit/src/window.rs:96:16
[INFO] [stdout]    |
[INFO] [stdout] 96 |         engine.add_plugin(WindowPlugin::new(window_handler));
[INFO] [stdout]    |                ^^^^^^^^^^ method not found in `FlutterEngine`
[INFO] [stdout] 
[INFO] [stdout] 
[INFO] [stdout] error[E0599]: no method named `add_plugin` found for struct `FlutterEngine` in the current scope
[INFO] [stdout]    --> /opt/rustwide/cargo-home/git/checkouts/flutter-rs-c358db22f6da0f29/69c6706/flutter-winit/src/window.rs:145:21
[INFO] [stdout]     |
[INFO] [stdout] 145 |         self.engine.add_plugin(plugin);
[INFO] [stdout]     |                     ^^^^^^^^^^ method not found in `FlutterEngine`
[INFO] [stdout] 
[INFO] [stdout] 
[INFO] [stdout] error[E0599]: no method named `with_plugin` found for struct `FlutterEngine` in the current scope
[INFO] [stdout]    --> /opt/rustwide/cargo-home/git/checkouts/flutter-rs-c358db22f6da0f29/69c6706/flutter-winit/src/window.rs:154:21
[INFO] [stdout]     |
[INFO] [stdout] 154 |         self.engine.with_plugin(f)
[INFO] [stdout]     |                     ^^^^^^^^^^^ method not found in `FlutterEngine`
[INFO] [stdout] 
[INFO] [stdout] 
[INFO] [stdout] error[E0599]: no method named `with_plugin_mut` found for struct `FlutterEngine` in the current scope
[INFO] [stdout]    --> /opt/rustwide/cargo-home/git/checkouts/flutter-rs-c358db22f6da0f29/69c6706/flutter-winit/src/window.rs:162:21
[INFO] [stdout]     |
[INFO] [stdout] 162 |         self.engine.with_plugin_mut(f)
[INFO] [stdout]     |                     ^^^^^^^^^^^^^^^ method not found in `FlutterEngine`
[INFO] [stdout] 
[INFO] [stdout] 
[INFO] [stdout] error[E0599]: no method named `with_plugin` found for struct `FlutterEngine` in the current scope
[INFO] [stdout]    --> /opt/rustwide/cargo-home/git/checkouts/flutter-rs-c358db22f6da0f29/69c6706/flutter-winit/src/window.rs:187:16
[INFO] [stdout]     |
[INFO] [stdout] 187 |         engine.with_plugin(|localization: &LocalizationPlugin| {
[INFO] [stdout]     |                ^^^^^^^^^^^ method not found in `FlutterEngine`
[INFO] [stdout] 
[INFO] [stdout] 
[INFO] [stdout] error[E0599]: no method named `with_plugin_mut` found for struct `FlutterEngine` in the current scope
[INFO] [stdout]    --> /opt/rustwide/cargo-home/git/checkouts/flutter-rs-c358db22f6da0f29/69c6706/flutter-winit/src/window.rs:243:40
[INFO] [stdout]     |
[INFO] [stdout] 243 | ...                   engine.with_plugin_mut(|text_input: &mut TextInputPlugin| {
[INFO] [stdout]     |                              ^^^^^^^^^^^^^^^ method not found in `FlutterEngine`
[INFO] [stdout] 
[INFO] [stdout] 
[INFO] [stdout] error[E0599]: no method named `with_plugin_mut` found for struct `FlutterEngine` in the current scope
[INFO] [stdout]    --> /opt/rustwide/cargo-home/git/checkouts/flutter-rs-c358db22f6da0f29/69c6706/flutter-winit/src/window.rs:276:48
[INFO] [stdout]     |
[INFO] [stdout] 276 | ...                   engine.with_plugin_mut(
[INFO] [stdout]     |                              ^^^^^^^^^^^^^^^ method not found in `FlutterEngine`
[INFO] [stdout] 
[INFO] [stdout] 
[INFO] [stdout] error[E0599]: no method named `with_plugin_mut` found for struct `FlutterEngine` in the current scope
[INFO] [stdout]    --> /opt/rustwide/cargo-home/git/checkouts/flutter-rs-c358db22f6da0f29/69c6706/flutter-winit/src/window.rs:295:44
[INFO] [stdout]     |
[INFO] [stdout] 295 | ...                   engine.with_plugin_mut(|keyevent: &mut KeyEventPlugin| {
[INFO] [stdout]     |                              ^^^^^^^^^^^^^^^ method not found in `FlutterEngine`
[INFO] [stdout] 
[INFO] [stdout] 
[INFO] [stdout] error[E0599]: no method named `with_plugin_mut` found for struct `FlutterEngine` in the current scope
[INFO] [stdout]    --> /opt/rustwide/cargo-home/git/checkouts/flutter-rs-c358db22f6da0f29/69c6706/flutter-winit/src/window.rs:307:44
[INFO] [stdout]     |
[INFO] [stdout] 307 | ...                   engine.with_plugin_mut(|keyevent: &mut KeyEventPlugin| {
[INFO] [stdout]     |                              ^^^^^^^^^^^^^^^ method not found in `FlutterEngine`
[INFO] [stdout] 
[INFO] [stdout] 
[INFO] [stdout] error: aborting due to 19 previous errors
[INFO] [stdout] 
[INFO] [stdout] 
[INFO] [stdout] For more information about this error, try `rustc --explain E0599`.
[INFO] [stdout] 
[INFO] [stderr] error: could not compile `flutter-winit` due to 20 previous errors
[INFO] running `Command { std: "docker" "inspect" "0328c0db8492560d2ee55b2f357b07a22651d23677b6be064f85cb861d558a2e", kill_on_drop: false }`
[INFO] running `Command { std: "docker" "rm" "-f" "0328c0db8492560d2ee55b2f357b07a22651d23677b6be064f85cb861d558a2e", kill_on_drop: false }`
[INFO] [stdout] 0328c0db8492560d2ee55b2f357b07a22651d23677b6be064f85cb861d558a2e
