[INFO] cloning repository https://github.com/wozniak/srconsole
[INFO] running `Command { std: "git" "-c" "credential.helper=" "-c" "credential.helper=/workspace/cargo-home/bin/git-credential-null" "clone" "--bare" "https://github.com/wozniak/srconsole" "/workspace/cache/git-repos/https%3A%2F%2Fgithub.com%2Fwozniak%2Fsrconsole", kill_on_drop: false }`
[INFO] [stderr] Cloning into bare repository '/workspace/cache/git-repos/https%3A%2F%2Fgithub.com%2Fwozniak%2Fsrconsole'...
[INFO] running `Command { std: "git" "rev-parse" "HEAD", kill_on_drop: false }`
[INFO] [stdout] 476d1145b345b4fa6b7a84f564bbeaf4f7bf69dd
[INFO] documenting wozniak/srconsole against beta-2021-08-01 for beta-1.55-rustdoc-1
[INFO] running `Command { std: "git" "clone" "/workspace/cache/git-repos/https%3A%2F%2Fgithub.com%2Fwozniak%2Fsrconsole" "/workspace/builds/worker-0/source", kill_on_drop: false }`
[INFO] [stderr] Cloning into '/workspace/builds/worker-0/source'...
[INFO] [stderr] done.
[INFO] validating manifest of git repo https://github.com/wozniak/srconsole on toolchain beta-2021-08-01
[INFO] running `Command { std: "/workspace/cargo-home/bin/cargo" "+beta-2021-08-01" "metadata" "--manifest-path" "Cargo.toml" "--no-deps", kill_on_drop: false }`
[INFO] started tweaking git repo https://github.com/wozniak/srconsole
[INFO] finished tweaking git repo https://github.com/wozniak/srconsole
[INFO] tweaked toml for git repo https://github.com/wozniak/srconsole written to /workspace/builds/worker-0/source/Cargo.toml
[INFO] crate git repo https://github.com/wozniak/srconsole already has a lockfile, it will not be regenerated
[INFO] running `Command { std: "/workspace/cargo-home/bin/cargo" "+beta-2021-08-01" "fetch" "--manifest-path" "Cargo.toml", kill_on_drop: false }`
[INFO] running `Command { std: "docker" "create" "-v" "/var/lib/crater-agent-workspace/builds/worker-0/target:/opt/rustwide/target:rw,Z" "-v" "/var/lib/crater-agent-workspace/builds/worker-0/source:/opt/rustwide/workdir:ro,Z" "-v" "/var/lib/crater-agent-workspace/cargo-home:/opt/rustwide/cargo-home:ro,Z" "-v" "/var/lib/crater-agent-workspace/rustup-home:/opt/rustwide/rustup-home:ro,Z" "-e" "SOURCE_DIR=/opt/rustwide/workdir" "-e" "CARGO_TARGET_DIR=/opt/rustwide/target" "-e" "CARGO_HOME=/opt/rustwide/cargo-home" "-e" "RUSTUP_HOME=/opt/rustwide/rustup-home" "-w" "/opt/rustwide/workdir" "-m" "1610612736" "--user" "0:0" "--network" "none" "ghcr.io/rust-lang/crates-build-env/linux@sha256:34b6a614d2c27851fe6cbf88fbd1137609cefab8b10d0615aaeb6fd47975d74e" "/opt/rustwide/cargo-home/bin/cargo" "+beta-2021-08-01" "metadata" "--no-deps" "--format-version=1", kill_on_drop: false }`
[INFO] [stdout] 224c3655b52314ac794a854b109bd6ffca2287632ae65a8e56282a2111f5abce
[INFO] [stderr] WARNING: Your kernel does not support swap limit capabilities or the cgroup is not mounted. Memory limited without swap.
[INFO] running `Command { std: "docker" "start" "-a" "224c3655b52314ac794a854b109bd6ffca2287632ae65a8e56282a2111f5abce", kill_on_drop: false }`
[INFO] running `Command { std: "docker" "inspect" "224c3655b52314ac794a854b109bd6ffca2287632ae65a8e56282a2111f5abce", kill_on_drop: false }`
[INFO] running `Command { std: "docker" "rm" "-f" "224c3655b52314ac794a854b109bd6ffca2287632ae65a8e56282a2111f5abce", kill_on_drop: false }`
[INFO] [stdout] 224c3655b52314ac794a854b109bd6ffca2287632ae65a8e56282a2111f5abce
[INFO] running `Command { std: "docker" "create" "-v" "/var/lib/crater-agent-workspace/builds/worker-0/target:/opt/rustwide/target:rw,Z" "-v" "/var/lib/crater-agent-workspace/builds/worker-0/source:/opt/rustwide/workdir:ro,Z" "-v" "/var/lib/crater-agent-workspace/cargo-home:/opt/rustwide/cargo-home:ro,Z" "-v" "/var/lib/crater-agent-workspace/rustup-home:/opt/rustwide/rustup-home:ro,Z" "-e" "SOURCE_DIR=/opt/rustwide/workdir" "-e" "CARGO_TARGET_DIR=/opt/rustwide/target" "-e" "CARGO_INCREMENTAL=0" "-e" "RUST_BACKTRACE=full" "-e" "RUSTDOCFLAGS=--cap-lints=warn" "-e" "CARGO_HOME=/opt/rustwide/cargo-home" "-e" "RUSTUP_HOME=/opt/rustwide/rustup-home" "-w" "/opt/rustwide/workdir" "-m" "1610612736" "--user" "0:0" "--network" "none" "ghcr.io/rust-lang/crates-build-env/linux@sha256:34b6a614d2c27851fe6cbf88fbd1137609cefab8b10d0615aaeb6fd47975d74e" "/opt/rustwide/cargo-home/bin/cargo" "+beta-2021-08-01" "doc" "--frozen" "--no-deps" "--document-private-items" "--message-format=json", kill_on_drop: false }`
[INFO] [stderr] WARNING: Your kernel does not support swap limit capabilities or the cgroup is not mounted. Memory limited without swap.
[INFO] [stdout] bc630f99164b352c44099ea9d68cc776d005c8157577d16879621797a61c8796
[INFO] running `Command { std: "docker" "start" "-a" "bc630f99164b352c44099ea9d68cc776d005c8157577d16879621797a61c8796", kill_on_drop: false }`
[INFO] [stderr]    Compiling winapi v0.3.9
[INFO] [stderr]  Documenting srcconsole v0.1.0 (/opt/rustwide/workdir)
[INFO] [stdout] error[E0433]: failed to resolve: could not find `shared` in `winapi`
[INFO] [stdout]  --> src/remote_ops.rs:5:13
[INFO] [stdout]   |
[INFO] [stdout] 5 | use winapi::shared::minwindef::*;
[INFO] [stdout]   |             ^^^^^^ could not find `shared` in `winapi`
[INFO] [stdout] 
[INFO] [stdout] 
[INFO] [stdout] error[E0433]: failed to resolve: could not find `um` in `winapi`
[INFO] [stdout]  --> src/remote_ops.rs:6:13
[INFO] [stdout]   |
[INFO] [stdout] 6 | use winapi::um::errhandlingapi::GetLastError;
[INFO] [stdout]   |             ^^ could not find `um` in `winapi`
[INFO] [stdout] 
[INFO] [stdout] 
[INFO] [stdout] error[E0433]: failed to resolve: could not find `um` in `winapi`
[INFO] [stdout]  --> src/remote_ops.rs:7:13
[INFO] [stdout]   |
[INFO] [stdout] 7 | use winapi::um::memoryapi::ReadProcessMemory;
[INFO] [stdout]   |             ^^ could not find `um` in `winapi`
[INFO] [stdout] 
[INFO] [stdout] 
[INFO] [stdout] error[E0433]: failed to resolve: could not find `um` in `winapi`
[INFO] [stdout]  --> src/remote_ops.rs:8:13
[INFO] [stdout]   |
[INFO] [stdout] 8 | use winapi::um::psapi::*;
[INFO] [stdout]   |             ^^ could not find `um` in `winapi`
[INFO] [stdout] 
[INFO] [stdout] 
[INFO] [stdout] error[E0433]: failed to resolve: could not find `um` in `winapi`
[INFO] [stdout]  --> src/remote_ops.rs:9:13
[INFO] [stdout]   |
[INFO] [stdout] 9 | use winapi::um::winnt::*;
[INFO] [stdout]   |             ^^ could not find `um` in `winapi`
[INFO] [stdout] 
[INFO] [stdout] 
[INFO] [stdout] error[E0433]: failed to resolve: could not find `um` in `winapi`
[INFO] [stdout]  --> src/lib.rs:6:13
[INFO] [stdout]   |
[INFO] [stdout] 6 | use winapi::um::tlhelp32::*;
[INFO] [stdout]   |             ^^ could not find `um` in `winapi`
[INFO] [stdout] 
[INFO] [stdout] 
[INFO] [stdout] error[E0433]: failed to resolve: could not find `shared` in `winapi`
[INFO] [stdout]  --> src/lib.rs:8:13
[INFO] [stdout]   |
[INFO] [stdout] 8 | use winapi::shared::minwindef::*;
[INFO] [stdout]   |             ^^^^^^ could not find `shared` in `winapi`
[INFO] [stdout] 
[INFO] [stdout] 
[INFO] [stdout] error[E0433]: failed to resolve: could not find `um` in `winapi`
[INFO] [stdout]  --> src/lib.rs:9:13
[INFO] [stdout]   |
[INFO] [stdout] 9 | use winapi::um::minwinbase::*;
[INFO] [stdout]   |             ^^ could not find `um` in `winapi`
[INFO] [stdout] 
[INFO] [stdout] 
[INFO] [stdout] error[E0433]: failed to resolve: could not find `um` in `winapi`
[INFO] [stdout]   --> src/lib.rs:11:13
[INFO] [stdout]    |
[INFO] [stdout] 11 | use winapi::um::winbase::*;
[INFO] [stdout]    |             ^^ could not find `um` in `winapi`
[INFO] [stdout] 
[INFO] [stdout] 
[INFO] [stdout] error[E0433]: failed to resolve: could not find `um` in `winapi`
[INFO] [stdout]   --> src/lib.rs:14:13
[INFO] [stdout]    |
[INFO] [stdout] 14 | use winapi::um::processthreadsapi::*;
[INFO] [stdout]    |             ^^ could not find `um` in `winapi`
[INFO] [stdout] 
[INFO] [stdout] 
[INFO] [stdout] error[E0433]: failed to resolve: could not find `um` in `winapi`
[INFO] [stdout]   --> src/lib.rs:15:13
[INFO] [stdout]    |
[INFO] [stdout] 15 | use winapi::um::winnt::*;
[INFO] [stdout]    |             ^^ could not find `um` in `winapi`
[INFO] [stdout] 
[INFO] [stdout] 
[INFO] [stdout] error[E0432]: unresolved import `winapi::ctypes`
[INFO] [stdout]  --> src/remote_ops.rs:4:13
[INFO] [stdout]   |
[INFO] [stdout] 4 | use winapi::ctypes::*;
[INFO] [stdout]   |             ^^^^^^ could not find `ctypes` in `winapi`
[INFO] [stdout] 
[INFO] [stdout] 
[INFO] [stdout] error[E0433]: failed to resolve: could not find `um` in `winapi`
[INFO] [stdout]   --> src/lib.rs:18:13
[INFO] [stdout]    |
[INFO] [stdout] 18 | use winapi::um::memoryapi::*;
[INFO] [stdout]    |             ^^ could not find `um` in `winapi`
[INFO] [stdout] 
[INFO] [stdout] 
[INFO] [stdout] error[E0433]: failed to resolve: could not find `um` in `winapi`
[INFO] [stdout]   --> src/lib.rs:20:13
[INFO] [stdout]    |
[INFO] [stdout] 20 | use winapi::um::synchapi::*;
[INFO] [stdout]    |             ^^ could not find `um` in `winapi`
[INFO] [stdout] 
[INFO] [stdout] 
[INFO] [stdout] error[E0433]: failed to resolve: could not find `um` in `winapi`
[INFO] [stdout]   --> src/lib.rs:22:13
[INFO] [stdout]    |
[INFO] [stdout] 22 | use winapi::um::handleapi::*;
[INFO] [stdout]    |             ^^ could not find `um` in `winapi`
[INFO] [stdout] 
[INFO] [stdout] 
[INFO] [stdout] error[E0433]: failed to resolve: could not find `um` in `winapi`
[INFO] [stdout]   --> src/lib.rs:23:13
[INFO] [stdout]    |
[INFO] [stdout] 23 | use winapi::um::psapi::{GetModuleInformation, MODULEINFO};
[INFO] [stdout]    |             ^^ could not find `um` in `winapi`
[INFO] [stdout] 
[INFO] [stdout] 
[INFO] [stdout] error[E0433]: failed to resolve: could not find `um` in `winapi`
[INFO] [stdout]   --> src/lib.rs:25:13
[INFO] [stdout]    |
[INFO] [stdout] 25 | use winapi::um::errhandlingapi::GetLastError;
[INFO] [stdout]    |             ^^ could not find `um` in `winapi`
[INFO] [stdout] 
[INFO] [stdout] 
[INFO] [stdout] error[E0432]: unresolved import `winapi::ctypes`
[INFO] [stdout]   --> src/lib.rs:17:13
[INFO] [stdout]    |
[INFO] [stdout] 17 | use winapi::ctypes::*;
[INFO] [stdout]    |             ^^^^^^ could not find `ctypes` in `winapi`
[INFO] [stdout] 
[INFO] [stdout] 
[INFO] [stdout] error[E0412]: cannot find type `HANDLE` in this scope
[INFO] [stdout]   --> src/remote_ops.rs:24:13
[INFO] [stdout]    |
[INFO] [stdout] 24 |     handle: HANDLE,
[INFO] [stdout]    |             ^^^^^^ not found in this scope
[INFO] [stdout] 
[INFO] [stdout] 
[INFO] [stdout] error[E0412]: cannot find type `HMODULE` in this scope
[INFO] [stdout]   --> src/remote_ops.rs:26:13
[INFO] [stdout]    |
[INFO] [stdout] 23 | pub(crate) unsafe fn get_remote_module_handle(
[INFO] [stdout]    |                                              - help: you might be missing a type parameter: `<HMODULE>`
[INFO] [stdout] ...
[INFO] [stdout] 26 | ) -> Option<HMODULE> {
[INFO] [stdout]    |             ^^^^^^^ not found in this scope
[INFO] [stdout] 
[INFO] [stdout] 
[INFO] [stdout] error[E0412]: cannot find type `HANDLE` in this scope
[INFO] [stdout]   --> src/remote_ops.rs:82:16
[INFO] [stdout]    |
[INFO] [stdout] 82 |     h_process: HANDLE,
[INFO] [stdout]    |                ^^^^^^ not found in this scope
[INFO] [stdout] 
[INFO] [stdout] 
[INFO] [stdout] error[E0412]: cannot find type `HMODULE` in this scope
[INFO] [stdout]   --> src/remote_ops.rs:83:15
[INFO] [stdout]    |
[INFO] [stdout] 83 |     h_module: HMODULE,
[INFO] [stdout]    |               ^^^^^^^ not found in this scope
[INFO] [stdout] 
[INFO] [stdout] 
[INFO] [stdout] error[E0412]: cannot find type `FARPROC` in this scope
[INFO] [stdout]   --> src/remote_ops.rs:87:13
[INFO] [stdout]    |
[INFO] [stdout] 81 | pub(crate) unsafe fn get_remote_proc_address(
[INFO] [stdout]    |                                             - help: you might be missing a type parameter: `<FARPROC>`
[INFO] [stdout] ...
[INFO] [stdout] 87 | ) -> Option<FARPROC> {
[INFO] [stdout]    |             ^^^^^^^ not found in this scope
[INFO] [stdout] 
[INFO] [stdout] 
[INFO] [stdout] error[E0412]: cannot find type `HANDLE` in this scope
[INFO] [stdout]    --> src/remote_ops.rs:345:16
[INFO] [stdout]     |
[INFO] [stdout] 345 |     h_process: HANDLE,
[INFO] [stdout]     |                ^^^^^^ not found in this scope
[INFO] [stdout] 
[INFO] [stdout] 
[INFO] [stdout] error[E0412]: cannot find type `HANDLE` in this scope
[INFO] [stdout]    --> src/remote_ops.rs:361:49
[INFO] [stdout]     |
[INFO] [stdout] 361 | unsafe fn read_process_memory_string(h_process: HANDLE, lp_base: usize) -> Option<String> {
[INFO] [stdout]     |                                                 ^^^^^^ not found in this scope
[INFO] [stdout] 
[INFO] [stdout] 
[INFO] [stdout] error[E0412]: cannot find type `HANDLE` in this scope
[INFO] [stdout]   --> src/lib.rs:41:19
[INFO] [stdout]    |
[INFO] [stdout] 41 |     game_process: HANDLE,
[INFO] [stdout]    |                   ^^^^^^ not found in this scope
[INFO] [stdout] 
[INFO] [stdout] 
[INFO] [stdout] error[E0412]: cannot find type `FARPROC` in this scope
[INFO] [stdout]   --> src/lib.rs:42:23
[INFO] [stdout]    |
[INFO] [stdout] 42 |     msg_func_pointer: FARPROC,
[INFO] [stdout]    |                       ^^^^^^^ not found in this scope
[INFO] [stdout] 
[INFO] [stdout] 
[INFO] [stdout] error[E0412]: cannot find type `FARPROC` in this scope
[INFO] [stdout]   --> src/lib.rs:43:27
[INFO] [stdout]    |
[INFO] [stdout] 43 |     warning_func_pointer: FARPROC,
[INFO] [stdout]    |                           ^^^^^^^ not found in this scope
[INFO] [stdout] 
[INFO] [stdout] 
[INFO] [stdout] error[E0412]: cannot find type `FARPROC` in this scope
[INFO] [stdout]   --> src/lib.rs:44:25
[INFO] [stdout]    |
[INFO] [stdout] 44 |     error_func_pointer: FARPROC,
[INFO] [stdout]    |                         ^^^^^^^ not found in this scope
[INFO] [stdout] 
[INFO] [stdout] 
[INFO] [stdout] error[E0412]: cannot find type `FARPROC` in this scope
[INFO] [stdout]   --> src/lib.rs:45:23
[INFO] [stdout]    |
[INFO] [stdout] 45 |     log_func_pointer: FARPROC,
[INFO] [stdout]    |                       ^^^^^^^ not found in this scope
[INFO] [stdout] 
[INFO] [stdout] 
[INFO] [stdout] error[E0412]: cannot find type `FARPROC` in this scope
[INFO] [stdout]   --> src/lib.rs:46:39
[INFO] [stdout]    |
[INFO] [stdout] 40 | pub struct SourceConsole {
[INFO] [stdout]    |                         - help: you might be missing a type parameter: `<FARPROC>`
[INFO] [stdout] ...
[INFO] [stdout] 46 |     cbuf_addtext_func_pointer: Option<FARPROC>,
[INFO] [stdout]    |                                       ^^^^^^^ not found in this scope
[INFO] [stdout] 
[INFO] [stdout] 
[INFO] [stdout] error[E0412]: cannot find type `FARPROC` in this scope
[INFO] [stdout]    --> src/lib.rs:117:80
[INFO] [stdout]     |
[INFO] [stdout] 117 |     unsafe fn call_fn_with_string_param<S: AsRef<str>>(&self, string: S, func: FARPROC) {
[INFO] [stdout]     |                                                                                ^^^^^^^ not found in this scope
[INFO] [stdout] 
[INFO] [stdout] 
[INFO] [stdout] error[E0412]: cannot find type `HANDLE` in this scope
[INFO] [stdout]    --> src/lib.rs:162:40
[INFO] [stdout]     |
[INFO] [stdout] 162 | unsafe fn find_cbuf_addtext(h_process: HANDLE, h_module: HMODULE) -> Option<FARPROC> {
[INFO] [stdout]     |                                        ^^^^^^ not found in this scope
[INFO] [stdout] 
[INFO] [stdout] 
[INFO] [stdout] error[E0412]: cannot find type `HMODULE` in this scope
[INFO] [stdout]    --> src/lib.rs:162:58
[INFO] [stdout]     |
[INFO] [stdout] 162 | unsafe fn find_cbuf_addtext(h_process: HANDLE, h_module: HMODULE) -> Option<FARPROC> {
[INFO] [stdout]     |                                                          ^^^^^^^ not found in this scope
[INFO] [stdout] 
[INFO] [stdout] 
[INFO] [stdout] error[E0412]: cannot find type `FARPROC` in this scope
[INFO] [stdout]    --> src/lib.rs:162:77
[INFO] [stdout]     |
[INFO] [stdout] 162 | unsafe fn find_cbuf_addtext(h_process: HANDLE, h_module: HMODULE) -> Option<FARPROC> {
[INFO] [stdout]     |                            -                                                ^^^^^^^ not found in this scope
[INFO] [stdout]     |                            |
[INFO] [stdout]     |                            help: you might be missing a type parameter: `<FARPROC>`
[INFO] [stdout] 
[INFO] [stdout] 
[INFO] [stdout] error: Compilation failed, aborting rustdoc
[INFO] [stdout] 
[INFO] [stdout] 
[INFO] [stdout] error: aborting due to 36 previous errors
[INFO] [stdout] 
[INFO] [stdout] 
[INFO] [stdout] Some errors have detailed explanations: E0412, E0432, E0433.
[INFO] [stdout] 
[INFO] [stdout] For more information about an error, try `rustc --explain E0412`.
[INFO] [stdout] 
[INFO] [stderr] error: could not document `srcconsole`
[INFO] [stderr] 
[INFO] [stderr] Caused by:
[INFO] [stderr]   process didn't exit successfully: `rustdoc --edition=2018 --crate-type lib --crate-name srcconsole src/lib.rs -o /opt/rustwide/target/doc --error-format=json --json=diagnostic-rendered-ansi --document-private-items -L dependency=/opt/rustwide/target/debug/deps --extern winapi=/opt/rustwide/target/debug/deps/libwinapi-049920b93f4a395e.rmeta --cap-lints=warn --crate-version 0.1.0` (exit status: 1)
[INFO] running `Command { std: "docker" "inspect" "bc630f99164b352c44099ea9d68cc776d005c8157577d16879621797a61c8796", kill_on_drop: false }`
[INFO] running `Command { std: "docker" "rm" "-f" "bc630f99164b352c44099ea9d68cc776d005c8157577d16879621797a61c8796", kill_on_drop: false }`
[INFO] [stdout] bc630f99164b352c44099ea9d68cc776d005c8157577d16879621797a61c8796
