[INFO] cloning repository https://github.com/woa-staging/poa-ballot-stats
[INFO] running `Command { std: "git" "-c" "credential.helper=" "-c" "credential.helper=/workspace/cargo-home/bin/git-credential-null" "clone" "--bare" "https://github.com/woa-staging/poa-ballot-stats" "/workspace/cache/git-repos/https%3A%2F%2Fgithub.com%2Fwoa-staging%2Fpoa-ballot-stats", kill_on_drop: false }`
[INFO] [stderr] Cloning into bare repository '/workspace/cache/git-repos/https%3A%2F%2Fgithub.com%2Fwoa-staging%2Fpoa-ballot-stats'...
[INFO] running `Command { std: "git" "rev-parse" "HEAD", kill_on_drop: false }`
[INFO] [stdout] f56fc28317b798548a9c39d279214cb5032d628c
[INFO] documenting woa-staging/poa-ballot-stats against beta-2021-08-01 for beta-1.55-rustdoc-1
[INFO] running `Command { std: "git" "clone" "/workspace/cache/git-repos/https%3A%2F%2Fgithub.com%2Fwoa-staging%2Fpoa-ballot-stats" "/workspace/builds/worker-5/source", kill_on_drop: false }`
[INFO] [stderr] Cloning into '/workspace/builds/worker-5/source'...
[INFO] [stderr] done.
[INFO] validating manifest of git repo https://github.com/woa-staging/poa-ballot-stats on toolchain beta-2021-08-01
[INFO] running `Command { std: "/workspace/cargo-home/bin/cargo" "+beta-2021-08-01" "metadata" "--manifest-path" "Cargo.toml" "--no-deps", kill_on_drop: false }`
[INFO] started tweaking git repo https://github.com/woa-staging/poa-ballot-stats
[INFO] finished tweaking git repo https://github.com/woa-staging/poa-ballot-stats
[INFO] tweaked toml for git repo https://github.com/woa-staging/poa-ballot-stats written to /workspace/builds/worker-5/source/Cargo.toml
[INFO] crate git repo https://github.com/woa-staging/poa-ballot-stats already has a lockfile, it will not be regenerated
[INFO] running `Command { std: "/workspace/cargo-home/bin/cargo" "+beta-2021-08-01" "fetch" "--manifest-path" "Cargo.toml", kill_on_drop: false }`
[INFO] [stderr]     Blocking waiting for file lock on package cache
[INFO] [stderr]  Downloading crates ...
[INFO] [stderr]   Downloaded mime v0.3.7
[INFO] [stderr]   Downloaded syn v0.13.7
[INFO] [stderr]   Downloaded openssl-sys v0.9.30
[INFO] [stderr]   Downloaded hyper v0.11.26
[INFO] [stderr]   Downloaded unicode-normalization v0.1.6
[INFO] [stderr]   Downloaded serde_derive v1.0.47
[INFO] [stderr]   Downloaded serde v1.0.47
[INFO] running `Command { std: "docker" "create" "-v" "/var/lib/crater-agent-workspace/builds/worker-5/target:/opt/rustwide/target:rw,Z" "-v" "/var/lib/crater-agent-workspace/builds/worker-5/source:/opt/rustwide/workdir:ro,Z" "-v" "/var/lib/crater-agent-workspace/cargo-home:/opt/rustwide/cargo-home:ro,Z" "-v" "/var/lib/crater-agent-workspace/rustup-home:/opt/rustwide/rustup-home:ro,Z" "-e" "SOURCE_DIR=/opt/rustwide/workdir" "-e" "CARGO_TARGET_DIR=/opt/rustwide/target" "-e" "CARGO_HOME=/opt/rustwide/cargo-home" "-e" "RUSTUP_HOME=/opt/rustwide/rustup-home" "-w" "/opt/rustwide/workdir" "-m" "1610612736" "--user" "0:0" "--network" "none" "ghcr.io/rust-lang/crates-build-env/linux@sha256:34b6a614d2c27851fe6cbf88fbd1137609cefab8b10d0615aaeb6fd47975d74e" "/opt/rustwide/cargo-home/bin/cargo" "+beta-2021-08-01" "metadata" "--no-deps" "--format-version=1", kill_on_drop: false }`
[INFO] [stdout] 666ba081552ed471448eac92c3921a362a85d45ca027932fdf0b3f94ba2046e9
[INFO] [stderr] WARNING: Your kernel does not support swap limit capabilities or the cgroup is not mounted. Memory limited without swap.
[INFO] running `Command { std: "docker" "start" "-a" "666ba081552ed471448eac92c3921a362a85d45ca027932fdf0b3f94ba2046e9", kill_on_drop: false }`
[INFO] running `Command { std: "docker" "inspect" "666ba081552ed471448eac92c3921a362a85d45ca027932fdf0b3f94ba2046e9", kill_on_drop: false }`
[INFO] running `Command { std: "docker" "rm" "-f" "666ba081552ed471448eac92c3921a362a85d45ca027932fdf0b3f94ba2046e9", kill_on_drop: false }`
[INFO] [stdout] 666ba081552ed471448eac92c3921a362a85d45ca027932fdf0b3f94ba2046e9
[INFO] running `Command { std: "docker" "create" "-v" "/var/lib/crater-agent-workspace/builds/worker-5/target:/opt/rustwide/target:rw,Z" "-v" "/var/lib/crater-agent-workspace/builds/worker-5/source:/opt/rustwide/workdir:ro,Z" "-v" "/var/lib/crater-agent-workspace/cargo-home:/opt/rustwide/cargo-home:ro,Z" "-v" "/var/lib/crater-agent-workspace/rustup-home:/opt/rustwide/rustup-home:ro,Z" "-e" "SOURCE_DIR=/opt/rustwide/workdir" "-e" "CARGO_TARGET_DIR=/opt/rustwide/target" "-e" "CARGO_INCREMENTAL=0" "-e" "RUST_BACKTRACE=full" "-e" "RUSTDOCFLAGS=--cap-lints=warn" "-e" "CARGO_HOME=/opt/rustwide/cargo-home" "-e" "RUSTUP_HOME=/opt/rustwide/rustup-home" "-w" "/opt/rustwide/workdir" "-m" "1610612736" "--user" "0:0" "--network" "none" "ghcr.io/rust-lang/crates-build-env/linux@sha256:34b6a614d2c27851fe6cbf88fbd1137609cefab8b10d0615aaeb6fd47975d74e" "/opt/rustwide/cargo-home/bin/cargo" "+beta-2021-08-01" "doc" "--frozen" "--no-deps" "--document-private-items" "--message-format=json", kill_on_drop: false }`
[INFO] [stdout] 5eee18abcafac7263b2464e4110d0d00622c451ba72a03c8f0b9bace7433655f
[INFO] [stderr] WARNING: Your kernel does not support swap limit capabilities or the cgroup is not mounted. Memory limited without swap.
[INFO] running `Command { std: "docker" "start" "-a" "5eee18abcafac7263b2464e4110d0d00622c451ba72a03c8f0b9bace7433655f", kill_on_drop: false }`
[INFO] [stderr]    Compiling cc v1.0.15
[INFO] [stderr]     Checking serde v1.0.47
[INFO] [stderr]     Checking rustc-hex v1.0.0
[INFO] [stderr]    Compiling rustc-demangle v0.1.8
[INFO] [stderr]     Checking ethabi-contract v5.1.0
[INFO] [stderr]    Compiling crunchy v0.1.6
[INFO] [stderr]     Checking tokio-service v0.1.0
[INFO] [stderr]     Checking relay v0.1.1
[INFO] [stderr]     Checking base64 v0.5.2
[INFO] [stderr]     Checking tokio-timer v0.1.2
[INFO] [stderr]    Compiling heck v0.3.0
[INFO] [stderr]     Checking bytes v0.4.7
[INFO] [stderr]     Checking mio v0.6.14
[INFO] [stderr]     Checking futures-cpupool v0.1.8
[INFO] [stderr]     Checking parking_lot_core v0.2.14
[INFO] [stderr]     Checking crossbeam-epoch v0.4.1
[INFO] [stderr]     Checking clap v2.31.2
[INFO] [stderr]    Compiling uint v0.2.0
[INFO] [stderr]    Compiling ethereum-types v0.3.1
[INFO] [stderr]    Compiling fixed-hash v0.2.1
[INFO] [stderr]     Checking url v1.7.0
[INFO] [stderr]    Compiling serde_derive v1.0.47
[INFO] [stderr]     Checking crossbeam-deque v0.3.1
[INFO] [stderr]     Checking parking_lot v0.5.5
[INFO] [stderr]     Checking tiny-keccak v1.4.1
[INFO] [stdout] error[E0428]: the name `impl_heapsize_for_hash` is defined multiple times
[INFO] [stdout]    --> /opt/rustwide/cargo-home/registry/src/github.com-1ecc6299db9ec823/fixed-hash-0.2.1/src/hash.rs:431:1
[INFO] [stdout]     |
[INFO] [stdout] 325 | macro_rules! impl_heapsize_for_hash {
[INFO] [stdout]     | ----------------------------------- previous definition of the macro `impl_heapsize_for_hash` here
[INFO] [stdout] ...
[INFO] [stdout] 431 | macro_rules! impl_heapsize_for_hash {
[INFO] [stdout]     | ^^^^^^^^^^^^^^^^^^^^^^^^^^^^^^^^^^^ `impl_heapsize_for_hash` redefined here
[INFO] [stdout]     |
[INFO] [stdout]     = note: `impl_heapsize_for_hash` must be defined only once in the macro namespace of this module
[INFO] [stdout] 
[INFO] [stdout] 
[INFO] [stdout] error: aborting due to previous error
[INFO] [stdout] 
[INFO] [stdout] 
[INFO] [stdout] For more information about this error, try `rustc --explain E0428`.
[INFO] [stdout] 
[INFO] [stderr] error: could not compile `fixed-hash` due to 2 previous errors
[INFO] [stderr] warning: build failed, waiting for other jobs to finish...
[INFO] [stdout] error[E0428]: the name `impl_heapsize_for_hash` is defined multiple times
[INFO] [stdout]    --> /opt/rustwide/cargo-home/registry/src/github.com-1ecc6299db9ec823/fixed-hash-0.2.1/src/hash.rs:431:1
[INFO] [stdout]     |
[INFO] [stdout] 325 | macro_rules! impl_heapsize_for_hash {
[INFO] [stdout]     | ----------------------------------- previous definition of the macro `impl_heapsize_for_hash` here
[INFO] [stdout] ...
[INFO] [stdout] 431 | macro_rules! impl_heapsize_for_hash {
[INFO] [stdout]     | ^^^^^^^^^^^^^^^^^^^^^^^^^^^^^^^^^^^ `impl_heapsize_for_hash` redefined here
[INFO] [stdout]     |
[INFO] [stdout]     = note: `impl_heapsize_for_hash` must be defined only once in the macro namespace of this module
[INFO] [stdout] 
[INFO] [stdout] 
[INFO] [stdout] error: aborting due to previous error
[INFO] [stdout] 
[INFO] [stdout] 
[INFO] [stdout] For more information about this error, try `rustc --explain E0428`.
[INFO] [stdout] 
[INFO] [stdout] error[E0713]: borrow may still be in use when destructor runs
[INFO] [stdout]    --> /opt/rustwide/cargo-home/registry/src/github.com-1ecc6299db9ec823/url-1.7.0/src/form_urlencoded.rs:261:40
[INFO] [stdout]     |
[INFO] [stdout] 259 | impl<'a> Target for ::UrlQuery<'a> {
[INFO] [stdout]     |      -- lifetime `'a` defined here
[INFO] [stdout] 260 |     fn as_mut_string(&mut self) -> &mut String { &mut self.url.serialization }
[INFO] [stdout] 261 |     fn finish(self) -> &'a mut ::Url { self.url }
[INFO] [stdout]     |                                        ^^^^^^^^ - here, drop of `self` needs exclusive access to `*self.url`, because the type `UrlQuery<'_>` implements the `Drop` trait
[INFO] [stdout]     |                                        |
[INFO] [stdout]     |                                        returning this value requires that `*self.url` is borrowed for `'a`
[INFO] [stdout] 
[INFO] [stdout] 
[INFO] [stdout] error: aborting due to previous error
[INFO] [stdout] 
[INFO] [stdout] 
[INFO] [stdout] For more information about this error, try `rustc --explain E0713`.
[INFO] [stdout] 
[INFO] [stderr] error: build failed
[INFO] running `Command { std: "docker" "inspect" "5eee18abcafac7263b2464e4110d0d00622c451ba72a03c8f0b9bace7433655f", kill_on_drop: false }`
[INFO] running `Command { std: "docker" "rm" "-f" "5eee18abcafac7263b2464e4110d0d00622c451ba72a03c8f0b9bace7433655f", kill_on_drop: false }`
[INFO] [stdout] 5eee18abcafac7263b2464e4110d0d00622c451ba72a03c8f0b9bace7433655f
