[INFO] cloning repository https://github.com/wireapp/coax
[INFO] running `Command { std: "git" "-c" "credential.helper=" "-c" "credential.helper=/workspace/cargo-home/bin/git-credential-null" "clone" "--bare" "https://github.com/wireapp/coax" "/workspace/cache/git-repos/https%3A%2F%2Fgithub.com%2Fwireapp%2Fcoax", kill_on_drop: false }`
[INFO] [stderr] Cloning into bare repository '/workspace/cache/git-repos/https%3A%2F%2Fgithub.com%2Fwireapp%2Fcoax'...
[INFO] running `Command { std: "git" "rev-parse" "HEAD", kill_on_drop: false }`
[INFO] [stdout] 645ecbe9881f31ea88c46de0bc530256fd8cf601
[INFO] documenting wireapp/coax against beta-2021-08-01 for beta-1.55-rustdoc-1
[INFO] running `Command { std: "git" "clone" "/workspace/cache/git-repos/https%3A%2F%2Fgithub.com%2Fwireapp%2Fcoax" "/workspace/builds/worker-6/source", kill_on_drop: false }`
[INFO] [stderr] Cloning into '/workspace/builds/worker-6/source'...
[INFO] [stderr] done.
[INFO] validating manifest of git repo https://github.com/wireapp/coax on toolchain beta-2021-08-01
[INFO] running `Command { std: "/workspace/cargo-home/bin/cargo" "+beta-2021-08-01" "metadata" "--manifest-path" "Cargo.toml" "--no-deps", kill_on_drop: false }`
[INFO] started tweaking git repo https://github.com/wireapp/coax
[INFO] finished tweaking git repo https://github.com/wireapp/coax
[INFO] tweaked toml for git repo https://github.com/wireapp/coax written to /workspace/builds/worker-6/source/Cargo.toml
[INFO] crate git repo https://github.com/wireapp/coax already has a lockfile, it will not be regenerated
[INFO] running `Command { std: "/workspace/cargo-home/bin/cargo" "+beta-2021-08-01" "fetch" "--manifest-path" "Cargo.toml", kill_on_drop: false }`
[INFO] [stderr]     Updating git repository `https://github.com/wireapp/cryptobox.git`
[INFO] [stderr]  Downloading crates ...
[INFO] [stderr]   Downloaded objc_id v0.1.0
[INFO] [stderr]   Downloaded dbus v0.4.1
[INFO] [stderr]   Downloaded diesel_infer_schema v0.16.0
[INFO] [stderr]   Downloaded atk-sys v0.4.0
[INFO] [stderr]   Downloaded gio-sys v0.4.0
[INFO] [stderr]   Downloaded shell32-sys v0.1.1
[INFO] [stderr]   Downloaded parking_lot v0.3.8
[INFO] [stderr]   Downloaded chashmap v2.2.0
[INFO] [stderr]   Downloaded owning_ref v0.2.4
[INFO] [stderr]   Downloaded thread-id v3.2.0
[INFO] [stderr]   Downloaded mac-notification-sys v0.1.3
[INFO] [stderr]   Downloaded cc v1.0.0
[INFO] [stderr]   Downloaded openssl-sys v0.9.19
[INFO] [stderr]   Downloaded take_mut v0.1.3
[INFO] [stderr]   Downloaded num v0.1.40
[INFO] [stderr]   Downloaded gobject-sys v0.4.0
[INFO] [stderr]   Downloaded futures-cpupool v0.1.6
[INFO] [stderr]   Downloaded quickcheck v0.4.1
[INFO] [stderr]   Downloaded env_logger v0.3.5
[INFO] [stderr]   Downloaded diesel_codegen v0.16.0
[INFO] [stderr]   Downloaded clap v2.26.2
[INFO] [stderr]   Downloaded cairo-rs v0.2.0
[INFO] [stderr]   Downloaded pango-sys v0.4.0
[INFO] [stderr]   Downloaded textwrap v0.8.0
[INFO] [stderr]   Downloaded notify-rust v3.4.2
[INFO] [stderr]   Downloaded gdk-sys v0.4.0
[INFO] [stderr]   Downloaded gdk-pixbuf-sys v0.4.0
[INFO] [stderr]   Downloaded gdk v0.6.0
[INFO] [stderr]   Downloaded cairo-sys-rs v0.4.0
[INFO] [stderr]   Downloaded gtk-sys v0.4.0
[INFO] [stderr]   Downloaded glib-sys v0.4.0
[INFO] [stderr]   Downloaded openssl v0.9.19
[INFO] [stderr]   Downloaded glib v0.3.1
[INFO] [stderr]   Downloaded slog v2.0.12
[INFO] [stderr]   Downloaded serde_derive v1.0.15
[INFO] [stderr]   Downloaded serde v1.0.15
[INFO] [stderr]   Downloaded protobuf v1.4.1
[INFO] [stderr]   Downloaded isatty v0.1.3
[INFO] [stderr]   Downloaded libsodium-sys v0.0.16
[INFO] [stderr]   Downloaded diesel v0.16.0
[INFO] [stderr]   Downloaded c_vec v1.2.1
[INFO] [stderr]   Downloaded sodiumoxide v0.0.16
[INFO] [stderr]   Downloaded pango v0.2.0
[INFO] [stderr]   Downloaded slog-async v2.1.0
[INFO] [stderr]   Downloaded gtk v0.2.0
[INFO] [stderr]   Downloaded gdk-pixbuf v0.2.0
[INFO] [stderr]   Downloaded json-codec v0.5.0
[INFO] [stderr]   Downloaded gio v0.2.0
[INFO] [stderr]   Downloaded slog-term v2.2.0
[INFO] running `Command { std: "docker" "create" "-v" "/var/lib/crater-agent-workspace/builds/worker-6/target:/opt/rustwide/target:rw,Z" "-v" "/var/lib/crater-agent-workspace/builds/worker-6/source:/opt/rustwide/workdir:ro,Z" "-v" "/var/lib/crater-agent-workspace/cargo-home:/opt/rustwide/cargo-home:ro,Z" "-v" "/var/lib/crater-agent-workspace/rustup-home:/opt/rustwide/rustup-home:ro,Z" "-e" "SOURCE_DIR=/opt/rustwide/workdir" "-e" "CARGO_TARGET_DIR=/opt/rustwide/target" "-e" "CARGO_HOME=/opt/rustwide/cargo-home" "-e" "RUSTUP_HOME=/opt/rustwide/rustup-home" "-w" "/opt/rustwide/workdir" "-m" "1610612736" "--user" "0:0" "--network" "none" "ghcr.io/rust-lang/crates-build-env/linux@sha256:34b6a614d2c27851fe6cbf88fbd1137609cefab8b10d0615aaeb6fd47975d74e" "/opt/rustwide/cargo-home/bin/cargo" "+beta-2021-08-01" "metadata" "--no-deps" "--format-version=1", kill_on_drop: false }`
[INFO] [stderr] WARNING: Your kernel does not support swap limit capabilities or the cgroup is not mounted. Memory limited without swap.
[INFO] [stdout] e3335505627466d19c73365f9217f83a53cbf06e2f3eca2503bc1b3ffe69560a
[INFO] running `Command { std: "docker" "start" "-a" "e3335505627466d19c73365f9217f83a53cbf06e2f3eca2503bc1b3ffe69560a", kill_on_drop: false }`
[INFO] running `Command { std: "docker" "inspect" "e3335505627466d19c73365f9217f83a53cbf06e2f3eca2503bc1b3ffe69560a", kill_on_drop: false }`
[INFO] running `Command { std: "docker" "rm" "-f" "e3335505627466d19c73365f9217f83a53cbf06e2f3eca2503bc1b3ffe69560a", kill_on_drop: false }`
[INFO] [stdout] e3335505627466d19c73365f9217f83a53cbf06e2f3eca2503bc1b3ffe69560a
[INFO] running `Command { std: "docker" "create" "-v" "/var/lib/crater-agent-workspace/builds/worker-6/target:/opt/rustwide/target:rw,Z" "-v" "/var/lib/crater-agent-workspace/builds/worker-6/source:/opt/rustwide/workdir:ro,Z" "-v" "/var/lib/crater-agent-workspace/cargo-home:/opt/rustwide/cargo-home:ro,Z" "-v" "/var/lib/crater-agent-workspace/rustup-home:/opt/rustwide/rustup-home:ro,Z" "-e" "SOURCE_DIR=/opt/rustwide/workdir" "-e" "CARGO_TARGET_DIR=/opt/rustwide/target" "-e" "CARGO_INCREMENTAL=0" "-e" "RUST_BACKTRACE=full" "-e" "RUSTDOCFLAGS=--cap-lints=warn" "-e" "CARGO_HOME=/opt/rustwide/cargo-home" "-e" "RUSTUP_HOME=/opt/rustwide/rustup-home" "-w" "/opt/rustwide/workdir" "-m" "1610612736" "--user" "0:0" "--network" "none" "ghcr.io/rust-lang/crates-build-env/linux@sha256:34b6a614d2c27851fe6cbf88fbd1137609cefab8b10d0615aaeb6fd47975d74e" "/opt/rustwide/cargo-home/bin/cargo" "+beta-2021-08-01" "doc" "--frozen" "--no-deps" "--document-private-items" "--message-format=json", kill_on_drop: false }`
[INFO] [stdout] 152789effd41c19af3a20b9185349530fd902e9e9b8ff68a7b17f8fd869b1e31
[INFO] [stderr] WARNING: Your kernel does not support swap limit capabilities or the cgroup is not mounted. Memory limited without swap.
[INFO] running `Command { std: "docker" "start" "-a" "152789effd41c19af3a20b9185349530fd902e9e9b8ff68a7b17f8fd869b1e31", kill_on_drop: false }`
[INFO] [stderr]     Checking slog v2.0.12
[INFO] [stderr]    Compiling openssl v0.9.19
[INFO] [stderr]     Checking json-codec v0.5.0
[INFO] [stderr]     Checking protobuf v1.4.1
[INFO] [stderr]    Compiling cairo-rs v0.2.0
[INFO] [stderr]    Compiling gdk-pixbuf v0.2.0
[INFO] [stderr]    Compiling gio v0.2.0
[INFO] [stderr]     Checking c_vec v1.2.1
[INFO] [stderr]    Compiling gdk v0.6.0
[INFO] [stderr]    Compiling gtk v0.2.0
[INFO] [stderr]     Checking take_mut v0.1.3
[INFO] [stderr]    Compiling glib-sys v0.4.0
[INFO] [stderr]    Compiling gobject-sys v0.4.0
[INFO] [stderr]    Compiling gio-sys v0.4.0
[INFO] [stderr]    Compiling libsodium-sys v0.0.16
[INFO] [stderr]    Compiling gdk-pixbuf-sys v0.4.0
[INFO] [stderr]    Compiling cairo-sys-rs v0.4.0
[INFO] [stderr]    Compiling pango-sys v0.4.0
[INFO] [stderr]    Compiling libsqlite3-sys v0.8.1
[INFO] [stderr]    Compiling gdk-sys v0.4.0
[INFO] [stderr]    Compiling atk-sys v0.4.0
[INFO] [stderr]    Compiling gtk-sys v0.4.0
[INFO] [stderr]    Compiling dbus v0.4.1
[INFO] [stderr]    Compiling openssl-sys v0.9.19
[INFO] [stderr]    Compiling miniz-sys v0.1.10
[INFO] [stderr]     Checking cbor-codec v0.7.1
[INFO] [stderr]    Compiling backtrace-sys v0.1.14
[INFO] [stderr]     Checking thread-id v3.2.0
[INFO] [stderr]     Checking isatty v0.1.3
[INFO] [stderr]     Checking base64 v0.7.0
[INFO] [stderr]     Checking toml v0.4.5
[INFO] [stderr]    Compiling coax-gtk v0.1.0 (/opt/rustwide/workdir/coax-gtk)
[INFO] [stderr]     Checking uuid v0.5.1
[INFO] [stderr]     Checking parking_lot_core v0.2.6
[INFO] [stderr]     Checking tempdir v0.3.5
[INFO] [stderr]     Checking cookie v0.10.1
[INFO] [stderr]     Checking futures-cpupool v0.1.6
[INFO] [stderr]    Compiling unicase v2.0.0
[INFO] [stderr]    Compiling syn v0.11.11
[INFO] [stderr]     Checking url v1.5.1
[INFO] [stderr]     Checking slog-async v2.1.0
[INFO] [stderr]     Checking parking_lot v0.3.8
[INFO] [stderr]     Checking slog-term v2.2.0
[INFO] [stderr]     Checking sodiumoxide v0.0.16
[INFO] [stderr]    Compiling diesel v0.16.0
[INFO] [stderr] error: failed to run custom build command for `openssl-sys v0.9.19`
[INFO] [stderr] 
[INFO] [stderr] Caused by:
[INFO] [stderr]   process didn't exit successfully: `/opt/rustwide/target/debug/build/openssl-sys-d8dc134bd0290c07/build-script-build` (exit status: 101)
[INFO] [stderr]   --- stdout
[INFO] [stderr]   cargo:rerun-if-env-changed=X86_64_UNKNOWN_LINUX_GNU_OPENSSL_LIB_DIR
[INFO] [stderr]   cargo:rerun-if-env-changed=OPENSSL_LIB_DIR
[INFO] [stderr]   cargo:rerun-if-env-changed=X86_64_UNKNOWN_LINUX_GNU_OPENSSL_INCLUDE_DIR
[INFO] [stderr]   cargo:rerun-if-env-changed=OPENSSL_INCLUDE_DIR
[INFO] [stderr]   cargo:rerun-if-env-changed=X86_64_UNKNOWN_LINUX_GNU_OPENSSL_DIR
[INFO] [stderr]   cargo:rerun-if-env-changed=OPENSSL_DIR
[INFO] [stderr]   cargo:rustc-link-lib=ssl
[INFO] [stderr]   cargo:rustc-link-lib=crypto
[INFO] [stderr]   OPT_LEVEL = Some("0")
[INFO] [stderr]   TARGET = Some("x86_64-unknown-linux-gnu")
[INFO] [stderr]   HOST = Some("x86_64-unknown-linux-gnu")
[INFO] [stderr]   TARGET = Some("x86_64-unknown-linux-gnu")
[INFO] [stderr]   TARGET = Some("x86_64-unknown-linux-gnu")
[INFO] [stderr]   HOST = Some("x86_64-unknown-linux-gnu")
[INFO] [stderr]   CC_x86_64-unknown-linux-gnu = None
[INFO] [stderr]   CC_x86_64_unknown_linux_gnu = None
[INFO] [stderr]   HOST_CC = None
[INFO] [stderr]   CC = None
[INFO] [stderr]   HOST = Some("x86_64-unknown-linux-gnu")
[INFO] [stderr]   TARGET = Some("x86_64-unknown-linux-gnu")
[INFO] [stderr]   HOST = Some("x86_64-unknown-linux-gnu")
[INFO] [stderr]   CFLAGS_x86_64-unknown-linux-gnu = None
[INFO] [stderr]   CFLAGS_x86_64_unknown_linux_gnu = None
[INFO] [stderr]   HOST_CFLAGS = None
[INFO] [stderr]   CFLAGS = None
[INFO] [stderr]   DEBUG = Some("true")
[INFO] [stderr]   running: "cc" "-O0" "-ffunction-sections" "-fdata-sections" "-fPIC" "-g" "-m64" "-Wall" "-Wextra" "-E" "/opt/rustwide/target/debug/build/openssl-sys-55a53df53fed8be0/out/expando.c"
[INFO] [stderr]   exit status: 0
[INFO] [stderr]   cargo:rustc-cfg=osslconf="OPENSSL_NO_SSL3_METHOD"
[INFO] [stderr]   cargo:conf=OPENSSL_NO_SSL3_METHOD
[INFO] [stderr] 
[INFO] [stderr]   --- stderr
[INFO] [stderr]   thread 'main' panicked at '
[INFO] [stderr] 
[INFO] [stderr]   This crate is only compatible with OpenSSL 1.0.1, 1.0.2, and 1.1.0, or LibreSSL
[INFO] [stderr]   2.5 and 2.6.0, but a different version of OpenSSL was found. The build is now
[INFO] [stderr]   aborting due to this version mismatch.
[INFO] [stderr] 
[INFO] [stderr]   ', /opt/rustwide/cargo-home/registry/src/github.com-1ecc6299db9ec823/openssl-sys-0.9.19/build.rs:488:9
[INFO] [stderr]   stack backtrace:
[INFO] [stderr]      0:     0x55e28d3e8ad0 - std::backtrace_rs::backtrace::libunwind::trace::hff4d1766e93f64f1
[INFO] [stderr]                                  at /rustc/53fd98ca776cb875bc9e5514f56b52eb74f9e7a9/library/std/src/../../backtrace/src/backtrace/libunwind.rs:90:5
[INFO] [stderr]      1:     0x55e28d3e8ad0 - std::backtrace_rs::backtrace::trace_unsynchronized::h56bbc8eb78770bcb
[INFO] [stderr]                                  at /rustc/53fd98ca776cb875bc9e5514f56b52eb74f9e7a9/library/std/src/../../backtrace/src/backtrace/mod.rs:66:5
[INFO] [stderr]      2:     0x55e28d3e8ad0 - std::sys_common::backtrace::_print_fmt::h5c8e75464faca780
[INFO] [stderr]                                  at /rustc/53fd98ca776cb875bc9e5514f56b52eb74f9e7a9/library/std/src/sys_common/backtrace.rs:67:5
[INFO] [stderr]      3:     0x55e28d3e8ad0 - <std::sys_common::backtrace::_print::DisplayBacktrace as core::fmt::Display>::fmt::h48b88277def8b362
[INFO] [stderr]                                  at /rustc/53fd98ca776cb875bc9e5514f56b52eb74f9e7a9/library/std/src/sys_common/backtrace.rs:46:22
[INFO] [stderr]      4:     0x55e28d40797c - core::fmt::write::h3381b3176fe2b3d3
[INFO] [stderr]                                  at /rustc/53fd98ca776cb875bc9e5514f56b52eb74f9e7a9/library/core/src/fmt/mod.rs:1115:17
[INFO] [stderr]      5:     0x55e28d3e5f65 - std::io::Write::write_fmt::hd42607e5d8e44db0
[INFO] [stderr]                                  at /rustc/53fd98ca776cb875bc9e5514f56b52eb74f9e7a9/library/std/src/io/mod.rs:1665:15
[INFO] [stderr]      6:     0x55e28d3eabdb - std::sys_common::backtrace::_print::ha537687d6c17dd0d
[INFO] [stderr]                                  at /rustc/53fd98ca776cb875bc9e5514f56b52eb74f9e7a9/library/std/src/sys_common/backtrace.rs:49:5
[INFO] [stderr]      7:     0x55e28d3eabdb - std::sys_common::backtrace::print::h61376ae57d131d72
[INFO] [stderr]                                  at /rustc/53fd98ca776cb875bc9e5514f56b52eb74f9e7a9/library/std/src/sys_common/backtrace.rs:36:9
[INFO] [stderr]      8:     0x55e28d3eabdb - std::panicking::default_hook::{{closure}}::h0f7208c0b9644a54
[INFO] [stderr]                                  at /rustc/53fd98ca776cb875bc9e5514f56b52eb74f9e7a9/library/std/src/panicking.rs:208:50
[INFO] [stderr]      9:     0x55e28d3ea6b1 - std::panicking::default_hook::hdac7fc06578c14ce
[INFO] [stderr]                                  at /rustc/53fd98ca776cb875bc9e5514f56b52eb74f9e7a9/library/std/src/panicking.rs:225:9
[INFO] [stderr]     10:     0x55e28d3eb2a4 - std::panicking::rust_panic_with_hook::h72b21c283da3d1ef
[INFO] [stderr]                                  at /rustc/53fd98ca776cb875bc9e5514f56b52eb74f9e7a9/library/std/src/panicking.rs:622:17
[INFO] [stderr]     11:     0x55e28d3d2333 - std::panicking::begin_panic::{{closure}}::hdb22433634f96256
[INFO] [stderr]                                  at /rustc/53fd98ca776cb875bc9e5514f56b52eb74f9e7a9/library/std/src/panicking.rs:542:9
[INFO] [stderr]     12:     0x55e28d3c0669 - std::sys_common::backtrace::__rust_end_short_backtrace::h8aa1e090e3424642
[INFO] [stderr]                                  at /rustc/53fd98ca776cb875bc9e5514f56b52eb74f9e7a9/library/std/src/sys_common/backtrace.rs:141:18
[INFO] [stderr]     13:     0x55e28d3d2269 - std::panicking::begin_panic::h86b5dbb057925297
[INFO] [stderr]                                  at /rustc/53fd98ca776cb875bc9e5514f56b52eb74f9e7a9/library/std/src/panicking.rs:541:12
[INFO] [stderr]     14:     0x55e28d377d24 - build_script_build::validate_headers::h2d95c145ef06f6a2
[INFO] [stderr]                                  at /opt/rustwide/cargo-home/registry/src/github.com-1ecc6299db9ec823/openssl-sys-0.9.19/build.rs:488:9
[INFO] [stderr]     15:     0x55e28d375efb - build_script_build::try_pkg_config::hefa0e5b531e1bdd8
[INFO] [stderr]                                  at /opt/rustwide/cargo-home/registry/src/github.com-1ecc6299db9ec823/openssl-sys-0.9.19/build.rs:241:5
[INFO] [stderr]     16:     0x55e28d375020 - build_script_build::find_openssl_dir::h1e842cb18f95c928
[INFO] [stderr]                                  at /opt/rustwide/cargo-home/registry/src/github.com-1ecc6299db9ec823/openssl-sys-0.9.19/build.rs:123:5
[INFO] [stderr]     17:     0x55e28d374c63 - build_script_build::main::{{closure}}::h1671ab563ca7db28
[INFO] [stderr]                                  at /opt/rustwide/cargo-home/registry/src/github.com-1ecc6299db9ec823/openssl-sys-0.9.19/build.rs:59:64
[INFO] [stderr]     18:     0x55e28d37bf8d - core::option::Option<T>::unwrap_or_else::hd2ca64caf5f11bff
[INFO] [stderr]                                  at /rustc/53fd98ca776cb875bc9e5514f56b52eb74f9e7a9/library/core/src/option.rs:763:21
[INFO] [stderr]     19:     0x55e28d373b7a - build_script_build::main::h55e989bd04548295
[INFO] [stderr]                                  at /opt/rustwide/cargo-home/registry/src/github.com-1ecc6299db9ec823/openssl-sys-0.9.19/build.rs:59:27
[INFO] [stderr]     20:     0x55e28d37cbfb - core::ops::function::FnOnce::call_once::hc33ca09ea074dfe9
[INFO] [stderr]                                  at /rustc/53fd98ca776cb875bc9e5514f56b52eb74f9e7a9/library/core/src/ops/function.rs:227:5
[INFO] [stderr]     21:     0x55e28d385e4e - std::sys_common::backtrace::__rust_begin_short_backtrace::h6a274ce993175ddc
[INFO] [stderr]                                  at /rustc/53fd98ca776cb875bc9e5514f56b52eb74f9e7a9/library/std/src/sys_common/backtrace.rs:125:18
[INFO] [stderr]     22:     0x55e28d380bb1 - std::rt::lang_start::{{closure}}::h9356f09026ff65d6
[INFO] [stderr]                                  at /rustc/53fd98ca776cb875bc9e5514f56b52eb74f9e7a9/library/std/src/rt.rs:63:18
[INFO] [stderr]     23:     0x55e28d3eb7aa - core::ops::function::impls::<impl core::ops::function::FnOnce<A> for &F>::call_once::ha88a7d1a4d24e549
[INFO] [stderr]                                  at /rustc/53fd98ca776cb875bc9e5514f56b52eb74f9e7a9/library/core/src/ops/function.rs:259:13
[INFO] [stderr]     24:     0x55e28d3eb7aa - std::panicking::try::do_call::hd3b1d7740607ccc7
[INFO] [stderr]                                  at /rustc/53fd98ca776cb875bc9e5514f56b52eb74f9e7a9/library/std/src/panicking.rs:401:40
[INFO] [stderr]     25:     0x55e28d3eb7aa - std::panicking::try::h0ee8c65ac7461507
[INFO] [stderr]                                  at /rustc/53fd98ca776cb875bc9e5514f56b52eb74f9e7a9/library/std/src/panicking.rs:365:19
[INFO] [stderr]     26:     0x55e28d3eb7aa - std::panic::catch_unwind::head47f0de4ccd838
[INFO] [stderr]                                  at /rustc/53fd98ca776cb875bc9e5514f56b52eb74f9e7a9/library/std/src/panic.rs:434:14
[INFO] [stderr]     27:     0x55e28d3eb7aa - std::rt::lang_start_internal::{{closure}}::hbc7de8ec820ac085
[INFO] [stderr]                                  at /rustc/53fd98ca776cb875bc9e5514f56b52eb74f9e7a9/library/std/src/rt.rs:45:48
[INFO] [stderr]     28:     0x55e28d3eb7aa - std::panicking::try::do_call::h2609e52e8bad4a7b
[INFO] [stderr]                                  at /rustc/53fd98ca776cb875bc9e5514f56b52eb74f9e7a9/library/std/src/panicking.rs:401:40
[INFO] [stderr]     29:     0x55e28d3eb7aa - std::panicking::try::hd0929f0b603e0389
[INFO] [stderr]                                  at /rustc/53fd98ca776cb875bc9e5514f56b52eb74f9e7a9/library/std/src/panicking.rs:365:19
[INFO] [stderr]     30:     0x55e28d3eb7aa - std::panic::catch_unwind::h27902b81c3e47571
[INFO] [stderr]                                  at /rustc/53fd98ca776cb875bc9e5514f56b52eb74f9e7a9/library/std/src/panic.rs:434:14
[INFO] [stderr]     31:     0x55e28d3eb7aa - std::rt::lang_start_internal::h3fb2d794dd391e3e
[INFO] [stderr]                                  at /rustc/53fd98ca776cb875bc9e5514f56b52eb74f9e7a9/library/std/src/rt.rs:45:20
[INFO] [stderr]     32:     0x55e28d380b80 - std::rt::lang_start::ha2249f8b72917680
[INFO] [stderr]                                  at /rustc/53fd98ca776cb875bc9e5514f56b52eb74f9e7a9/library/std/src/rt.rs:62:5
[INFO] [stderr]     33:     0x55e28d378c0c - main
[INFO] [stderr]     34:     0x7f53424d90b3 - __libc_start_main
[INFO] [stderr]     35:     0x55e28d36fa4e - _start
[INFO] [stderr]     36:                0x0 - <unknown>
[INFO] [stderr] warning: build failed, waiting for other jobs to finish...
[INFO] [stdout] error[E0713]: borrow may still be in use when destructor runs
[INFO] [stdout]    --> /opt/rustwide/cargo-home/registry/src/github.com-1ecc6299db9ec823/url-1.5.1/src/form_urlencoded.rs:251:40
[INFO] [stdout]     |
[INFO] [stdout] 249 | impl<'a> Target for ::UrlQuery<'a> {
[INFO] [stdout]     |      -- lifetime `'a` defined here
[INFO] [stdout] 250 |     fn as_mut_string(&mut self) -> &mut String { &mut self.url.serialization }
[INFO] [stdout] 251 |     fn finish(self) -> &'a mut ::Url { self.url }
[INFO] [stdout]     |                                        ^^^^^^^^ - here, drop of `self` needs exclusive access to `*self.url`, because the type `UrlQuery<'_>` implements the `Drop` trait
[INFO] [stdout]     |                                        |
[INFO] [stdout]     |                                        returning this value requires that `*self.url` is borrowed for `'a`
[INFO] [stdout] 
[INFO] [stdout] 
[INFO] [stdout] error: aborting due to previous error
[INFO] [stdout] 
[INFO] [stdout] 
[INFO] [stdout] For more information about this error, try `rustc --explain E0713`.
[INFO] [stdout] 
[INFO] [stdout] error[E0554]: `#![feature]` may not be used on the beta release channel
[INFO] [stdout]   --> /opt/rustwide/cargo-home/registry/src/github.com-1ecc6299db9ec823/sodiumoxide-0.0.16/src/lib.rs:57:35
[INFO] [stdout]    |
[INFO] [stdout] 57 | #![cfg_attr(not(feature = "std"), feature(alloc))]
[INFO] [stdout]    |                                   ^^^^^^^^^^^^^^
[INFO] [stdout] 
[INFO] [stdout] 
[INFO] [stdout] error: aborting due to previous error
[INFO] [stdout] 
[INFO] [stdout] 
[INFO] [stdout] For more information about this error, try `rustc --explain E0554`.
[INFO] [stdout] 
[INFO] [stderr] error: build failed
[INFO] running `Command { std: "docker" "inspect" "152789effd41c19af3a20b9185349530fd902e9e9b8ff68a7b17f8fd869b1e31", kill_on_drop: false }`
[INFO] running `Command { std: "docker" "rm" "-f" "152789effd41c19af3a20b9185349530fd902e9e9b8ff68a7b17f8fd869b1e31", kill_on_drop: false }`
[INFO] [stdout] 152789effd41c19af3a20b9185349530fd902e9e9b8ff68a7b17f8fd869b1e31
