[INFO] cloning repository https://github.com/wilsoniya/dailyprog188-arrows
[INFO] running `Command { std: "git" "-c" "credential.helper=" "-c" "credential.helper=/workspace/cargo-home/bin/git-credential-null" "clone" "--bare" "https://github.com/wilsoniya/dailyprog188-arrows" "/workspace/cache/git-repos/https%3A%2F%2Fgithub.com%2Fwilsoniya%2Fdailyprog188-arrows", kill_on_drop: false }`
[INFO] [stderr] Cloning into bare repository '/workspace/cache/git-repos/https%3A%2F%2Fgithub.com%2Fwilsoniya%2Fdailyprog188-arrows'...
[INFO] running `Command { std: "git" "rev-parse" "HEAD", kill_on_drop: false }`
[INFO] [stdout] f6070f7a0fe9fda9f6d37b99e188aa6d52f1a1f4
[INFO] documenting wilsoniya/dailyprog188-arrows against beta-2021-08-01 for beta-1.55-rustdoc-1
[INFO] running `Command { std: "git" "clone" "/workspace/cache/git-repos/https%3A%2F%2Fgithub.com%2Fwilsoniya%2Fdailyprog188-arrows" "/workspace/builds/worker-4/source", kill_on_drop: false }`
[INFO] [stderr] Cloning into '/workspace/builds/worker-4/source'...
[INFO] [stderr] done.
[INFO] validating manifest of git repo https://github.com/wilsoniya/dailyprog188-arrows on toolchain beta-2021-08-01
[INFO] running `Command { std: "/workspace/cargo-home/bin/cargo" "+beta-2021-08-01" "metadata" "--manifest-path" "Cargo.toml" "--no-deps", kill_on_drop: false }`
[INFO] started tweaking git repo https://github.com/wilsoniya/dailyprog188-arrows
[INFO] finished tweaking git repo https://github.com/wilsoniya/dailyprog188-arrows
[INFO] tweaked toml for git repo https://github.com/wilsoniya/dailyprog188-arrows written to /workspace/builds/worker-4/source/Cargo.toml
[INFO] crate git repo https://github.com/wilsoniya/dailyprog188-arrows already has a lockfile, it will not be regenerated
[INFO] running `Command { std: "/workspace/cargo-home/bin/cargo" "+beta-2021-08-01" "fetch" "--manifest-path" "Cargo.toml", kill_on_drop: false }`
[INFO] running `Command { std: "docker" "create" "-v" "/var/lib/crater-agent-workspace/builds/worker-4/target:/opt/rustwide/target:rw,Z" "-v" "/var/lib/crater-agent-workspace/builds/worker-4/source:/opt/rustwide/workdir:ro,Z" "-v" "/var/lib/crater-agent-workspace/cargo-home:/opt/rustwide/cargo-home:ro,Z" "-v" "/var/lib/crater-agent-workspace/rustup-home:/opt/rustwide/rustup-home:ro,Z" "-e" "SOURCE_DIR=/opt/rustwide/workdir" "-e" "CARGO_TARGET_DIR=/opt/rustwide/target" "-e" "CARGO_HOME=/opt/rustwide/cargo-home" "-e" "RUSTUP_HOME=/opt/rustwide/rustup-home" "-w" "/opt/rustwide/workdir" "-m" "1610612736" "--user" "0:0" "--network" "none" "ghcr.io/rust-lang/crates-build-env/linux@sha256:34b6a614d2c27851fe6cbf88fbd1137609cefab8b10d0615aaeb6fd47975d74e" "/opt/rustwide/cargo-home/bin/cargo" "+beta-2021-08-01" "metadata" "--no-deps" "--format-version=1", kill_on_drop: false }`
[INFO] [stdout] 68d01a731820413a83065a43cd755839e036050364b7b19b8138bf0fb652c938
[INFO] [stderr] WARNING: Your kernel does not support swap limit capabilities or the cgroup is not mounted. Memory limited without swap.
[INFO] running `Command { std: "docker" "start" "-a" "68d01a731820413a83065a43cd755839e036050364b7b19b8138bf0fb652c938", kill_on_drop: false }`
[INFO] running `Command { std: "docker" "inspect" "68d01a731820413a83065a43cd755839e036050364b7b19b8138bf0fb652c938", kill_on_drop: false }`
[INFO] running `Command { std: "docker" "rm" "-f" "68d01a731820413a83065a43cd755839e036050364b7b19b8138bf0fb652c938", kill_on_drop: false }`
[INFO] [stdout] 68d01a731820413a83065a43cd755839e036050364b7b19b8138bf0fb652c938
[INFO] running `Command { std: "docker" "create" "-v" "/var/lib/crater-agent-workspace/builds/worker-4/target:/opt/rustwide/target:rw,Z" "-v" "/var/lib/crater-agent-workspace/builds/worker-4/source:/opt/rustwide/workdir:ro,Z" "-v" "/var/lib/crater-agent-workspace/cargo-home:/opt/rustwide/cargo-home:ro,Z" "-v" "/var/lib/crater-agent-workspace/rustup-home:/opt/rustwide/rustup-home:ro,Z" "-e" "SOURCE_DIR=/opt/rustwide/workdir" "-e" "CARGO_TARGET_DIR=/opt/rustwide/target" "-e" "CARGO_INCREMENTAL=0" "-e" "RUST_BACKTRACE=full" "-e" "RUSTDOCFLAGS=--cap-lints=warn" "-e" "CARGO_HOME=/opt/rustwide/cargo-home" "-e" "RUSTUP_HOME=/opt/rustwide/rustup-home" "-w" "/opt/rustwide/workdir" "-m" "1610612736" "--user" "0:0" "--network" "none" "ghcr.io/rust-lang/crates-build-env/linux@sha256:34b6a614d2c27851fe6cbf88fbd1137609cefab8b10d0615aaeb6fd47975d74e" "/opt/rustwide/cargo-home/bin/cargo" "+beta-2021-08-01" "doc" "--frozen" "--no-deps" "--document-private-items" "--message-format=json", kill_on_drop: false }`
[INFO] [stdout] f0b503e1f441422c68ea4d9c4a1e266d6f35bc74049774bb0fb79d57e05b4c37
[INFO] [stderr] WARNING: Your kernel does not support swap limit capabilities or the cgroup is not mounted. Memory limited without swap.
[INFO] running `Command { std: "docker" "start" "-a" "f0b503e1f441422c68ea4d9c4a1e266d6f35bc74049774bb0fb79d57e05b4c37", kill_on_drop: false }`
[INFO] [stderr]  Documenting arrows v0.0.1 (/opt/rustwide/workdir)
[INFO] [stdout] error: invalid suffix `u` for number literal
[INFO] [stdout]    --> src/main.rs:113:21
[INFO] [stdout]     |
[INFO] [stdout] 113 |         let mut i = 0u;
[INFO] [stdout]     |                     ^^ invalid suffix `u`
[INFO] [stdout]     |
[INFO] [stdout]     = help: the suffix must be one of the numeric types (`u32`, `isize`, `f32`, etc.)
[INFO] [stdout] 
[INFO] [stdout] 
[INFO] [stdout] error: invalid suffix `u` for number literal
[INFO] [stdout]    --> src/main.rs:135:27
[INFO] [stdout]     |
[INFO] [stdout] 135 |         if cycle_start != 0u {
[INFO] [stdout]     |                           ^^ invalid suffix `u`
[INFO] [stdout]     |
[INFO] [stdout]     = help: the suffix must be one of the numeric types (`u32`, `isize`, `f32`, etc.)
[INFO] [stdout] 
[INFO] [stdout] 
[INFO] [stdout] error: invalid suffix `u` for number literal
[INFO] [stdout]    --> src/main.rs:149:30
[INFO] [stdout]     |
[INFO] [stdout] 149 |         let mut max_length = 0u;
[INFO] [stdout]     |                              ^^ invalid suffix `u`
[INFO] [stdout]     |
[INFO] [stdout]     = help: the suffix must be one of the numeric types (`u32`, `isize`, `f32`, etc.)
[INFO] [stdout] 
[INFO] [stdout] 
[INFO] [stdout] error[E0432]: unresolved imports `std::io::File`, `std::io::BufferedReader`
[INFO] [stdout]  --> src/main.rs:5:15
[INFO] [stdout]   |
[INFO] [stdout] 5 | use std::io::{File, BufferedReader};
[INFO] [stdout]   |               ^^^^  ^^^^^^^^^^^^^^ no `BufferedReader` in `io`
[INFO] [stdout]   |               |
[INFO] [stdout]   |               no `File` in `io`
[INFO] [stdout] 
[INFO] [stdout] 
[INFO] [stdout] error: cannot find attribute `deriving` in this scope
[INFO] [stdout]   --> src/main.rs:19:3
[INFO] [stdout]    |
[INFO] [stdout] 19 | #[deriving(Show, Clone)]
[INFO] [stdout]    |   ^^^^^^^^
[INFO] [stdout] 
[INFO] [stdout] 
[INFO] [stdout] error: cannot find attribute `deriving` in this scope
[INFO] [stdout]   --> src/main.rs:55:3
[INFO] [stdout]    |
[INFO] [stdout] 55 | #[deriving(Show)]
[INFO] [stdout]    |   ^^^^^^^^
[INFO] [stdout] 
[INFO] [stdout] 
[INFO] [stdout] error: cannot find attribute `deriving` in this scope
[INFO] [stdout]    --> src/main.rs:166:3
[INFO] [stdout]     |
[INFO] [stdout] 166 | #[deriving(Show, Clone)]
[INFO] [stdout]     |   ^^^^^^^^
[INFO] [stdout] 
[INFO] [stdout] 
[INFO] [stdout] error[E0412]: cannot find type `uint` in this scope
[INFO] [stdout]  --> src/main.rs:9:14
[INFO] [stdout]   |
[INFO] [stdout] 9 | fn step(pos: uint, delta: int, dimension: uint) -> uint {
[INFO] [stdout]   |              ^^^^ not found in this scope
[INFO] [stdout] 
[INFO] [stdout] 
[INFO] [stdout] error[E0412]: cannot find type `int` in this scope
[INFO] [stdout]  --> src/main.rs:9:27
[INFO] [stdout]   |
[INFO] [stdout] 9 | fn step(pos: uint, delta: int, dimension: uint) -> uint {
[INFO] [stdout]   |                           ^^^
[INFO] [stdout]   |                           |
[INFO] [stdout]   |                           not found in this scope
[INFO] [stdout]   |                           help: perhaps you intended to use this type: `i32`
[INFO] [stdout] 
[INFO] [stdout] 
[INFO] [stdout] error[E0412]: cannot find type `uint` in this scope
[INFO] [stdout]  --> src/main.rs:9:43
[INFO] [stdout]   |
[INFO] [stdout] 9 | fn step(pos: uint, delta: int, dimension: uint) -> uint {
[INFO] [stdout]   |                                           ^^^^ not found in this scope
[INFO] [stdout] 
[INFO] [stdout] 
[INFO] [stdout] error[E0412]: cannot find type `uint` in this scope
[INFO] [stdout]  --> src/main.rs:9:52
[INFO] [stdout]   |
[INFO] [stdout] 9 | fn step(pos: uint, delta: int, dimension: uint) -> uint {
[INFO] [stdout]   |                                                    ^^^^ not found in this scope
[INFO] [stdout] 
[INFO] [stdout] 
[INFO] [stdout] error[E0412]: cannot find type `uint` in this scope
[INFO] [stdout]   --> src/main.rs:57:16
[INFO] [stdout]    |
[INFO] [stdout] 57 |     pub width: uint,
[INFO] [stdout]    |                ^^^^ not found in this scope
[INFO] [stdout] 
[INFO] [stdout] 
[INFO] [stdout] error[E0412]: cannot find type `uint` in this scope
[INFO] [stdout]   --> src/main.rs:58:17
[INFO] [stdout]    |
[INFO] [stdout] 58 |     pub height: uint,
[INFO] [stdout]    |                 ^^^^ not found in this scope
[INFO] [stdout] 
[INFO] [stdout] 
[INFO] [stdout] error[E0412]: cannot find type `uint` in this scope
[INFO] [stdout]    --> src/main.rs:104:37
[INFO] [stdout]     |
[INFO] [stdout] 104 |     pub fn get_cycle_from(&self, x: uint, y: uint) -> Cycle {
[INFO] [stdout]     |                                     ^^^^ not found in this scope
[INFO] [stdout] 
[INFO] [stdout] 
[INFO] [stdout] error[E0412]: cannot find type `uint` in this scope
[INFO] [stdout]    --> src/main.rs:104:46
[INFO] [stdout]     |
[INFO] [stdout] 104 |     pub fn get_cycle_from(&self, x: uint, y: uint) -> Cycle {
[INFO] [stdout]     |                                              ^^^^ not found in this scope
[INFO] [stdout] 
[INFO] [stdout] 
[INFO] [stdout] error[E0412]: cannot find type `uint` in this scope
[INFO] [stdout]    --> src/main.rs:168:12
[INFO] [stdout]     |
[INFO] [stdout] 168 |     pub x: uint,
[INFO] [stdout]     |            ^^^^ not found in this scope
[INFO] [stdout] 
[INFO] [stdout] 
[INFO] [stdout] error[E0412]: cannot find type `uint` in this scope
[INFO] [stdout]    --> src/main.rs:169:12
[INFO] [stdout]     |
[INFO] [stdout] 169 |     pub y: uint,
[INFO] [stdout]     |            ^^^^ not found in this scope
[INFO] [stdout] 
[INFO] [stdout] 
[INFO] [stdout] error: Compilation failed, aborting rustdoc
[INFO] [stdout] 
[INFO] [stdout] 
[INFO] [stdout] error: aborting due to 18 previous errors
[INFO] [stdout] 
[INFO] [stdout] 
[INFO] [stdout] Some errors have detailed explanations: E0412, E0432.
[INFO] [stdout] 
[INFO] [stdout] For more information about an error, try `rustc --explain E0412`.
[INFO] [stdout] 
[INFO] [stderr] error: could not document `arrows`
[INFO] [stderr] 
[INFO] [stderr] Caused by:
[INFO] [stderr]   process didn't exit successfully: `rustdoc --crate-type bin --crate-name arrows src/main.rs -o /opt/rustwide/target/doc --error-format=json --json=diagnostic-rendered-ansi --document-private-items -L dependency=/opt/rustwide/target/debug/deps --cap-lints=warn --crate-version 0.0.1` (exit status: 1)
[INFO] running `Command { std: "docker" "inspect" "f0b503e1f441422c68ea4d9c4a1e266d6f35bc74049774bb0fb79d57e05b4c37", kill_on_drop: false }`
[INFO] running `Command { std: "docker" "rm" "-f" "f0b503e1f441422c68ea4d9c4a1e266d6f35bc74049774bb0fb79d57e05b4c37", kill_on_drop: false }`
[INFO] [stdout] f0b503e1f441422c68ea4d9c4a1e266d6f35bc74049774bb0fb79d57e05b4c37
