[INFO] cloning repository https://github.com/williamhammond/pennyworth
[INFO] running `Command { std: "git" "-c" "credential.helper=" "-c" "credential.helper=/workspace/cargo-home/bin/git-credential-null" "clone" "--bare" "https://github.com/williamhammond/pennyworth" "/workspace/cache/git-repos/https%3A%2F%2Fgithub.com%2Fwilliamhammond%2Fpennyworth", kill_on_drop: false }`
[INFO] [stderr] Cloning into bare repository '/workspace/cache/git-repos/https%3A%2F%2Fgithub.com%2Fwilliamhammond%2Fpennyworth'...
[INFO] running `Command { std: "git" "rev-parse" "HEAD", kill_on_drop: false }`
[INFO] [stdout] 7c989a1d03a3467a4701ec5b5aba8c3d11353e56
[INFO] documenting williamhammond/pennyworth against beta-2021-08-01 for beta-1.55-rustdoc-1
[INFO] running `Command { std: "git" "clone" "/workspace/cache/git-repos/https%3A%2F%2Fgithub.com%2Fwilliamhammond%2Fpennyworth" "/workspace/builds/worker-6/source", kill_on_drop: false }`
[INFO] [stderr] Cloning into '/workspace/builds/worker-6/source'...
[INFO] [stderr] done.
[INFO] validating manifest of git repo https://github.com/williamhammond/pennyworth on toolchain beta-2021-08-01
[INFO] running `Command { std: "/workspace/cargo-home/bin/cargo" "+beta-2021-08-01" "metadata" "--manifest-path" "Cargo.toml" "--no-deps", kill_on_drop: false }`
[INFO] started tweaking git repo https://github.com/williamhammond/pennyworth
[INFO] finished tweaking git repo https://github.com/williamhammond/pennyworth
[INFO] tweaked toml for git repo https://github.com/williamhammond/pennyworth written to /workspace/builds/worker-6/source/Cargo.toml
[INFO] crate git repo https://github.com/williamhammond/pennyworth already has a lockfile, it will not be regenerated
[INFO] running `Command { std: "/workspace/cargo-home/bin/cargo" "+beta-2021-08-01" "fetch" "--manifest-path" "Cargo.toml", kill_on_drop: false }`
[INFO] [stderr]  Downloading crates ...
[INFO] [stderr]   Downloaded iced_futures v0.3.0
[INFO] [stderr]   Downloaded clipboard_wayland v0.2.0
[INFO] [stderr]   Downloaded error-code v2.0.2
[INFO] [stderr]   Downloaded glyph_brush_draw_cache v0.1.4
[INFO] [stderr]   Downloaded longest-increasing-subsequence v0.1.0
[INFO] [stderr]   Downloaded iced_core v0.4.0
[INFO] [stderr]   Downloaded dodrio v0.2.0
[INFO] [stderr]   Downloaded clipboard-win v4.0.3
[INFO] [stderr]   Downloaded iced_winit v0.3.0
[INFO] [stderr]   Downloaded clipboard_x11 v0.3.1
[INFO] [stderr]   Downloaded window_clipboard v0.2.0
[INFO] [stderr]   Downloaded iced v0.3.0
[INFO] [stderr]   Downloaded clipboard_macos v0.1.0
[INFO] [stderr]   Downloaded iced_graphics v0.2.0
[INFO] [stderr]   Downloaded ordered-float v2.1.1
[INFO] [stderr]   Downloaded glyph_brush v0.7.2
[INFO] [stderr]   Downloaded iced_native v0.4.0
[INFO] [stderr]   Downloaded glam v0.10.2
[INFO] [stderr]   Downloaded font-kit v0.10.0
[INFO] [stderr]   Downloaded rusqlite v0.25.1
[INFO] [stderr]   Downloaded servo-fontconfig v0.5.1
[INFO] [stderr]   Downloaded iced_style v0.3.0
[INFO] [stderr]   Downloaded wgpu_glyph v0.11.0
[INFO] [stderr]   Downloaded iced_wgpu v0.4.0
[INFO] [stderr]   Downloaded iced_web v0.4.0
[INFO] [stderr]   Downloaded servo-fontconfig-sys v5.1.0
[INFO] [stderr]   Downloaded libsqlite3-sys v0.22.1
[INFO] running `Command { std: "docker" "create" "-v" "/var/lib/crater-agent-workspace/builds/worker-6/target:/opt/rustwide/target:rw,Z" "-v" "/var/lib/crater-agent-workspace/builds/worker-6/source:/opt/rustwide/workdir:ro,Z" "-v" "/var/lib/crater-agent-workspace/cargo-home:/opt/rustwide/cargo-home:ro,Z" "-v" "/var/lib/crater-agent-workspace/rustup-home:/opt/rustwide/rustup-home:ro,Z" "-e" "SOURCE_DIR=/opt/rustwide/workdir" "-e" "CARGO_TARGET_DIR=/opt/rustwide/target" "-e" "CARGO_HOME=/opt/rustwide/cargo-home" "-e" "RUSTUP_HOME=/opt/rustwide/rustup-home" "-w" "/opt/rustwide/workdir" "-m" "1610612736" "--user" "0:0" "--network" "none" "ghcr.io/rust-lang/crates-build-env/linux@sha256:34b6a614d2c27851fe6cbf88fbd1137609cefab8b10d0615aaeb6fd47975d74e" "/opt/rustwide/cargo-home/bin/cargo" "+beta-2021-08-01" "metadata" "--no-deps" "--format-version=1", kill_on_drop: false }`
[INFO] [stdout] ae32f4aea8d43bcb101c6440645b8646b8fd6192c08e68c260b7b4a400bafb3c
[INFO] [stderr] WARNING: Your kernel does not support swap limit capabilities or the cgroup is not mounted. Memory limited without swap.
[INFO] running `Command { std: "docker" "start" "-a" "ae32f4aea8d43bcb101c6440645b8646b8fd6192c08e68c260b7b4a400bafb3c", kill_on_drop: false }`
[INFO] running `Command { std: "docker" "inspect" "ae32f4aea8d43bcb101c6440645b8646b8fd6192c08e68c260b7b4a400bafb3c", kill_on_drop: false }`
[INFO] running `Command { std: "docker" "rm" "-f" "ae32f4aea8d43bcb101c6440645b8646b8fd6192c08e68c260b7b4a400bafb3c", kill_on_drop: false }`
[INFO] [stdout] ae32f4aea8d43bcb101c6440645b8646b8fd6192c08e68c260b7b4a400bafb3c
[INFO] running `Command { std: "docker" "create" "-v" "/var/lib/crater-agent-workspace/builds/worker-6/target:/opt/rustwide/target:rw,Z" "-v" "/var/lib/crater-agent-workspace/builds/worker-6/source:/opt/rustwide/workdir:ro,Z" "-v" "/var/lib/crater-agent-workspace/cargo-home:/opt/rustwide/cargo-home:ro,Z" "-v" "/var/lib/crater-agent-workspace/rustup-home:/opt/rustwide/rustup-home:ro,Z" "-e" "SOURCE_DIR=/opt/rustwide/workdir" "-e" "CARGO_TARGET_DIR=/opt/rustwide/target" "-e" "CARGO_INCREMENTAL=0" "-e" "RUST_BACKTRACE=full" "-e" "RUSTDOCFLAGS=--cap-lints=warn" "-e" "CARGO_HOME=/opt/rustwide/cargo-home" "-e" "RUSTUP_HOME=/opt/rustwide/rustup-home" "-w" "/opt/rustwide/workdir" "-m" "1610612736" "--user" "0:0" "--network" "none" "ghcr.io/rust-lang/crates-build-env/linux@sha256:34b6a614d2c27851fe6cbf88fbd1137609cefab8b10d0615aaeb6fd47975d74e" "/opt/rustwide/cargo-home/bin/cargo" "+beta-2021-08-01" "doc" "--frozen" "--no-deps" "--document-private-items" "--message-format=json", kill_on_drop: false }`
[INFO] [stdout] 67f5920981a865f17f62d3558d493eb69c3bb913ccf0c78f9222f4044f911782
[INFO] [stderr] WARNING: Your kernel does not support swap limit capabilities or the cgroup is not mounted. Memory limited without swap.
[INFO] running `Command { std: "docker" "start" "-a" "67f5920981a865f17f62d3558d493eb69c3bb913ccf0c78f9222f4044f911782", kill_on_drop: false }`
[INFO] [stderr]    Compiling libc v0.2.92
[INFO] [stderr]     Checking iced_core v0.4.0
[INFO] [stderr]    Compiling wayland-sys v0.28.5
[INFO] [stderr]    Compiling glam v0.10.2
[INFO] [stderr]    Compiling libsqlite3-sys v0.22.1
[INFO] [stderr]     Checking nom v6.1.2
[INFO] [stderr]    Compiling syn v1.0.65
[INFO] [stderr]    Compiling wayland-scanner v0.28.5
[INFO] [stderr]     Checking ordered-float v2.1.1
[INFO] [stderr]     Checking euclid v0.22.2
[INFO] [stderr]     Checking glyph_brush_layout v0.2.1
[INFO] [stderr]     Checking pathfinder_geometry v0.5.1
[INFO] [stderr]     Checking iced_style v0.3.0
[INFO] [stderr]     Checking rusqlite v0.25.1
[INFO] [stderr]     Checking guillotiere v0.6.0
[INFO] [stderr]    Compiling wayland-client v0.28.5
[INFO] [stderr]    Compiling wayland-protocols v0.28.5
[INFO] [stderr]     Checking xcursor v0.3.3
[INFO] [stderr]     Checking raw-window-handle v0.3.3
[INFO] [stderr]     Checking num_cpus v1.13.0
[INFO] [stderr]     Checking nix v0.20.0
[INFO] [stderr]     Checking getrandom v0.1.16
[INFO] [stderr]     Checking parking_lot_core v0.8.3
[INFO] [stderr]     Checking nix v0.18.0
[INFO] [stderr]     Checking memmap2 v0.1.0
[INFO] [stderr]     Checking dirs-sys v0.3.5
[INFO] [stderr]     Checking khronos-egl v3.0.2
[INFO] [stderr]     Checking iovec v0.1.4
[INFO] [stderr]     Checking gethostname v0.2.1
[INFO] [stderr]     Checking net2 v0.2.37
[INFO] [stderr]     Checking x11-dl v2.18.5
[INFO] [stderr]     Checking time v0.1.44
[INFO] [stderr]     Checking atty v0.2.14
[INFO] [stderr]    Compiling jobserver v0.1.21
[INFO] [stderr]     Checking dirs v2.0.2
[INFO] [stderr]     Checking rayon-core v1.9.0
[INFO] [stderr]     Checking rand_core v0.5.1
[INFO] [stderr]     Checking parking_lot v0.11.1
[INFO] [stderr]     Checking mio v0.6.23
[INFO] [stderr]     Checking colored v1.9.3
[INFO] [stderr]    Compiling cc v1.0.67
[INFO] [stderr]     Checking rand_chacha v0.2.2
[INFO] [stderr]     Checking chrono v0.4.19
[INFO] [stderr]     Checking rayon v1.5.0
[INFO] [stderr]     Checking mio-extras v2.0.6
[INFO] [stderr]     Checking rand v0.7.3
[INFO] [stderr]    Compiling cmake v0.1.45
[INFO] [stderr]    Compiling spirv_cross v0.23.1
[INFO] [stderr]     Checking simple_logger v1.11.0
[INFO] [stderr]     Checking modules v0.1.0 (/opt/rustwide/workdir/modules)
[INFO] [stderr]    Compiling freetype-sys v0.13.1
[INFO] [stderr]    Compiling expat-sys v2.1.6
[INFO] [stderr]     Checking twox-hash v1.6.0
[INFO] [stdout] warning: unused variable: `input`
[INFO] [stdout]   --> modules/src/launcher.rs:12:23
[INFO] [stdout]    |
[INFO] [stdout] 12 |     fn execute(&self, input: String) -> Result<String, Box<dyn error::Error>> {
[INFO] [stdout]    |                       ^^^^^ help: if this is intentional, prefix it with an underscore: `_input`
[INFO] [stdout]    |
[INFO] [stdout]    = note: `#[warn(unused_variables)]` on by default
[INFO] [stdout] 
[INFO] [stdout] 
[INFO] [stdout] warning: 1 warning emitted
[INFO] [stdout] 
[INFO] [stdout] 
[INFO] [stderr]    Compiling servo-fontconfig-sys v5.1.0
[INFO] [stderr]     Checking wayland-commons v0.28.5
[INFO] [stderr]     Checking x11rb v0.8.1
[INFO] [stderr]     Checking calloop v0.6.5
[INFO] [stderr]     Checking glyph_brush_draw_cache v0.1.4
[INFO] [stderr]     Checking freetype v0.7.0
[INFO] [stderr]    Compiling thiserror-impl v1.0.24
[INFO] [stderr]    Compiling futures-macro v0.3.13
[INFO] [stderr]    Compiling tracing-attributes v0.1.15
[INFO] [stderr]    Compiling bytemuck_derive v1.0.1
[INFO] [stderr]     Checking servo-fontconfig v0.5.1
[INFO] [stderr]     Checking glyph_brush v0.7.2
[INFO] [stderr] error: could not compile `x11rb`
[INFO] [stderr] 
[INFO] [stderr] Caused by:
[INFO] [stderr]   process didn't exit successfully: `rustc --crate-name x11rb --edition=2018 /opt/rustwide/cargo-home/registry/src/github.com-1ecc6299db9ec823/x11rb-0.8.1/src/lib.rs --error-format=json --json=diagnostic-rendered-ansi --crate-type lib --emit=dep-info,metadata -C embed-bitcode=no -C debuginfo=2 -C metadata=50cb46632f323824 -C extra-filename=-50cb46632f323824 --out-dir /opt/rustwide/target/debug/deps -L dependency=/opt/rustwide/target/debug/deps --extern gethostname=/opt/rustwide/target/debug/deps/libgethostname-8bd230f569ed2076.rmeta --extern nix=/opt/rustwide/target/debug/deps/libnix-f545beb668f672d8.rmeta --cap-lints allow` (signal: 9, SIGKILL: kill)
[INFO] [stderr] warning: build failed, waiting for other jobs to finish...
[INFO] [stderr] The following warnings were emitted during compilation:
[INFO] [stderr] 
[INFO] [stderr] warning: src/wrapper.cpp:2: warning: ignoring #pragma warning  [-Wunknown-pragmas]
[INFO] [stderr] warning:     2 | #pragma warning(disable : 4996 4101)
[INFO] [stderr] warning:       | 
[INFO] [stderr] warning: c++: fatal error: Killed signal terminated program cc1plus
[INFO] [stderr] warning: compilation terminated.
[INFO] [stderr] warning: c++: fatal error: Killed signal terminated program cc1plus
[INFO] [stderr] warning: compilation terminated.
[INFO] [stderr] warning: c++: fatal error: Killed signal terminated program cc1plus
[INFO] [stderr] warning: compilation terminated.
[INFO] [stderr] warning: c++: fatal error: Killed signal terminated program cc1plus
[INFO] [stderr] warning: compilation terminated.
[INFO] [stderr] 
[INFO] [stderr] error: build failed
[INFO] running `Command { std: "docker" "inspect" "67f5920981a865f17f62d3558d493eb69c3bb913ccf0c78f9222f4044f911782", kill_on_drop: false }`
[INFO] running `Command { std: "docker" "rm" "-f" "67f5920981a865f17f62d3558d493eb69c3bb913ccf0c78f9222f4044f911782", kill_on_drop: false }`
[INFO] [stdout] 67f5920981a865f17f62d3558d493eb69c3bb913ccf0c78f9222f4044f911782
