[INFO] cloning repository https://github.com/willemv/geoviewer-rs
[INFO] running `Command { std: "git" "-c" "credential.helper=" "-c" "credential.helper=/workspace/cargo-home/bin/git-credential-null" "clone" "--bare" "https://github.com/willemv/geoviewer-rs" "/workspace/cache/git-repos/https%3A%2F%2Fgithub.com%2Fwillemv%2Fgeoviewer-rs", kill_on_drop: false }`
[INFO] [stderr] Cloning into bare repository '/workspace/cache/git-repos/https%3A%2F%2Fgithub.com%2Fwillemv%2Fgeoviewer-rs'...
[INFO] running `Command { std: "git" "rev-parse" "HEAD", kill_on_drop: false }`
[INFO] [stdout] d7ad8ae0c0765e7799fabffb4075f25a9827112d
[INFO] documenting willemv/geoviewer-rs against 1.54.0 for beta-1.55-rustdoc-1
[INFO] running `Command { std: "git" "clone" "/workspace/cache/git-repos/https%3A%2F%2Fgithub.com%2Fwillemv%2Fgeoviewer-rs" "/workspace/builds/worker-5/source", kill_on_drop: false }`
[INFO] [stderr] Cloning into '/workspace/builds/worker-5/source'...
[INFO] [stderr] done.
[INFO] validating manifest of git repo https://github.com/willemv/geoviewer-rs on toolchain 1.54.0
[INFO] running `Command { std: "/workspace/cargo-home/bin/cargo" "+1.54.0" "metadata" "--manifest-path" "Cargo.toml" "--no-deps", kill_on_drop: false }`
[INFO] started tweaking git repo https://github.com/willemv/geoviewer-rs
[INFO] finished tweaking git repo https://github.com/willemv/geoviewer-rs
[INFO] tweaked toml for git repo https://github.com/willemv/geoviewer-rs written to /workspace/builds/worker-5/source/Cargo.toml
[INFO] crate git repo https://github.com/willemv/geoviewer-rs already has a lockfile, it will not be regenerated
[INFO] running `Command { std: "/workspace/cargo-home/bin/cargo" "+1.54.0" "fetch" "--manifest-path" "Cargo.toml", kill_on_drop: false }`
[INFO] [stderr]     Blocking waiting for file lock on package cache
[INFO] [stderr]     Blocking waiting for file lock on package cache
[INFO] running `Command { std: "docker" "create" "-v" "/var/lib/crater-agent-workspace/builds/worker-5/target:/opt/rustwide/target:rw,Z" "-v" "/var/lib/crater-agent-workspace/builds/worker-5/source:/opt/rustwide/workdir:ro,Z" "-v" "/var/lib/crater-agent-workspace/cargo-home:/opt/rustwide/cargo-home:ro,Z" "-v" "/var/lib/crater-agent-workspace/rustup-home:/opt/rustwide/rustup-home:ro,Z" "-e" "SOURCE_DIR=/opt/rustwide/workdir" "-e" "CARGO_TARGET_DIR=/opt/rustwide/target" "-e" "CARGO_HOME=/opt/rustwide/cargo-home" "-e" "RUSTUP_HOME=/opt/rustwide/rustup-home" "-w" "/opt/rustwide/workdir" "-m" "1610612736" "--user" "0:0" "--network" "none" "ghcr.io/rust-lang/crates-build-env/linux@sha256:34b6a614d2c27851fe6cbf88fbd1137609cefab8b10d0615aaeb6fd47975d74e" "/opt/rustwide/cargo-home/bin/cargo" "+1.54.0" "metadata" "--no-deps" "--format-version=1", kill_on_drop: false }`
[INFO] [stderr] WARNING: Your kernel does not support swap limit capabilities or the cgroup is not mounted. Memory limited without swap.
[INFO] [stdout] a6acbc6649a855bb771ac5f749037d3c7152b343841ef255346d955667462df6
[INFO] running `Command { std: "docker" "start" "-a" "a6acbc6649a855bb771ac5f749037d3c7152b343841ef255346d955667462df6", kill_on_drop: false }`
[INFO] running `Command { std: "docker" "inspect" "a6acbc6649a855bb771ac5f749037d3c7152b343841ef255346d955667462df6", kill_on_drop: false }`
[INFO] running `Command { std: "docker" "rm" "-f" "a6acbc6649a855bb771ac5f749037d3c7152b343841ef255346d955667462df6", kill_on_drop: false }`
[INFO] [stdout] a6acbc6649a855bb771ac5f749037d3c7152b343841ef255346d955667462df6
[INFO] running `Command { std: "docker" "create" "-v" "/var/lib/crater-agent-workspace/builds/worker-5/target:/opt/rustwide/target:rw,Z" "-v" "/var/lib/crater-agent-workspace/builds/worker-5/source:/opt/rustwide/workdir:ro,Z" "-v" "/var/lib/crater-agent-workspace/cargo-home:/opt/rustwide/cargo-home:ro,Z" "-v" "/var/lib/crater-agent-workspace/rustup-home:/opt/rustwide/rustup-home:ro,Z" "-e" "SOURCE_DIR=/opt/rustwide/workdir" "-e" "CARGO_TARGET_DIR=/opt/rustwide/target" "-e" "CARGO_INCREMENTAL=0" "-e" "RUST_BACKTRACE=full" "-e" "RUSTDOCFLAGS=--cap-lints=warn" "-e" "CARGO_HOME=/opt/rustwide/cargo-home" "-e" "RUSTUP_HOME=/opt/rustwide/rustup-home" "-w" "/opt/rustwide/workdir" "-m" "1610612736" "--user" "0:0" "--network" "none" "ghcr.io/rust-lang/crates-build-env/linux@sha256:34b6a614d2c27851fe6cbf88fbd1137609cefab8b10d0615aaeb6fd47975d74e" "/opt/rustwide/cargo-home/bin/cargo" "+1.54.0" "doc" "--frozen" "--no-deps" "--document-private-items" "--message-format=json", kill_on_drop: false }`
[INFO] [stdout] f4dcf651b2958f85e7db47d075b4bf9ee47414b1c6ba0bf575ff0decc7a7fced
[INFO] [stderr] WARNING: Your kernel does not support swap limit capabilities or the cgroup is not mounted. Memory limited without swap.
[INFO] running `Command { std: "docker" "start" "-a" "f4dcf651b2958f85e7db47d075b4bf9ee47414b1c6ba0bf575ff0decc7a7fced", kill_on_drop: false }`
[INFO] [stderr]     Checking glam v0.13.0
[INFO] [stderr]    Compiling libc v0.2.90
[INFO] [stderr]     Checking khronos-egl v3.0.2
[INFO] [stderr]     Checking nom v6.1.2
[INFO] [stderr]     Checking parking_lot v0.11.1
[INFO] [stderr]     Checking wayland-commons v0.28.5
[INFO] [stderr]     Checking mio v0.6.23
[INFO] [stderr]     Checking crossbeam-queue v0.3.1
[INFO] [stderr]    Compiling tracing-attributes v0.1.15
[INFO] [stderr]     Checking calloop v0.6.5
[INFO] [stderr]     Checking naga v0.3.2
[INFO] [stderr]     Checking rayon-core v1.9.0
[INFO] [stderr]     Checking futures-util v0.3.13
[INFO] [stderr]     Checking crossbeam v0.8.0
[INFO] [stderr]     Checking mio-extras v2.0.6
[INFO] [stderr]     Checking wayland-client v0.28.5
[INFO] [stderr]     Checking rayon v1.5.0
[INFO] [stderr]     Checking xcursor v0.3.3
[INFO] [stderr]    Compiling jobserver v0.1.21
[INFO] [stderr]     Checking gfx-hal v0.7.0
[INFO] [stderr]    Compiling cc v1.0.67
[INFO] [stderr]     Checking wayland-protocols v0.28.5
[INFO] [stderr]     Checking wayland-cursor v0.28.5
[INFO] [stderr]     Checking tracing v0.1.25
[INFO] [stderr]    Compiling cmake v0.1.45
[INFO] [stderr]     Checking futures-executor v0.3.13
[INFO] [stderr]     Checking jpeg-decoder v0.1.22
[INFO] [stderr]     Checking gpu-descriptor v0.1.1
[INFO] [stderr]     Checking gpu-alloc v0.3.0
[INFO] [stderr]     Checking futures v0.3.13
[INFO] [stderr]    Compiling spirv_cross v0.23.1
[INFO] [stderr]    Compiling imgui-sys v0.7.0
[INFO] [stderr]    Compiling shaderc-sys v0.7.2
[INFO] [stderr]     Checking tiff v0.6.1
[INFO] [stderr]     Checking image v0.23.14
[INFO] [stderr]     Checking gfx-backend-empty v0.7.0
[INFO] [stderr]     Checking gfx-backend-vulkan v0.7.0
[INFO] [stderr] error: could not compile `wayland-protocols`
[INFO] [stderr] 
[INFO] [stderr] Caused by:
[INFO] [stderr]   process didn't exit successfully: `rustc --crate-name wayland_protocols --edition=2018 /opt/rustwide/cargo-home/registry/src/github.com-1ecc6299db9ec823/wayland-protocols-0.28.5/src/lib.rs --error-format=json --json=diagnostic-rendered-ansi --crate-type lib --emit=dep-info,metadata -C embed-bitcode=no -C debuginfo=2 --cfg 'feature="client"' --cfg 'feature="unstable_protocols"' --cfg 'feature="wayland-client"' -C metadata=398b55e065b6bb36 -C extra-filename=-398b55e065b6bb36 --out-dir /opt/rustwide/target/debug/deps -L dependency=/opt/rustwide/target/debug/deps --extern bitflags=/opt/rustwide/target/debug/deps/libbitflags-c759f8d07719039e.rmeta --extern wayland_client=/opt/rustwide/target/debug/deps/libwayland_client-c0ed66b4d6015661.rmeta --extern wayland_commons=/opt/rustwide/target/debug/deps/libwayland_commons-ab580270c3570c0f.rmeta --cap-lints allow` (signal: 9, SIGKILL: kill)
[INFO] [stderr] warning: build failed, waiting for other jobs to finish...
[INFO] [stderr] The following warnings were emitted during compilation:
[INFO] [stderr] 
[INFO] [stderr] warning: src/wrapper.cpp:2: warning: ignoring #pragma warning  [-Wunknown-pragmas]
[INFO] [stderr] warning:     2 | #pragma warning(disable : 4996 4101)
[INFO] [stderr] warning:       | 
[INFO] [stderr] warning: c++: fatal error: Killed signal terminated program cc1plus
[INFO] [stderr] warning: compilation terminated.
[INFO] [stderr] warning: c++: fatal error: Killed signal terminated program cc1plus
[INFO] [stderr] warning: compilation terminated.
[INFO] [stderr] warning: c++: fatal error: Killed signal terminated program cc1plus
[INFO] [stderr] warning: compilation terminated.
[INFO] [stderr] warning: c++: fatal error: Killed signal terminated program cc1plus
[INFO] [stderr] warning: compilation terminated.
[INFO] [stderr] 
[INFO] [stderr] The following warnings were emitted during compilation:
[INFO] [stderr] 
[INFO] [stderr] warning: c++: fatal error: Killed signal terminated program cc1plus
[INFO] [stderr] warning: compilation terminated.
[INFO] [stderr] 
[INFO] [stderr] The following warnings were emitted during compilation:
[INFO] [stderr] 
[INFO] [stderr] warning: shaderc: searching for native shaderc libraries on system;  use '--features build-from-source' to force building from source code
[INFO] [stderr] warning: shaderc: cannot find native shaderc library on system; falling back to build from source
[INFO] [stderr] 
[INFO] [stderr] error: build failed
[INFO] running `Command { std: "docker" "inspect" "f4dcf651b2958f85e7db47d075b4bf9ee47414b1c6ba0bf575ff0decc7a7fced", kill_on_drop: false }`
[INFO] running `Command { std: "docker" "rm" "-f" "f4dcf651b2958f85e7db47d075b4bf9ee47414b1c6ba0bf575ff0decc7a7fced", kill_on_drop: false }`
[INFO] [stdout] f4dcf651b2958f85e7db47d075b4bf9ee47414b1c6ba0bf575ff0decc7a7fced
